000
CDUS41 KBUF 251011
CLIROC


CLIMATE REPORT
NATIONAL WEATHER SERVICE BUFFALO NY
610 AM EDT TUE AUG 25 2015


...................................

...THE ROCHESTER NY CLIMATE SUMMARY FOR AUGUST 24 2015...

CLIMATE NORMAL PERIOD 1981 TO 2010
CLIMATE RECORD PERIOD 1871 TO 2015


WEATHER ITEM   OBSERVED TIME   RECORD YEAR NORMAL DEPARTURE LAST
                VALUE   (LST)  VALUE       VALUE  FROM      YEAR
                                                  NORMAL
..................................................................
TEMPERATURE (F)
 YESTERDAY
  MAXIMUM         77    358 PM  94    1947  78     -1       80
  MINIMUM         62    408 AM  42    1971  59      3       60
  AVERAGE         70                        68      2       70

PRECIPITATION (IN)
  YESTERDAY        T             2.38 1898   0.11  -0.11     0.00
  MONTH TO DATE    4.66                      2.74   1.92     2.12
  SINCE JUN 1     14.42                      9.41   5.01    11.88
  SINCE JAN 1     26.12                     21.87   4.25    24.88

SNOWFALL (IN)
  YESTERDAY        0.0           0.0    MM   0.0    0.0      0.0
  MONTH TO DATE    0.0                       0.0    0.0      0.0
  SINCE JUN 1      0.0                       0.0    0.0      0.0
  SINCE JUL 1      0.0                       0.0    0.0      0.0
  SNOW DEPTH       0

DEGREE DAYS
 HEATING
  YESTERDAY        0                         1     -1        0
  MONTH TO DATE    1                        14    -13       14
  SINCE JUN 1     69                        94    -25       50
  SINCE JUL 1     12                        26    -14       21

 COOLING
  YESTERDAY        5                         4      1        5
  MONTH TO DATE  136                       129      7       90
  SINCE JUN 1    430                       428      2      390
  SINCE JAN 1    533                       458     75      429
..................................................................


WIND (MPH)
  HIGHEST WIND SPEED    22   HIGHEST WIND DIRECTION     W (250)
  HIGHEST GUST SPEED    28   HIGHEST GUST DIRECTION     W (260)
  AVERAGE WIND SPEED     8.5


SKY COVER
  AVERAGE SKY COVER 0.5


WEATHER CONDITIONS
 THE FOLLOWING WEATHER WAS RECORDED YESTERDAY.
  NO SIGNIFICANT WEATHER WAS OBSERVED.


RELATIVE HUMIDITY (PERCENT)
 HIGHEST    87           600 AM
 LOWEST     38           400 PM
 AVERAGE    63

..........................................................


THE ROCHESTER NY CLIMATE NORMALS FOR TODAY
                         NORMAL    RECORD    YEAR
 MAXIMUM TEMPERATURE (F)   78        96      1948
 MINIMUM TEMPERATURE (F)   58        43      1960
                                             1942
                                             1884


SUNRISE AND SUNSET
AUGUST 25 2015........SUNRISE   627 AM EDT   SUNSET   758 PM EDT
AUGUST 26 2015........SUNRISE   628 AM EDT   SUNSET   756 PM EDT


-  INDICATES NEGATIVE NUMBERS.
R  INDICATES RECORD WAS SET OR TIED.
MM INDICATES DATA IS MISSING.
T  INDICATES TRACE AMOUNT.




$$
