642
CDUS41 KBUF 010705
CLIROC


CLIMATE REPORT
NATIONAL WEATHER SERVICE BUFFALO NY
305 AM EDT SUN MAY 1 2016


...................................

...THE ROCHESTER NY CLIMATE SUMMARY FOR APRIL 30 2016...

CLIMATE NORMAL PERIOD 1981 TO 2010
CLIMATE RECORD PERIOD 1871 TO 2016


WEATHER ITEM   OBSERVED TIME   RECORD YEAR NORMAL DEPARTURE LAST
                VALUE   (LST)  VALUE       VALUE  FROM      YEAR
                                                  NORMAL
..................................................................
TEMPERATURE (F)
 YESTERDAY
  MAXIMUM         60    213 PM  93    1970  62     -2       65
  MINIMUM         40    518 AM  29    1876  41     -1       43
  AVERAGE         50                        52     -2       54

PRECIPITATION (IN)
  YESTERDAY        0.00          0.89 1943   0.09  -0.09     0.00
  MONTH TO DATE    1.56                      2.73  -1.17     2.70
  SINCE MAR 1      3.38                      5.23  -1.85     4.04
  SINCE JAN 1      8.68                      9.59  -0.91     8.29

SNOWFALL (IN)
  YESTERDAY        0.0           4.0  1908   0.0    0.0      0.0
  MONTH TO DATE    8.8                       3.9    4.9      0.5
  SINCE MAR 1     12.0                      20.2   -8.2     13.3
  SINCE JUL 1     63.7                      99.1  -35.4    101.9
  SNOW DEPTH       0

DEGREE DAYS
 HEATING
  YESTERDAY       15                        13      2       11
  MONTH TO DATE  674                       565    109      514
  SINCE MAR 1   1436                      1517    -81     1592
  SINCE JUL 1   5353                      6303   -950     6686

 COOLING
  YESTERDAY        0                         0      0        0
  MONTH TO DATE    0                         4     -4        0
  SINCE MAR 1      0                         4     -4        0
  SINCE JAN 1      0                         4     -4        0
..................................................................


WIND (MPH)
  HIGHEST WIND SPEED    17   HIGHEST WIND DIRECTION     N (20)
  HIGHEST GUST SPEED    21   HIGHEST GUST DIRECTION    NE (30)
  AVERAGE WIND SPEED     7.3


SKY COVER
  AVERAGE SKY COVER 0.7


WEATHER CONDITIONS
 THE FOLLOWING WEATHER WAS RECORDED YESTERDAY.
  NO SIGNIFICANT WEATHER WAS OBSERVED.


RELATIVE HUMIDITY (PERCENT)
 HIGHEST    82           600 AM
 LOWEST     28           300 PM
 AVERAGE    55

..........................................................


THE ROCHESTER NY CLIMATE NORMALS FOR TODAY
                         NORMAL    RECORD    YEAR
 MAXIMUM TEMPERATURE (F)   63        90      1970
 MINIMUM TEMPERATURE (F)   42        26      1978


SUNRISE AND SUNSET
MAY  1 2016...........SUNRISE   604 AM EDT   SUNSET   813 PM EDT
MAY  2 2016...........SUNRISE   602 AM EDT   SUNSET   814 PM EDT


-  INDICATES NEGATIVE NUMBERS.
R  INDICATES RECORD WAS SET OR TIED.
MM INDICATES DATA IS MISSING.
T  INDICATES TRACE AMOUNT.




$$
