000
CDUS41 KBUF 080705
CLIROC


CLIMATE REPORT
NATIONAL WEATHER SERVICE BUFFALO NY
205 AM EST FRI DEC 8 2017


...................................

...THE ROCHESTER NY CLIMATE SUMMARY FOR DECEMBER 7 2017...

CLIMATE NORMAL PERIOD 1981 TO 2010
CLIMATE RECORD PERIOD 1871 TO 2017


WEATHER ITEM   OBSERVED TIME   RECORD YEAR NORMAL DEPARTURE LAST
                VALUE   (LST)  VALUE       VALUE  FROM      YEAR
                                                  NORMAL
..................................................................
TEMPERATURE (F)
 YESTERDAY
  MAXIMUM         34    209 PM  69    1998  39     -5       41
  MINIMUM         27   1158 PM   4    1926  26      1       32
                                      1906
  AVERAGE         31                        33     -2       37

PRECIPITATION (IN)
  YESTERDAY        T             1.13 1959   0.09  -0.09     0.03
  MONTH TO DATE    0.20                      0.64  -0.44     0.73
  SINCE DEC 1      0.20                      0.64  -0.44     0.73
  SINCE JAN 1     43.33                     32.28  11.05    28.54

SNOWFALL (IN)
  YESTERDAY       MM             7.9  1954   0.6   MM         T
  MONTH TO DATE    0.4                       4.0   -3.6      1.7
  SINCE DEC 1      0.4                       4.0   -3.6      1.7
  SINCE JUL 1      3.0                      11.4   -8.4     17.6
  SNOW DEPTH       0

DEGREE DAYS
 HEATING
  YESTERDAY       34                        32      2       28
  MONTH TO DATE  185                       219    -34      190
  SINCE DEC 1    185                       219    -34      190
  SINCE JUL 1   1276                      1587   -311     1168

 COOLING
  YESTERDAY        0                         0      0        0
  MONTH TO DATE    0                         0      0        0
  SINCE DEC 1      0                         0      0        0
  SINCE JAN 1    655                       539    116      978
..................................................................


WIND (MPH)
  HIGHEST WIND SPEED    21   HIGHEST WIND DIRECTION     W (270)
  HIGHEST GUST SPEED    26   HIGHEST GUST DIRECTION     W (280)
  AVERAGE WIND SPEED    11.8


SKY COVER
  AVERAGE SKY COVER 0.9


WEATHER CONDITIONS
 THE FOLLOWING WEATHER WAS RECORDED YESTERDAY.
  LIGHT SNOW
  FOG


RELATIVE HUMIDITY (PERCENT)
 HIGHEST    85          1000 AM
 LOWEST     53           900 PM
 AVERAGE    69

..........................................................


THE ROCHESTER NY CLIMATE NORMALS FOR TODAY
                         NORMAL    RECORD    YEAR
 MAXIMUM TEMPERATURE (F)   39        68      1966
 MINIMUM TEMPERATURE (F)   26         2      1906


SUNRISE AND SUNSET
DECEMBER  8 2017......SUNRISE   730 AM EST   SUNSET   435 PM EST
DECEMBER  9 2017......SUNRISE   731 AM EST   SUNSET   435 PM EST


-  INDICATES NEGATIVE NUMBERS.
R  INDICATES RECORD WAS SET OR TIED.
MM INDICATES DATA IS MISSING.
T  INDICATES TRACE AMOUNT.




$$
