000
CDUS41 KBUF 041024
CLIROC


CLIMATE REPORT
NATIONAL WEATHER SERVICE BUFFALO NY
523 AM EST SUN DEC 4 2016


...................................

...THE ROCHESTER NY CLIMATE SUMMARY FOR DECEMBER 3 2016...

CLIMATE NORMAL PERIOD 1981 TO 2010
CLIMATE RECORD PERIOD 1871 TO 2016


WEATHER ITEM   OBSERVED TIME   RECORD YEAR NORMAL DEPARTURE LAST
                VALUE   (LST)  VALUE       VALUE  FROM      YEAR
                                                  NORMAL
..................................................................
TEMPERATURE (F)
 YESTERDAY
  MAXIMUM         41   1222 PM  72    1982  41      0       43
  MINIMUM         36    944 AM  -3    1940  28      8       37
  AVERAGE         39                        34      5       40

PRECIPITATION (IN)
  YESTERDAY        0.04          0.86 1893   0.10  -0.06     0.06
  MONTH TO DATE    0.18                      0.28  -0.10     0.58
  SINCE DEC 1      0.18                      0.28  -0.10     0.58
  SINCE JAN 1     27.99                     31.92  -3.93    34.53

SNOWFALL (IN)
  YESTERDAY        0.0          10.5  1893   0.6   -0.6       T
  MONTH TO DATE    0.1                       1.6   -1.5       T
  SINCE DEC 1      0.1                       1.6   -1.5       T
  SINCE JUL 1     16.0                       9.0    7.0      1.2
  SNOW DEPTH       0

DEGREE DAYS
 HEATING
  YESTERDAY       26                        31     -5       25
  MONTH TO DATE   72                        92    -20       63
  SINCE DEC 1     72                        92    -20       63
  SINCE JUL 1   1050                      1460   -410     1103

 COOLING
  YESTERDAY        0                         0      0        0
  MONTH TO DATE    0                         0      0        0
  SINCE DEC 1      0                         0      0        0
  SINCE JAN 1    978                       539    439      698
..................................................................


WIND (MPH)
  HIGHEST WIND SPEED    20   HIGHEST WIND DIRECTION    NW (320)
  HIGHEST GUST SPEED    27   HIGHEST GUST DIRECTION    NW (310)
  AVERAGE WIND SPEED     9.3


SKY COVER
  AVERAGE SKY COVER 1.0


WEATHER CONDITIONS
 THE FOLLOWING WEATHER WAS RECORDED YESTERDAY.
  LIGHT RAIN
  FOG


RELATIVE HUMIDITY (PERCENT)
 HIGHEST    92          1100 AM
 LOWEST     64           500 PM
 AVERAGE    78

..........................................................


THE ROCHESTER NY CLIMATE NORMALS FOR TODAY
                         NORMAL    RECORD    YEAR
 MAXIMUM TEMPERATURE (F)   40        70      2012
 MINIMUM TEMPERATURE (F)   27        -3      1940


SUNRISE AND SUNSET
DECEMBER  4 2016......SUNRISE   726 AM EST   SUNSET   436 PM EST
DECEMBER  5 2016......SUNRISE   727 AM EST   SUNSET   436 PM EST


-  INDICATES NEGATIVE NUMBERS.
R  INDICATES RECORD WAS SET OR TIED.
MM INDICATES DATA IS MISSING.
T  INDICATES TRACE AMOUNT.




$$
