000
CDUS41 KBUF 031012
CLIROC


CLIMATE REPORT
NATIONAL WEATHER SERVICE BUFFALO NY
611 AM EDT FRI JUL 3 2015


...................................

...THE ROCHESTER NY CLIMATE SUMMARY FOR JULY 2 2015...

CLIMATE NORMAL PERIOD 1981 TO 2010
CLIMATE RECORD PERIOD 1871 TO 2015


WEATHER ITEM   OBSERVED TIME   RECORD YEAR NORMAL DEPARTURE LAST
                VALUE   (LST)  VALUE       VALUE  FROM      YEAR
                                                  NORMAL
..................................................................
TEMPERATURE (F)
 YESTERDAY
  MAXIMUM         71    455 PM  99    1931  80     -9       88
  MINIMUM         54   1159 PM  45    2001  60     -6       69
  AVERAGE         63                        70     -7       79

PRECIPITATION (IN)
  YESTERDAY        0.00          1.12 1904   0.10  -0.10     0.02
  MONTH TO DATE    0.22                      0.21   0.01     0.03
  SINCE JUN 1      6.42                      3.55   2.87     2.09
  SINCE JAN 1     18.12                     16.01   2.11    15.09

SNOWFALL (IN)
  YESTERDAY        0.0           0.0    MM   0.0    0.0      0.0
  MONTH TO DATE    0.0                       0.0    0.0      0.0
  SINCE JUN 1      0.0                       0.0    0.0      0.0
  SINCE JUL 1      0.0                       0.0    0.0      0.0
  SNOW DEPTH       0

DEGREE DAYS
 HEATING
  YESTERDAY        2                         1      1        0
  MONTH TO DATE    2                         2      0        0
  SINCE JUN 1     59                        70    -11       29
  SINCE JUL 1      2                         2      0        0

 COOLING
  YESTERDAY        0                         6     -6       14
  MONTH TO DATE    3                        12     -9       31
  SINCE JUN 1     97                       118    -21      181
  SINCE JAN 1    200                       148     52      220
..................................................................


WIND (MPH)
  HIGHEST WIND SPEED    13   HIGHEST WIND DIRECTION     N (360)
  HIGHEST GUST SPEED    17   HIGHEST GUST DIRECTION     N (10)
  AVERAGE WIND SPEED     5.4


SKY COVER
  AVERAGE SKY COVER 0.6


WEATHER CONDITIONS
 THE FOLLOWING WEATHER WAS RECORDED YESTERDAY.
  FOG


RELATIVE HUMIDITY (PERCENT)
 HIGHEST    93          1200 AM
 LOWEST     35           500 PM
 AVERAGE    64

..........................................................


THE ROCHESTER NY CLIMATE NORMALS FOR TODAY
                         NORMAL    RECORD    YEAR
 MAXIMUM TEMPERATURE (F)   81       100      1911
 MINIMUM TEMPERATURE (F)   60        48      1995
                                             1977
                                             1971


SUNRISE AND SUNSET
JULY  3 2015..........SUNRISE   536 AM EDT   SUNSET   854 PM EDT
JULY  4 2015..........SUNRISE   536 AM EDT   SUNSET   853 PM EDT


-  INDICATES NEGATIVE NUMBERS.
R  INDICATES RECORD WAS SET OR TIED.
MM INDICATES DATA IS MISSING.
T  INDICATES TRACE AMOUNT.

$$
