000
CDUS41 KBUF 182126
CLIROC


CLIMATE REPORT
NATIONAL WEATHER SERVICE BUFFALO NY
424 PM EST SAT FEB 18 2017


...................................

...THE ROCHESTER NY CLIMATE SUMMARY FOR FEBRUARY 18 2017...
VALID TODAY AS OF 0400 PM LOCAL TIME.

CLIMATE NORMAL PERIOD 1981 TO 2010
CLIMATE RECORD PERIOD 1871 TO 2017


WEATHER ITEM   OBSERVED TIME   RECORD YEAR NORMAL DEPARTURE LAST
                VALUE   (LST)  VALUE       VALUE  FROM      YEAR
                                                  NORMAL
..................................................................
TEMPERATURE (F)
 TODAY
  MAXIMUM         63R   242 PM  62    1981  35     28       23
  MINIMUM         30   1204 AM -19    1979  19     11        4
  AVERAGE         47                        27     20       14

PRECIPITATION (IN)
  TODAY            0.00          0.91 1879   0.07  -0.07      T
  MONTH TO DATE    1.60                      1.20   0.40     2.56
  SINCE DEC 1      7.26                      6.24   1.02     6.81
  SINCE JAN 1      4.35                      3.61   0.74     4.08

SNOWFALL (IN)
  TODAY            0.0           9.1  1879   0.8   -0.8      0.1
  MONTH TO DATE   14.4                      13.9    0.5     26.2
  SINCE DEC 1     55.5                      63.9   -8.4     48.7
  SINCE JUL 1     71.4                      71.3    0.1     49.9
  SNOW DEPTH       0

DEGREE DAYS
 HEATING
  TODAY           18                        38    -20       51
  MONTH TO DATE  624                       711    -87      676
  SINCE DEC 1   2695                      3047   -352     2534
  SINCE JUL 1   3673                      4415   -742     3574

 COOLING
  TODAY            0                         0      0        0
  MONTH TO DATE    0                         0      0        0
  SINCE DEC 1      0                         0      0        0
  SINCE JAN 1      0                         0      0        0
..................................................................


WIND (MPH)
  HIGHEST WIND SPEED    32   HIGHEST WIND DIRECTION     W (270)
  HIGHEST GUST SPEED    44   HIGHEST GUST DIRECTION     W (280)
  AVERAGE WIND SPEED    13.7


SKY COVER
  AVERAGE SKY COVER 0.5


WEATHER CONDITIONS
 THE FOLLOWING WEATHER WAS RECORDED TODAY.
  NO SIGNIFICANT WEATHER WAS OBSERVED.


RELATIVE HUMIDITY (PERCENT)
 HIGHEST    70           700 AM
 LOWEST     39           200 PM
 AVERAGE    55

..........................................................


THE ROCHESTER NY CLIMATE NORMALS FOR TOMORROW
                         NORMAL    RECORD    YEAR
 MAXIMUM TEMPERATURE (F)   35        61      1994
 MINIMUM TEMPERATURE (F)   19        -7      1944


SUNRISE AND SUNSET
FEBRUARY 18 2017......SUNRISE   704 AM EST   SUNSET   546 PM EST
FEBRUARY 19 2017......SUNRISE   702 AM EST   SUNSET   547 PM EST


-  INDICATES NEGATIVE NUMBERS.
R  INDICATES RECORD WAS SET OR TIED.
MM INDICATES DATA IS MISSING.
T  INDICATES TRACE AMOUNT.




$$
