496
CDUS41 KBUF 141026
CLIROC


CLIMATE REPORT
NATIONAL WEATHER SERVICE BUFFALO NY
525 AM EST SUN FEB 14 2016


...................................

...THE ROCHESTER NY CLIMATE SUMMARY FOR FEBRUARY 13 2016...

CLIMATE NORMAL PERIOD 1981 TO 2010
CLIMATE RECORD PERIOD 1871 TO 2016


WEATHER ITEM   OBSERVED TIME   RECORD YEAR NORMAL DEPARTURE LAST
                VALUE   (LST)  VALUE       VALUE  FROM      YEAR
                                                  NORMAL
..................................................................
TEMPERATURE (F)
 YESTERDAY
  MAXIMUM         19   1202 AM  64    1984  34    -15       10
  MINIMUM         -4   1051 AM -12    1979  18    -22       -2
  AVERAGE          8                        26    -18        4

PRECIPITATION (IN)
  YESTERDAY        0.03          1.73 1971   0.06  -0.03     0.02
  MONTH TO DATE    1.03                      0.86   0.17     1.66
  SINCE DEC 1      5.28                      5.90  -0.62     5.71
  SINCE JAN 1      2.55                      3.27  -0.72     3.40

SNOWFALL (IN)
  YESTERDAY        1.7           9.8  1971   0.8    0.9      0.4
  MONTH TO DATE    6.9                      10.1   -3.2     28.9
  SINCE DEC 1     29.4                      60.1  -30.7     63.2
  SINCE JUL 1     30.6                      67.5  -36.9     72.3
  SNOW DEPTH       2

DEGREE DAYS
 HEATING
  YESTERDAY       57                        39     18       61
  MONTH TO DATE  434                       518    -84      622
  SINCE DEC 1   2292                      2854   -562     2964
  SINCE JUL 1   3332                      4222   -890     4244

 COOLING
  YESTERDAY        0                         0      0        0
  MONTH TO DATE    0                         0      0        0
  SINCE DEC 1      0                         0      0        0
  SINCE JAN 1      0                         0      0        0
..................................................................


WIND (MPH)
  HIGHEST WIND SPEED    28   HIGHEST WIND DIRECTION    NW (300)
  HIGHEST GUST SPEED    36   HIGHEST GUST DIRECTION    NW (300)
  AVERAGE WIND SPEED    16.7


SKY COVER
  AVERAGE SKY COVER 0.8


WEATHER CONDITIONS
 THE FOLLOWING WEATHER WAS RECORDED YESTERDAY.
  LIGHT SNOW
  HAZE
  BLOWING SNOW


RELATIVE HUMIDITY (PERCENT)
 HIGHEST    79           600 AM
 LOWEST     57           400 PM
 AVERAGE    68

..........................................................


THE ROCHESTER NY CLIMATE NORMALS FOR TODAY
                         NORMAL    RECORD    YEAR
 MAXIMUM TEMPERATURE (F)   34        56      1984
 MINIMUM TEMPERATURE (F)   18       -14      1979


SUNRISE AND SUNSET
FEBRUARY 14 2016......SUNRISE   710 AM EST   SUNSET   540 PM EST
FEBRUARY 15 2016......SUNRISE   709 AM EST   SUNSET   541 PM EST


-  INDICATES NEGATIVE NUMBERS.
R  INDICATES RECORD WAS SET OR TIED.
MM INDICATES DATA IS MISSING.
T  INDICATES TRACE AMOUNT.




$$
