000
CDUS41 KBUF 062137
CLIROC


CLIMATE REPORT
NATIONAL WEATHER SERVICE BUFFALO NY
435 PM EST FRI MAR 6 2015


...................................

...THE ROCHESTER NY CLIMATE SUMMARY FOR MARCH 6 2015...
VALID TODAY AS OF 0400 PM LOCAL TIME.

CLIMATE NORMAL PERIOD 1981 TO 2010
CLIMATE RECORD PERIOD 1871 TO 2015


WEATHER ITEM   OBSERVED TIME   RECORD YEAR NORMAL DEPARTURE LAST
                VALUE   (LST)  VALUE       VALUE  FROM      YEAR
                                                  NORMAL
..................................................................
TEMPERATURE (F)
 TODAY
  MAXIMUM         23    428 PM  70    1894  39    -16       26
  MINIMUM          0    602 AM  -9    2014  23    -23       -9
  AVERAGE         12                        31    -19        9

PRECIPITATION (IN)
  TODAY            T             0.89 1932   0.08  -0.08     0.00
  MONTH TO DATE    0.47                      0.46   0.01     0.12
  SINCE MAR 1      0.47                      0.46   0.01     0.12
  SINCE JAN 1      4.72                      4.82  -0.10     3.74

SNOWFALL (IN)
  TODAY            T            18.4  1999   0.7   -0.7      0.0
  MONTH TO DATE    6.5                       4.2    2.3      3.2
  SINCE MAR 1      6.5                       4.2    2.3      3.2
  SINCE JUL 1     95.1                      83.1   12.0     86.3
  SNOW DEPTH      15
SNOWFALL THROUGH 0100 PM

DEGREE DAYS
 HEATING
  TODAY           53                        34     19       56
  MONTH TO DATE  270                       210     60      314
  SINCE MAR 1    270                       210     60      314
  SINCE JUL 1   5364                      4996    368     5399

 COOLING
  TODAY            0                         0      0        0
  MONTH TO DATE    0                         0      0        0
  SINCE MAR 1      0                         0      0        0
  SINCE JAN 1      0                         0      0        0
..................................................................


WIND (MPH)
  HIGHEST WIND SPEED    17   HIGHEST WIND DIRECTION    SW (230)
  HIGHEST GUST SPEED    22   HIGHEST GUST DIRECTION    SW (230)
  AVERAGE WIND SPEED     9.7


SKY COVER
  AVERAGE SKY COVER 0.4


WEATHER CONDITIONS
 THE FOLLOWING WEATHER WAS RECORDED TODAY.
  LIGHT SNOW


RELATIVE HUMIDITY (PERCENT)
 HIGHEST    79           500 AM
 LOWEST     38           300 PM
 AVERAGE    59

..........................................................


THE ROCHESTER NY CLIMATE NORMALS FOR TOMORROW
                         NORMAL    RECORD    YEAR
 MAXIMUM TEMPERATURE (F)   39        68      2012
 MINIMUM TEMPERATURE (F)   23         1      1960


SUNRISE AND SUNSET
MARCH  6 2015.........SUNRISE   639 AM EST   SUNSET   606 PM EST
MARCH  7 2015.........SUNRISE   637 AM EST   SUNSET   607 PM EST


-  INDICATES NEGATIVE NUMBERS.
R  INDICATES RECORD WAS SET OR TIED.
MM INDICATES DATA IS MISSING.
T  INDICATES TRACE AMOUNT.

$$
