000
CDUS41 KBUF 181030
CLIROC


CLIMATE REPORT
NATIONAL WEATHER SERVICE BUFFALO NY
628 AM EDT MON AUG 18 2014


...................................

...THE ROCHESTER NY CLIMATE SUMMARY FOR AUGUST 17 2014...

CLIMATE NORMAL PERIOD 1981 TO 2010
CLIMATE RECORD PERIOD 1871 TO 2014


WEATHER ITEM   OBSERVED TIME   RECORD YEAR NORMAL DEPARTURE LAST
                VALUE   (LST)  VALUE       VALUE  FROM      YEAR
                                                  NORMAL
..................................................................
TEMPERATURE (F)
 YESTERDAY
  MAXIMUM         71    552 PM  94    1913  79     -8       81
  MINIMUM         60   1040 PM  46    1979  60      0       55
  AVERAGE         66                        69     -3       68

PRECIPITATION (IN)
  YESTERDAY        0.00          1.81 1895   0.11  -0.11     0.00
  MONTH TO DATE    2.12                      2.00   0.12     1.96
  SINCE JUN 1     11.88                      8.67   3.21    12.64
  SINCE JAN 1     24.88                     21.13   3.75    24.47

SNOWFALL (IN)
  YESTERDAY        0.0           0.0    MM   0.0    0.0      0.0
  MONTH TO DATE    0.0                       0.0    0.0      0.0
  SINCE JUN 1      0.0                       0.0    0.0      0.0
  SINCE JUL 1      0.0                       0.0    0.0      0.0
  SNOW DEPTH       0

DEGREE DAYS
 HEATING
  YESTERDAY        0                         1     -1        0
  MONTH TO DATE   12                         7      5        9
  SINCE JUN 1     48                        87    -39       75
  SINCE JUL 1     19                        19      0       17

 COOLING
  YESTERDAY        1                         5     -4        3
  MONTH TO DATE   58                        96    -38       51
  SINCE JUN 1    358                       395    -37      419
  SINCE JAN 1    397                       425    -28      490
..................................................................


WIND (MPH)
  HIGHEST WIND SPEED    16   HIGHEST WIND DIRECTION     N (350)
  HIGHEST GUST SPEED    22   HIGHEST GUST DIRECTION    NW (320)
  AVERAGE WIND SPEED     6.4


SKY COVER
  AVERAGE SKY COVER 0.5


WEATHER CONDITIONS
 THE FOLLOWING WEATHER WAS RECORDED YESTERDAY.
  HAZE


RELATIVE HUMIDITY (PERCENT)
 HIGHEST    97           200 AM
 LOWEST     57           400 PM
 AVERAGE    77

..........................................................


THE ROCHESTER NY CLIMATE NORMALS FOR TODAY
                         NORMAL    RECORD    YEAR
 MAXIMUM TEMPERATURE (F)   79        93      1947
 MINIMUM TEMPERATURE (F)   60        46      1958
                                             1941


SUNRISE AND SUNSET
AUGUST 18 2014........SUNRISE   620 AM EDT   SUNSET   809 PM EDT
AUGUST 19 2014........SUNRISE   621 AM EDT   SUNSET   807 PM EDT


-  INDICATES NEGATIVE NUMBERS.
R  INDICATES RECORD WAS SET OR TIED.
MM INDICATES DATA IS MISSING.
T  INDICATES TRACE AMOUNT.




$$
