000
CDUS41 KBUF 141027
CLIROC


CLIMATE REPORT
NATIONAL WEATHER SERVICE BUFFALO NY
622 AM EDT FRI JUL 14 2017


...................................

...THE ROCHESTER NY CLIMATE SUMMARY FOR JULY 13 2017...

CLIMATE NORMAL PERIOD 1981 TO 2010
CLIMATE RECORD PERIOD 1871 TO 2017


WEATHER ITEM   OBSERVED TIME   RECORD YEAR NORMAL DEPARTURE LAST
                VALUE   (LST)  VALUE       VALUE  FROM      YEAR
                                                  NORMAL
..................................................................
TEMPERATURE (F)
 YESTERDAY
  MAXIMUM         74   1213 AM  98    1952  81     -7       94
  MINIMUM         63   1136 AM  49    1955  61      2       71
                                      1888
  AVERAGE         69                        71     -2       83

PRECIPITATION (IN)
  YESTERDAY        0.39          2.25 1971   0.11   0.28     0.00
  MONTH TO DATE    2.23                      1.37   0.86     0.82
  SINCE JUN 1      5.77                      4.71   1.06     1.73
  SINCE JAN 1     25.75                     17.17   8.58    13.34

SNOWFALL (IN)
  YESTERDAY        0.0           0.0    MM   0.0    0.0      0.0
  MONTH TO DATE    0.0                       0.0    0.0      0.0
  SINCE JUN 1      0.0                       0.0    0.0      0.0
  SINCE JUL 1      0.0                       0.0    0.0      0.0
  SNOW DEPTH       0

DEGREE DAYS
 HEATING
  YESTERDAY        0                         0      0        0
  MONTH TO DATE    0                         6     -6        0
  SINCE JUN 1     45                        74    -29       47
  SINCE JUL 1      0                         6     -6        0

 COOLING
  YESTERDAY        4                         6     -2       18
  MONTH TO DATE   80                        78      2      125
  SINCE JUN 1    213                       184     29      254
  SINCE JAN 1    255                       214     41      316
..................................................................


WIND (MPH)
  HIGHEST WIND SPEED    13   HIGHEST WIND DIRECTION     N (20)
  HIGHEST GUST SPEED    14   HIGHEST GUST DIRECTION    NE (40)
  AVERAGE WIND SPEED     7.5


SKY COVER
  AVERAGE SKY COVER 0.9


WEATHER CONDITIONS
 THE FOLLOWING WEATHER WAS RECORDED YESTERDAY.
  THUNDERSTORM
  HEAVY RAIN
  RAIN
  LIGHT RAIN
  FOG


RELATIVE HUMIDITY (PERCENT)
 HIGHEST   100           500 AM
 LOWEST     81           500 PM
 AVERAGE    91

..........................................................


THE ROCHESTER NY CLIMATE NORMALS FOR TODAY
                         NORMAL    RECORD    YEAR
 MAXIMUM TEMPERATURE (F)   81        97      1952
 MINIMUM TEMPERATURE (F)   61        48      2009
                                             1926
                                             1888


SUNRISE AND SUNSET
JULY 14 2017..........SUNRISE   544 AM EDT   SUNSET   849 PM EDT
JULY 15 2017..........SUNRISE   545 AM EDT   SUNSET   848 PM EDT


-  INDICATES NEGATIVE NUMBERS.
R  INDICATES RECORD WAS SET OR TIED.
MM INDICATES DATA IS MISSING.
T  INDICATES TRACE AMOUNT.




$$
