000
CDUS41 KBUF 120705
CLIROC


CLIMATE REPORT
NATIONAL WEATHER SERVICE BUFFALO NY
305 AM EDT SAT APR 12 2014


...................................

...THE ROCHESTER NY CLIMATE SUMMARY FOR APRIL 11 2014...

CLIMATE NORMAL PERIOD 1981 TO 2010
CLIMATE RECORD PERIOD 1871 TO 2014


WEATHER ITEM   OBSERVED TIME   RECORD YEAR NORMAL DEPARTURE LAST
                VALUE   (LST)  VALUE       VALUE  FROM      YEAR
                                                  NORMAL
..................................................................
TEMPERATURE (F)
 YESTERDAY
  MAXIMUM         58    345 PM  85    1945  54      4       41
  MINIMUM         39   1106 PM  14    1970  35      4       33
  AVERAGE         49                        45      4       37

PRECIPITATION (IN)
  YESTERDAY        0.02          0.80 1922   0.10  -0.08     0.30
  MONTH TO DATE    1.40                      1.05   0.35     1.59
  SINCE MAR 1      3.76                      3.55   0.21     2.44
  SINCE JAN 1      7.38                      7.91  -0.53     6.75

SNOWFALL (IN)
  YESTERDAY       MM             9.0  1894   0.2   MM        0.0
  MONTH TO DATE    0.1                       2.3   -2.2      2.3
  SINCE MAR 1     29.4                      18.6   10.8     14.2
  SINCE JUL 1    112.5                      97.5   15.0     78.1
  SNOW DEPTH       0

DEGREE DAYS
 HEATING
  YESTERDAY       16                        21     -5       28
  MONTH TO DATE  253                       249      4      264
  SINCE MAR 1   1401                      1201    200     1235
  SINCE JUL 1   6486                      5987    499     5543

 COOLING
  YESTERDAY        0                         0      0        0
  MONTH TO DATE    0                         0      0        0
  SINCE MAR 1      0                         0      0        0
  SINCE JAN 1      0                         0      0        0
..................................................................


WIND (MPH)
  HIGHEST WIND SPEED    13   HIGHEST WIND DIRECTION    NE (40)
  HIGHEST GUST SPEED    15   HIGHEST GUST DIRECTION     N (20)
  AVERAGE WIND SPEED     4.9


SKY COVER
  AVERAGE SKY COVER 0.6


WEATHER CONDITIONS
 THE FOLLOWING WEATHER WAS RECORDED YESTERDAY.
  LIGHT RAIN
  FOG


RELATIVE HUMIDITY (PERCENT)
 HIGHEST    96          1200 AM
 LOWEST     30           400 PM
 AVERAGE    63

..........................................................


THE ROCHESTER NY CLIMATE NORMALS FOR TODAY
                         NORMAL    RECORD    YEAR
 MAXIMUM TEMPERATURE (F)   55        85      1945
 MINIMUM TEMPERATURE (F)   36        20      1882
                                             1880
                                             1874


SUNRISE AND SUNSET
APRIL 12 2014.........SUNRISE   634 AM EDT   SUNSET   750 PM EDT
APRIL 13 2014.........SUNRISE   632 AM EDT   SUNSET   751 PM EDT


-  INDICATES NEGATIVE NUMBERS.
R  INDICATES RECORD WAS SET OR TIED.
MM INDICATES DATA IS MISSING.
T  INDICATES TRACE AMOUNT.




$$
