000
CDUS41 KBUF 200939
CLIROC


CLIMATE REPORT
NATIONAL WEATHER SERVICE BUFFALO NY
437 AM EST THU NOV 20 2014


...................................

...THE ROCHESTER NY CLIMATE SUMMARY FOR NOVEMBER 19 2014...

CLIMATE NORMAL PERIOD 1981 TO 2010
CLIMATE RECORD PERIOD 1871 TO 2014


WEATHER ITEM   OBSERVED TIME   RECORD YEAR NORMAL DEPARTURE LAST
                VALUE   (LST)  VALUE       VALUE  FROM      YEAR
                                                  NORMAL
..................................................................
TEMPERATURE (F)
 YESTERDAY
  MAXIMUM         32   1158 PM  73    1941  47    -15       38
                                      1921
  MINIMUM         15    700 AM  11    1894  32    -17       25
  AVERAGE         24                        39    -15       32

PRECIPITATION (IN)
  YESTERDAY        0.03          1.37 1889   0.10  -0.07     0.01
  MONTH TO DATE    1.85                      1.84   0.01     1.67
  SINCE SEP 1      5.07                      7.94  -2.87     7.40
  SINCE JAN 1     30.10                     30.54  -0.44    32.61

SNOWFALL (IN)
  YESTERDAY        0.6           5.0  1955   0.2    0.4       T
  MONTH TO DATE    4.3                       3.2    1.1      1.8
  SINCE SEP 1      4.3                       3.3    1.0      1.8
  SINCE JUL 1      4.3                       3.3    1.0      1.8
  SNOW DEPTH       1

DEGREE DAYS
 HEATING
  YESTERDAY       41                        26     15       33
  MONTH TO DATE  476                       428     48      410
  SINCE SEP 1    948                      1027    -79      947
  SINCE JUL 1    973                      1061    -88      965

 COOLING
  YESTERDAY        0                         0      0        0
  MONTH TO DATE    0                         0      0        0
  SINCE SEP 1     78                        55     23       69
  SINCE JAN 1    542                       539      3      660
..................................................................


WIND (MPH)
  HIGHEST WIND SPEED    24   HIGHEST WIND DIRECTION    SW (240)
  HIGHEST GUST SPEED    31   HIGHEST GUST DIRECTION    SW (240)
  AVERAGE WIND SPEED    13.0


SKY COVER
  AVERAGE SKY COVER 0.5


WEATHER CONDITIONS
 THE FOLLOWING WEATHER WAS RECORDED YESTERDAY.
  SNOW
  LIGHT SNOW
  FOG
  HAZE


RELATIVE HUMIDITY (PERCENT)
 HIGHEST    88           600 PM
 LOWEST     50           100 PM
 AVERAGE    69

..........................................................


THE ROCHESTER NY CLIMATE NORMALS FOR TODAY
                         NORMAL    RECORD    YEAR
 MAXIMUM TEMPERATURE (F)   46        72      1991
 MINIMUM TEMPERATURE (F)   32        14      1879


SUNRISE AND SUNSET
NOVEMBER 20 2014......SUNRISE   710 AM EST   SUNSET   443 PM EST
NOVEMBER 21 2014......SUNRISE   711 AM EST   SUNSET   442 PM EST


-  INDICATES NEGATIVE NUMBERS.
R  INDICATES RECORD WAS SET OR TIED.
MM INDICATES DATA IS MISSING.
T  INDICATES TRACE AMOUNT.




$$
