000
CDUS41 KBUF 170705
CLIROC


CLIMATE REPORT
NATIONAL WEATHER SERVICE BUFFALO NY
205 AM EST WED JAN 17 2018


...................................

...THE ROCHESTER NY CLIMATE SUMMARY FOR JANUARY 16 2018...

CLIMATE NORMAL PERIOD 1981 TO 2010
CLIMATE RECORD PERIOD 1871 TO 2018


WEATHER ITEM   OBSERVED TIME   RECORD YEAR NORMAL DEPARTURE LAST
                VALUE   (LST)  VALUE       VALUE  FROM      YEAR
                                                  NORMAL
..................................................................
TEMPERATURE (F)
 YESTERDAY
  MAXIMUM         30    230 PM  56    1953  31     -1       42
  MINIMUM         19   1159 PM -17    1994  17      2       18
  AVERAGE         25                        24      1       30

PRECIPITATION (IN)
  YESTERDAY        0.07          0.76 1890   0.08  -0.01     0.00
  MONTH TO DATE    2.30                      1.29   1.01     1.05
  SINCE DEC 1      4.54                      3.92   0.62     3.96
  SINCE JAN 1      2.30                      1.29   1.01     1.05

SNOWFALL (IN)
  YESTERDAY       MM             9.0  1959   1.0   MM        0.0
  MONTH TO DATE   24.3                      14.6    9.7      4.4
  SINCE DEC 1     59.0                      36.4   22.6     33.7
  SINCE JUL 1     61.6                      43.8   17.8     49.6
  SNOW DEPTH       8

DEGREE DAYS
 HEATING
  YESTERDAY       40                        41     -1       35
  MONTH TO DATE  718                       639     79      594
  SINCE DEC 1   1920                      1724    196     1629
  SINCE JUL 1   3011                      3092    -81     2607

 COOLING
  YESTERDAY        0                         0      0        0
  MONTH TO DATE    0                         0      0        0
  SINCE DEC 1      0                         0      0        0
  SINCE JAN 1      0                         0      0        0
..................................................................


WIND (MPH)
  HIGHEST WIND SPEED    16   HIGHEST WIND DIRECTION     W (280)
  HIGHEST GUST SPEED    20   HIGHEST GUST DIRECTION    NW (300)
  AVERAGE WIND SPEED     7.5


SKY COVER
  AVERAGE SKY COVER 0.9


WEATHER CONDITIONS
 THE FOLLOWING WEATHER WAS RECORDED YESTERDAY.
  LIGHT SNOW
  FOG


RELATIVE HUMIDITY (PERCENT)
 HIGHEST    92          1200 AM
 LOWEST     50           200 PM
 AVERAGE    71

..........................................................


THE ROCHESTER NY CLIMATE NORMALS FOR TODAY
                         NORMAL    RECORD    YEAR
 MAXIMUM TEMPERATURE (F)   31        56      1990
                                             1913
 MINIMUM TEMPERATURE (F)   17       -10      1982


SUNRISE AND SUNSET
JANUARY 17 2018.......SUNRISE   738 AM EST   SUNSET   504 PM EST
JANUARY 18 2018.......SUNRISE   738 AM EST   SUNSET   505 PM EST


-  INDICATES NEGATIVE NUMBERS.
R  INDICATES RECORD WAS SET OR TIED.
MM INDICATES DATA IS MISSING.
T  INDICATES TRACE AMOUNT.




$$
