000
CDUS41 KBUF 131011
CLIROC


CLIMATE REPORT
NATIONAL WEATHER SERVICE BUFFALO NY
510 AM EST SAT DEC 13 2014


...................................

...THE ROCHESTER NY CLIMATE SUMMARY FOR DECEMBER 12 2014...

CLIMATE NORMAL PERIOD 1981 TO 2010
CLIMATE RECORD PERIOD 1871 TO 2014


WEATHER ITEM   OBSERVED TIME   RECORD YEAR NORMAL DEPARTURE LAST
                VALUE   (LST)  VALUE       VALUE  FROM      YEAR
                                                  NORMAL
..................................................................
TEMPERATURE (F)
 YESTERDAY
  MAXIMUM         33    556 PM  62    1899  37     -4       21
  MINIMUM         25    929 PM  -8    1988  25      0        9
  AVERAGE         29                        31     -2       15

PRECIPITATION (IN)
  YESTERDAY        T             1.36 1944   0.09  -0.09     0.08
  MONTH TO DATE    1.45                      1.10   0.35     0.52
  SINCE DEC 1      1.45                      1.10   0.35     0.52
  SINCE JAN 1     32.11                     32.74  -0.63    34.27

SNOWFALL (IN)
  YESTERDAY        T            16.2  1944   0.6   -0.6      1.1
  MONTH TO DATE   11.4                       7.2    4.2      5.8
  SINCE DEC 1     11.4                       7.2    4.2      5.8
  SINCE JUL 1     20.5                      14.6    5.9     19.3
  SNOW DEPTH       8

DEGREE DAYS
 HEATING
  YESTERDAY       36                        34      2       50
  MONTH TO DATE  383                       386     -3      397
  SINCE DEC 1    383                       386     -3      397
  SINCE JUL 1   1663                      1754    -91     1769

 COOLING
  YESTERDAY        0                         0      0        0
  MONTH TO DATE    0                         0      0        0
  SINCE DEC 1      0                         0      0        0
  SINCE JAN 1    542                       539      3      660
..................................................................


WIND (MPH)
  HIGHEST WIND SPEED    20   HIGHEST WIND DIRECTION    NW (300)
  HIGHEST GUST SPEED    26   HIGHEST GUST DIRECTION    NW (300)
  AVERAGE WIND SPEED     9.2


SKY COVER
  AVERAGE SKY COVER 0.9


WEATHER CONDITIONS
 THE FOLLOWING WEATHER WAS RECORDED YESTERDAY.
  LIGHT SNOW
  FOG


RELATIVE HUMIDITY (PERCENT)
 HIGHEST    85           200 PM
 LOWEST     69          1100 AM
 AVERAGE    77

..........................................................


THE ROCHESTER NY CLIMATE NORMALS FOR TODAY
                         NORMAL    RECORD    YEAR
 MAXIMUM TEMPERATURE (F)   37        62      1923
 MINIMUM TEMPERATURE (F)   24         1      1976


SUNRISE AND SUNSET
DECEMBER 13 2014......SUNRISE   734 AM EST   SUNSET   436 PM EST
DECEMBER 14 2014......SUNRISE   735 AM EST   SUNSET   436 PM EST


-  INDICATES NEGATIVE NUMBERS.
R  INDICATES RECORD WAS SET OR TIED.
MM INDICATES DATA IS MISSING.
T  INDICATES TRACE AMOUNT.

$$
