000
CDUS41 KBUF 100705
CLIROC


CLIMATE REPORT
NATIONAL WEATHER SERVICE BUFFALO NY
205 AM EST FRI NOV 10 2017


...................................

...THE ROCHESTER NY CLIMATE SUMMARY FOR NOVEMBER 9 2017...

CLIMATE NORMAL PERIOD 1981 TO 2010
CLIMATE RECORD PERIOD 1871 TO 2017


WEATHER ITEM   OBSERVED TIME   RECORD YEAR NORMAL DEPARTURE LAST
                VALUE   (LST)  VALUE       VALUE  FROM      YEAR
                                                  NORMAL
..................................................................
TEMPERATURE (F)
 YESTERDAY
  MAXIMUM         50    334 PM  74    1999  51     -1       54
                                      1931
  MINIMUM         31    550 AM  17    1991  35     -4       41
  AVERAGE         41                        43     -2       48

PRECIPITATION (IN)
  YESTERDAY        0.15          1.38 1895   0.09   0.06     0.06
  MONTH TO DATE    2.85                      0.86   1.99     1.03
  SINCE SEP 1     10.84                      6.96   3.88     8.59
  SINCE JAN 1     41.85                     29.56  12.29    26.24

SNOWFALL (IN)
  YESTERDAY       MM             6.0  1892   0.1   MM        0.0
  MONTH TO DATE    0.0                       1.1   -1.1      0.0
  SINCE SEP 1      0.0                       1.2   -1.2      0.9
  SINCE JUL 1      0.0                       1.2   -1.2      0.9
  SNOW DEPTH       0

DEGREE DAYS
 HEATING
  YESTERDAY       24                        22      2       17
  MONTH TO DATE  174                       187    -13      130
  SINCE SEP 1    509                       786   -277      523
  SINCE JUL 1    536                       820   -284      523

 COOLING
  YESTERDAY        0                         0      0        0
  MONTH TO DATE    0                         0      0        0
  SINCE SEP 1    139                        55     84      127
  SINCE JAN 1    655                       539    116      978
..................................................................


WIND (MPH)
  HIGHEST WIND SPEED    31   HIGHEST WIND DIRECTION    NW (300)
  HIGHEST GUST SPEED    41   HIGHEST GUST DIRECTION    NW (300)
  AVERAGE WIND SPEED    11.4


SKY COVER
  AVERAGE SKY COVER 0.6


WEATHER CONDITIONS
 THE FOLLOWING WEATHER WAS RECORDED YESTERDAY.
  RAIN
  LIGHT RAIN
  SNOW
  LIGHT SNOW
  FOG


RELATIVE HUMIDITY (PERCENT)
 HIGHEST    96           800 PM
 LOWEST     50           300 PM
 AVERAGE    73

..........................................................


THE ROCHESTER NY CLIMATE NORMALS FOR TODAY
                         NORMAL    RECORD    YEAR
 MAXIMUM TEMPERATURE (F)   50        72      1975
                                             1949
                                             1939
 MINIMUM TEMPERATURE (F)   35        15      1991


SUNRISE AND SUNSET
NOVEMBER 10 2017......SUNRISE   657 AM EST   SUNSET   451 PM EST
NOVEMBER 11 2017......SUNRISE   659 AM EST   SUNSET   450 PM EST


-  INDICATES NEGATIVE NUMBERS.
R  INDICATES RECORD WAS SET OR TIED.
MM INDICATES DATA IS MISSING.
T  INDICATES TRACE AMOUNT.




$$
