028
CDUS41 KBUF 260705
CLIROC


CLIMATE REPORT
NATIONAL WEATHER SERVICE BUFFALO NY
305 AM EDT MON SEP 26 2016


...................................

...THE ROCHESTER NY CLIMATE SUMMARY FOR SEPTEMBER 25 2016...

CLIMATE NORMAL PERIOD 1981 TO 2010
CLIMATE RECORD PERIOD 1871 TO 2016


WEATHER ITEM   OBSERVED TIME   RECORD YEAR NORMAL DEPARTURE LAST
                VALUE   (LST)  VALUE       VALUE  FROM      YEAR
                                                  NORMAL
..................................................................
TEMPERATURE (F)
 YESTERDAY
  MAXIMUM         64    332 PM  92    2007  68     -4       72
  MINIMUM         42    636 AM  35    1949  49     -7       53
                                      1879
  AVERAGE         53                        58     -5       63

PRECIPITATION (IN)
  YESTERDAY        0.00          1.45 1991   0.12  -0.12     0.00
  MONTH TO DATE    1.94                      2.84  -0.90     2.66
  SINCE SEP 1      1.94                      2.84  -0.90     2.66
  SINCE JAN 1     19.59                     25.44  -5.85    28.79

SNOWFALL (IN)
  YESTERDAY        0.0           0.0    MM   0.0    0.0      0.0
  MONTH TO DATE    0.0                       0.0    0.0      0.0
  SINCE SEP 1      0.0                       0.0    0.0      0.0
  SINCE JUL 1      0.0                       0.0    0.0      0.0
  SNOW DEPTH       0

DEGREE DAYS
 HEATING
  YESTERDAY       12                         8      4        2
  MONTH TO DATE   32                       105    -73       36
  SINCE SEP 1     32                       105    -73       36
  SINCE JUL 1     32                       139   -107       55

 COOLING
  YESTERDAY        0                         1     -1        0
  MONTH TO DATE  112                        47     65      137
  SINCE SEP 1    112                        47     65      137
  SINCE JAN 1    963                       531    432      691
..................................................................


WIND (MPH)
  HIGHEST WIND SPEED    12   HIGHEST WIND DIRECTION    NE (50)
  HIGHEST GUST SPEED    22   HIGHEST GUST DIRECTION    NE (50)
  AVERAGE WIND SPEED     5.1


SKY COVER
  AVERAGE SKY COVER 0.3


WEATHER CONDITIONS
 THE FOLLOWING WEATHER WAS RECORDED YESTERDAY.
  NO SIGNIFICANT WEATHER WAS OBSERVED.


RELATIVE HUMIDITY (PERCENT)
 HIGHEST    96           500 AM
 LOWEST     42           500 PM
 AVERAGE    69

..........................................................


THE ROCHESTER NY CLIMATE NORMALS FOR TODAY
                         NORMAL    RECORD    YEAR
 MAXIMUM TEMPERATURE (F)   68        89      1900
 MINIMUM TEMPERATURE (F)   48        34      1943
                                             1887
                                             1879


SUNRISE AND SUNSET
SEPTEMBER 26 2016.....SUNRISE   703 AM EDT   SUNSET   700 PM EDT
SEPTEMBER 27 2016.....SUNRISE   704 AM EDT   SUNSET   658 PM EDT


-  INDICATES NEGATIVE NUMBERS.
R  INDICATES RECORD WAS SET OR TIED.
MM INDICATES DATA IS MISSING.
T  INDICATES TRACE AMOUNT.




$$
