000
CDUS41 KBUF 201021
CLIROC


CLIMATE REPORT
NATIONAL WEATHER SERVICE BUFFALO NY
620 AM EDT THU JUL 20 2017


...................................

...THE ROCHESTER NY CLIMATE SUMMARY FOR JULY 19 2017...

CLIMATE NORMAL PERIOD 1981 TO 2010
CLIMATE RECORD PERIOD 1871 TO 2017


WEATHER ITEM   OBSERVED TIME   RECORD YEAR NORMAL DEPARTURE LAST
                VALUE   (LST)  VALUE       VALUE  FROM      YEAR
                                                  NORMAL
..................................................................
TEMPERATURE (F)
 YESTERDAY
  MAXIMUM         87    438 PM  95    1978  81      6       80
  MINIMUM         61    512 AM  50    1956  61      0       57
  AVERAGE         74                        71      3       69

PRECIPITATION (IN)
  YESTERDAY        0.00          1.30 1951   0.11  -0.11     0.00
  MONTH TO DATE    3.08                      1.99   1.09     0.92
  SINCE JUN 1      6.62                      5.33   1.29     1.83
  SINCE JAN 1     26.60                     17.79   8.81    13.44

SNOWFALL (IN)
  YESTERDAY        0.0           0.0    MM   0.0    0.0      0.0
  MONTH TO DATE    0.0                       0.0    0.0      0.0
  SINCE JUN 1      0.0                       0.0    0.0      0.0
  SINCE JUL 1      0.0                       0.0    0.0      0.0
  SNOW DEPTH       0

DEGREE DAYS
 HEATING
  YESTERDAY        0                         0      0        0
  MONTH TO DATE    0                         6     -6        0
  SINCE JUN 1     45                        74    -29       47
  SINCE JUL 1      0                         6     -6        0

 COOLING
  YESTERDAY        9                         6      3        4
  MONTH TO DATE  128                       114     14      178
  SINCE JUN 1    261                       220     41      307
  SINCE JAN 1    303                       250     53      369
..................................................................


WIND (MPH)
  HIGHEST WIND SPEED    16   HIGHEST WIND DIRECTION     W (260)
  HIGHEST GUST SPEED    21   HIGHEST GUST DIRECTION     W (290)
  AVERAGE WIND SPEED     8.1


SKY COVER
  AVERAGE SKY COVER 0.4


WEATHER CONDITIONS
 THE FOLLOWING WEATHER WAS RECORDED YESTERDAY.
  NO SIGNIFICANT WEATHER WAS OBSERVED.


RELATIVE HUMIDITY (PERCENT)
 HIGHEST    97           500 AM
 LOWEST     51           400 PM
 AVERAGE    74

..........................................................


THE ROCHESTER NY CLIMATE NORMALS FOR TODAY
                         NORMAL    RECORD    YEAR
 MAXIMUM TEMPERATURE (F)   81        99      1894
 MINIMUM TEMPERATURE (F)   61        46      1965


SUNRISE AND SUNSET
JULY 20 2017..........SUNRISE   549 AM EDT   SUNSET   844 PM EDT
JULY 21 2017..........SUNRISE   550 AM EDT   SUNSET   843 PM EDT


-  INDICATES NEGATIVE NUMBERS.
R  INDICATES RECORD WAS SET OR TIED.
MM INDICATES DATA IS MISSING.
T  INDICATES TRACE AMOUNT.




$$
