987
CDUS41 KBUF 201016
CLIROC


CLIMATE REPORT
NATIONAL WEATHER SERVICE BUFFALO NY
616 AM EDT THU APR 20 2017


...................................

...THE ROCHESTER NY CLIMATE SUMMARY FOR APRIL 19 2017...

CLIMATE NORMAL PERIOD 1981 TO 2010
CLIMATE RECORD PERIOD 1871 TO 2017


WEATHER ITEM   OBSERVED TIME   RECORD YEAR NORMAL DEPARTURE LAST
                VALUE   (LST)  VALUE       VALUE  FROM      YEAR
                                                  NORMAL
..................................................................
TEMPERATURE (F)
 YESTERDAY
  MAXIMUM         60   1252 PM  86    2008  58      2       62
  MINIMUM         45    210 AM  20    1904  38      7       44
  AVERAGE         53                        48      5       53

PRECIPITATION (IN)
  YESTERDAY        0.25          1.91 1943   0.09   0.16      T
  MONTH TO DATE    2.97                      1.79   1.18     0.87
  SINCE MAR 1      7.63                      4.29   3.34     2.69
  SINCE JAN 1     12.71                      8.65   4.06     7.99

SNOWFALL (IN)
  YESTERDAY        0.0           3.5  1983   0.0    0.0      0.0
  MONTH TO DATE    2.5                       3.3   -0.8      8.8
  SINCE MAR 1     35.5                      19.6   15.9     12.0
  SINCE JUL 1    107.1                      98.5    8.6     63.7
  SNOW DEPTH       0

DEGREE DAYS
 HEATING
  YESTERDAY       12                        17     -5       12
  MONTH TO DATE  290                       398   -108      476
  SINCE MAR 1   1278                      1350    -72     1238
  SINCE JUL 1   5146                      6136   -990     5155

 COOLING
  YESTERDAY        0                         0      0        0
  MONTH TO DATE    7                         0      7        0
  SINCE MAR 1      7                         0      7        0
  SINCE JAN 1      7                         0      7        0
..................................................................


WIND (MPH)
  HIGHEST WIND SPEED    29   HIGHEST WIND DIRECTION    SW (210)
  HIGHEST GUST SPEED    38   HIGHEST GUST DIRECTION    SW (210)
  AVERAGE WIND SPEED    10.0


SKY COVER
  AVERAGE SKY COVER 0.9


WEATHER CONDITIONS
 THE FOLLOWING WEATHER WAS RECORDED YESTERDAY.
  RAIN
  LIGHT RAIN
  FOG


RELATIVE HUMIDITY (PERCENT)
 HIGHEST    93          1000 PM
 LOWEST     53           800 AM
 AVERAGE    73

..........................................................


THE ROCHESTER NY CLIMATE NORMALS FOR TODAY
                         NORMAL    RECORD    YEAR
 MAXIMUM TEMPERATURE (F)   58        86      1941
 MINIMUM TEMPERATURE (F)   38        20      1904
                                             1897


SUNRISE AND SUNSET
APRIL 20 2017.........SUNRISE   620 AM EDT   SUNSET   800 PM EDT
APRIL 21 2017.........SUNRISE   619 AM EDT   SUNSET   801 PM EDT


-  INDICATES NEGATIVE NUMBERS.
R  INDICATES RECORD WAS SET OR TIED.
MM INDICATES DATA IS MISSING.
T  INDICATES TRACE AMOUNT.




$$
