000
CDUS41 KBUF 171009
CLIROC


CLIMATE REPORT
NATIONAL WEATHER SERVICE BUFFALO NY
609 AM EDT WED AUG 17 2016


...................................

...THE ROCHESTER NY CLIMATE SUMMARY FOR AUGUST 16 2016...

CLIMATE NORMAL PERIOD 1981 TO 2010
CLIMATE RECORD PERIOD 1871 TO 2016


WEATHER ITEM   OBSERVED TIME   RECORD YEAR NORMAL DEPARTURE LAST
                VALUE   (LST)  VALUE       VALUE  FROM      YEAR
                                                  NORMAL
..................................................................
TEMPERATURE (F)
 YESTERDAY
  MAXIMUM         89    220 PM  94    1913  79     10       87
  MINIMUM         69   1159 PM  47    1979  60      9       65
                                      1945
                                      1885
  AVERAGE         79                        70      9       76

PRECIPITATION (IN)
  YESTERDAY        1.12          2.65 1879   0.12   1.00     0.00
  MONTH TO DATE    1.81                      1.89  -0.08     2.71
  SINCE JUN 1      3.94                      8.56  -4.62    12.47
  SINCE JAN 1     15.55                     21.02  -5.47    24.17

SNOWFALL (IN)
  YESTERDAY        0.0           0.0    MM   0.0    0.0      0.0
  MONTH TO DATE    0.0                       0.0    0.0      0.0
  SINCE JUN 1      0.0                       0.0    0.0      0.0
  SINCE JUL 1      0.0                       0.0    0.0      0.0
  SNOW DEPTH       0

DEGREE DAYS
 HEATING
  YESTERDAY        0                         1     -1        0
  MONTH TO DATE    0                         6     -6        1
  SINCE JUN 1     47                        86    -39       69
  SINCE JUL 1      0                        18    -18       12

 COOLING
  YESTERDAY       14                         5      9       11
  MONTH TO DATE  211                        91    120       76
  SINCE JUN 1    653                       390    263      370
  SINCE JAN 1    715                       420    295      473
..................................................................


WIND (MPH)
  HIGHEST WIND SPEED    29   HIGHEST WIND DIRECTION     W (270)
  HIGHEST GUST SPEED    41   HIGHEST GUST DIRECTION     W (270)
  AVERAGE WIND SPEED    10.4


SKY COVER
  AVERAGE SKY COVER 0.9


WEATHER CONDITIONS
 THE FOLLOWING WEATHER WAS RECORDED YESTERDAY.
  THUNDERSTORM
  HEAVY RAIN
  RAIN
  LIGHT RAIN
  FOG
  HAZE


RELATIVE HUMIDITY (PERCENT)
 HIGHEST   100           900 AM
 LOWEST     59           200 PM
 AVERAGE    80

..........................................................


THE ROCHESTER NY CLIMATE NORMALS FOR TODAY
                         NORMAL    RECORD    YEAR
 MAXIMUM TEMPERATURE (F)   79        94      1913
 MINIMUM TEMPERATURE (F)   60        46      1979


SUNRISE AND SUNSET
AUGUST 17 2016........SUNRISE   619 AM EDT   SUNSET   809 PM EDT
AUGUST 18 2016........SUNRISE   620 AM EDT   SUNSET   808 PM EDT


-  INDICATES NEGATIVE NUMBERS.
R  INDICATES RECORD WAS SET OR TIED.
MM INDICATES DATA IS MISSING.
T  INDICATES TRACE AMOUNT.




$$
