000
CDUS41 KBUF 241014
CLIROC


CLIMATE REPORT
NATIONAL WEATHER SERVICE BUFFALO NY
614 AM EDT WED MAY 24 2017


...................................

...THE ROCHESTER NY CLIMATE SUMMARY FOR MAY 23 2017...

CLIMATE NORMAL PERIOD 1981 TO 2010
CLIMATE RECORD PERIOD 1871 TO 2017


WEATHER ITEM   OBSERVED TIME   RECORD YEAR NORMAL DEPARTURE LAST
                VALUE   (LST)  VALUE       VALUE  FROM      YEAR
                                                  NORMAL
..................................................................
TEMPERATURE (F)
 YESTERDAY
  MAXIMUM         76    416 PM  90    1930  70      6       78
                                      1893
  MINIMUM         48    512 AM  31    1967  49     -1       49
  AVERAGE         62                        59      3       64

PRECIPITATION (IN)
  YESTERDAY        0.00          1.49 1931   0.10  -0.10     0.00
  MONTH TO DATE    3.51                      2.12   1.39     1.38
  SINCE MAR 1     13.12                      7.35   5.77     4.76
  SINCE JAN 1     18.20                     11.71   6.49    10.06

SNOWFALL (IN)
  YESTERDAY        0.0           0.0    MM   0.0    0.0      0.0
  MONTH TO DATE    0.0                       0.4   -0.4       T
  SINCE MAR 1     35.5                      20.6   14.9     12.0
  SINCE JUL 1    107.1                      99.5    7.6     63.7
  SNOW DEPTH       0

DEGREE DAYS
 HEATING
  YESTERDAY        3                         7     -4        1
  MONTH TO DATE  252                       228     24      255
  SINCE MAR 1   1651                      1745    -94     1691
  SINCE JUL 1   5519                      6531  -1012     5608

 COOLING
  YESTERDAY        0                         1     -1        0
  MONTH TO DATE   16                        14      2        0
  SINCE MAR 1     30                        18     12        0
  SINCE JAN 1     30                        18     12        0
..................................................................


WIND (MPH)
  HIGHEST WIND SPEED    15   HIGHEST WIND DIRECTION    NE (40)
  HIGHEST GUST SPEED    18   HIGHEST GUST DIRECTION    SW (230)
  AVERAGE WIND SPEED     7.1


SKY COVER
  AVERAGE SKY COVER 0.6


WEATHER CONDITIONS
 THE FOLLOWING WEATHER WAS RECORDED YESTERDAY.
  HAZE


RELATIVE HUMIDITY (PERCENT)
 HIGHEST    80           200 AM
 LOWEST     38           400 PM
 AVERAGE    59

..........................................................


THE ROCHESTER NY CLIMATE NORMALS FOR TODAY
                         NORMAL    RECORD    YEAR
 MAXIMUM TEMPERATURE (F)   70        91      2007
 MINIMUM TEMPERATURE (F)   49        31      1956


SUNRISE AND SUNSET
MAY 24 2017...........SUNRISE   539 AM EDT   SUNSET   837 PM EDT
MAY 25 2017...........SUNRISE   538 AM EDT   SUNSET   838 PM EDT


-  INDICATES NEGATIVE NUMBERS.
R  INDICATES RECORD WAS SET OR TIED.
MM INDICATES DATA IS MISSING.
T  INDICATES TRACE AMOUNT.




$$
