000
CDUS41 KBUF 241000
CLIROC


CLIMATE REPORT
NATIONAL WEATHER SERVICE BUFFALO NY
458 AM EST WED DEC 24 2014


...................................

...THE ROCHESTER NY CLIMATE SUMMARY FOR DECEMBER 23 2014...

CLIMATE NORMAL PERIOD 1981 TO 2010
CLIMATE RECORD PERIOD 1871 TO 2014


WEATHER ITEM   OBSERVED TIME   RECORD YEAR NORMAL DEPARTURE LAST
                VALUE   (LST)  VALUE       VALUE  FROM      YEAR
                                                  NORMAL
..................................................................
TEMPERATURE (F)
 YESTERDAY
  MAXIMUM         51    632 PM  60    1957  34     17       42
  MINIMUM         35    613 AM  -4    1883  21     14       25
  AVERAGE         43                        28     15       34

PRECIPITATION (IN)
  YESTERDAY        0.08          1.22 1907   0.08   0.00     0.03
  MONTH TO DATE    1.95                      1.98  -0.03     2.72
  SINCE DEC 1      1.95                      1.98  -0.03     2.72
  SINCE JAN 1     32.61                     33.62  -1.01    36.47

SNOWFALL (IN)
  YESTERDAY        0.0           8.0  1929   0.8   -0.8      0.5
  MONTH TO DATE   12.0                      15.3   -3.3     18.5
  SINCE DEC 1     12.0                      15.3   -3.3     18.5
  SINCE JUL 1     21.1                      22.7   -1.6     32.0
  SNOW DEPTH       0

DEGREE DAYS
 HEATING
  YESTERDAY       22                        37    -15       31
  MONTH TO DATE  715                       780    -65      811
  SINCE DEC 1    715                       780    -65      811
  SINCE JUL 1   1995                      2148   -153     2183

 COOLING
  YESTERDAY        0                         0      0        0
  MONTH TO DATE    0                         0      0        0
  SINCE DEC 1      0                         0      0        0
  SINCE JAN 1    542                       539      3      660
..................................................................


WIND (MPH)
  HIGHEST WIND SPEED    14   HIGHEST WIND DIRECTION     S (170)
  HIGHEST GUST SPEED    18   HIGHEST GUST DIRECTION     S (180)
  AVERAGE WIND SPEED     7.0


SKY COVER
  AVERAGE SKY COVER 0.9


WEATHER CONDITIONS
 THE FOLLOWING WEATHER WAS RECORDED YESTERDAY.
  RAIN
  LIGHT RAIN
  FOG


RELATIVE HUMIDITY (PERCENT)
 HIGHEST    92           100 AM
 LOWEST     74           900 PM
 AVERAGE    83

..........................................................


THE ROCHESTER NY CLIMATE NORMALS FOR TODAY
                         NORMAL    RECORD    YEAR
 MAXIMUM TEMPERATURE (F)   34        58      1982
 MINIMUM TEMPERATURE (F)   21        -7      1960


SUNRISE AND SUNSET
DECEMBER 24 2014......SUNRISE   740 AM EST   SUNSET   440 PM EST
DECEMBER 25 2014......SUNRISE   741 AM EST   SUNSET   441 PM EST


-  INDICATES NEGATIVE NUMBERS.
R  INDICATES RECORD WAS SET OR TIED.
MM INDICATES DATA IS MISSING.
T  INDICATES TRACE AMOUNT.




$$
