000
CDUS41 KBUF 110705
CLIROC


CLIMATE REPORT
NATIONAL WEATHER SERVICE BUFFALO NY
205 AM EST WED JAN 11 2017


...................................

...THE ROCHESTER NY CLIMATE SUMMARY FOR JANUARY 10 2017...

CLIMATE NORMAL PERIOD 1981 TO 2010
CLIMATE RECORD PERIOD 1871 TO 2017


WEATHER ITEM   OBSERVED TIME   RECORD YEAR NORMAL DEPARTURE LAST
                VALUE   (LST)  VALUE       VALUE  FROM      YEAR
                                                  NORMAL
..................................................................
TEMPERATURE (F)
 YESTERDAY
  MAXIMUM         39   1159 PM  56    1939  32      7       51
                                      1876
  MINIMUM         18   1207 AM -12    2004  18      0       25
  AVERAGE         29                        25      4       38

PRECIPITATION (IN)
  YESTERDAY        0.11          1.51 1878   0.09   0.02     0.48
  MONTH TO DATE    0.82                      0.82   0.00     0.68
  SINCE DEC 1      3.73                      3.45   0.28     3.41
  SINCE JAN 1      0.82                      0.82   0.00     0.68

SNOWFALL (IN)
  YESTERDAY       MM             7.8  1959   0.9   MM        0.1
  MONTH TO DATE    4.1                       8.9   -4.8      2.2
  SINCE DEC 1     33.4                      30.7    2.7      4.5
  SINCE JUL 1     49.3                      38.1   11.2      5.7
  SNOW DEPTH       1

DEGREE DAYS
 HEATING
  YESTERDAY       36                        40     -4       27
  MONTH TO DATE  405                       396      9      359
  SINCE DEC 1   1440                      1481    -41     1058
  SINCE JUL 1   2418                      2849   -431     2098

 COOLING
  YESTERDAY        0                         0      0        0
  MONTH TO DATE    0                         0      0        0
  SINCE DEC 1      0                         0      0        0
  SINCE JAN 1      0                         0      0        0
..................................................................


WIND (MPH)
  HIGHEST WIND SPEED    35   HIGHEST WIND DIRECTION     S (190)
  HIGHEST GUST SPEED    48   HIGHEST GUST DIRECTION     S (200)
  AVERAGE WIND SPEED    14.4


SKY COVER
  AVERAGE SKY COVER 1.0


WEATHER CONDITIONS
 THE FOLLOWING WEATHER WAS RECORDED YESTERDAY.
  LIGHT RAIN
  LT FREEZING RAIN
  SNOW
  LIGHT SNOW
  SLEET
  FOG


RELATIVE HUMIDITY (PERCENT)
 HIGHEST    81          1000 AM
 LOWEST     51          1200 AM
 AVERAGE    66

..........................................................


THE ROCHESTER NY CLIMATE NORMALS FOR TODAY
                         NORMAL    RECORD    YEAR
 MAXIMUM TEMPERATURE (F)   32        63      1975
 MINIMUM TEMPERATURE (F)   18       -14      1981


SUNRISE AND SUNSET
JANUARY 11 2017.......SUNRISE   741 AM EST   SUNSET   457 PM EST
JANUARY 12 2017.......SUNRISE   741 AM EST   SUNSET   458 PM EST


-  INDICATES NEGATIVE NUMBERS.
R  INDICATES RECORD WAS SET OR TIED.
MM INDICATES DATA IS MISSING.
T  INDICATES TRACE AMOUNT.




$$
