000
CDUS41 KBUF 241016
CLIROC


CLIMATE REPORT
NATIONAL WEATHER SERVICE BUFFALO NY
616 AM EDT FRI MAR 24 2017


...................................

...THE ROCHESTER NY CLIMATE SUMMARY FOR MARCH 23 2017...

CLIMATE NORMAL PERIOD 1981 TO 2010
CLIMATE RECORD PERIOD 1871 TO 2017


WEATHER ITEM   OBSERVED TIME   RECORD YEAR NORMAL DEPARTURE LAST
                VALUE   (LST)  VALUE       VALUE  FROM      YEAR
                                                  NORMAL
..................................................................
TEMPERATURE (F)
 YESTERDAY
  MAXIMUM         39    523 PM  79    1966  45     -6       50
  MINIMUM         15    609 AM  -1    1875  28    -13       33
  AVERAGE         27                        37    -10       42

PRECIPITATION (IN)
  YESTERDAY        0.00          1.17 1903   0.08  -0.08     0.29
  MONTH TO DATE    2.47                      1.82   0.65     1.29
  SINCE MAR 1      2.47                      1.82   0.65     1.29
  SINCE JAN 1      7.55                      6.18   1.37     6.59

SNOWFALL (IN)
  YESTERDAY        0.0           6.3  2011   0.4   -0.4      0.6
  MONTH TO DATE   32.9                      13.6   19.3      3.2
  SINCE MAR 1     32.9                      13.6   19.3      3.2
  SINCE JUL 1    104.5                      92.5   12.0     54.9
  SNOW DEPTH       2

DEGREE DAYS
 HEATING
  YESTERDAY       38                        28     10       23
  MONTH TO DATE  819                       741     78      597
  SINCE MAR 1    819                       741     78      597
  SINCE JUL 1   4687                      5527   -840     4514

 COOLING
  YESTERDAY        0                         0      0        0
  MONTH TO DATE    0                         0      0        0
  SINCE MAR 1      0                         0      0        0
  SINCE JAN 1      0                         0      0        0
..................................................................


WIND (MPH)
  HIGHEST WIND SPEED    14   HIGHEST WIND DIRECTION    SE (140)
  HIGHEST GUST SPEED    19   HIGHEST GUST DIRECTION    SE (140)
  AVERAGE WIND SPEED     5.3


SKY COVER
  AVERAGE SKY COVER 0.3


WEATHER CONDITIONS
 THE FOLLOWING WEATHER WAS RECORDED YESTERDAY.
  HAZE


RELATIVE HUMIDITY (PERCENT)
 HIGHEST    80           500 AM
 LOWEST     27           400 PM
 AVERAGE    54

..........................................................


THE ROCHESTER NY CLIMATE NORMALS FOR TODAY
                         NORMAL    RECORD    YEAR
 MAXIMUM TEMPERATURE (F)   46        81      1910
 MINIMUM TEMPERATURE (F)   28         2      1965


SUNRISE AND SUNSET
MARCH 24 2017.........SUNRISE   706 AM EDT   SUNSET   728 PM EDT
MARCH 25 2017.........SUNRISE   705 AM EDT   SUNSET   729 PM EDT


-  INDICATES NEGATIVE NUMBERS.
R  INDICATES RECORD WAS SET OR TIED.
MM INDICATES DATA IS MISSING.
T  INDICATES TRACE AMOUNT.




$$
