000
CDUS41 KBUF 260705
CLIROC


CLIMATE REPORT
NATIONAL WEATHER SERVICE BUFFALO NY
305 AM EDT TUE AUG 26 2014


...................................

...THE ROCHESTER NY CLIMATE SUMMARY FOR AUGUST 25 2014...

CLIMATE NORMAL PERIOD 1981 TO 2010
CLIMATE RECORD PERIOD 1871 TO 2014


WEATHER ITEM   OBSERVED TIME   RECORD YEAR NORMAL DEPARTURE LAST
                VALUE   (LST)  VALUE       VALUE  FROM      YEAR
                                                  NORMAL
..................................................................
TEMPERATURE (F)
 YESTERDAY
  MAXIMUM         83    314 PM  96    1948  78      5       84
  MINIMUM         59    604 AM  43    1960  58      1       53
                                      1942
                                      1884
  AVERAGE         71                        68      3       69

PRECIPITATION (IN)
  YESTERDAY        T             2.51 1998   0.10  -0.10     0.07
  MONTH TO DATE    2.12                      2.84  -0.72     2.03
  SINCE JUN 1     11.88                      9.51   2.37    12.71
  SINCE JAN 1     24.88                     21.97   2.91    24.54

SNOWFALL (IN)
  YESTERDAY        0.0           0.0    MM   0.0    0.0      0.0
  MONTH TO DATE    0.0                       0.0    0.0      0.0
  SINCE JUN 1      0.0                       0.0    0.0      0.0
  SINCE JUL 1      0.0                       0.0    0.0      0.0
  SNOW DEPTH       0

DEGREE DAYS
 HEATING
  YESTERDAY        0                         1     -1        0
  MONTH TO DATE   14                        15     -1       10
  SINCE JUN 1     50                        95    -45       76
  SINCE JUL 1     21                        27     -6       18

 COOLING
  YESTERDAY        6                         4      2        4
  MONTH TO DATE   96                       133    -37       93
  SINCE JUN 1    396                       432    -36      461
  SINCE JAN 1    435                       462    -27      532
..................................................................


WIND (MPH)
  HIGHEST WIND SPEED    12   HIGHEST WIND DIRECTION     S (160)
  HIGHEST GUST SPEED    14   HIGHEST GUST DIRECTION     S (160)
  AVERAGE WIND SPEED     3.9


SKY COVER
  AVERAGE SKY COVER 0.5


WEATHER CONDITIONS
 THE FOLLOWING WEATHER WAS RECORDED YESTERDAY.
  HAZE


RELATIVE HUMIDITY (PERCENT)
 HIGHEST    93           600 AM
 LOWEST     43           200 PM
 AVERAGE    68

..........................................................


THE ROCHESTER NY CLIMATE NORMALS FOR TODAY
                         NORMAL    RECORD    YEAR
 MAXIMUM TEMPERATURE (F)   78        99      1948
 MINIMUM TEMPERATURE (F)   58        44      1989
                                             1885


SUNRISE AND SUNSET
AUGUST 26 2014........SUNRISE   628 AM EDT   SUNSET   756 PM EDT
AUGUST 27 2014........SUNRISE   629 AM EDT   SUNSET   754 PM EDT


-  INDICATES NEGATIVE NUMBERS.
R  INDICATES RECORD WAS SET OR TIED.
MM INDICATES DATA IS MISSING.
T  INDICATES TRACE AMOUNT.




$$
