000
CDUS41 KBUF 231023
CLIROC


CLIMATE REPORT
NATIONAL WEATHER SERVICE BUFFALO NY
620 AM EDT SAT MAY 23 2015


...................................

...THE ROCHESTER NY CLIMATE SUMMARY FOR MAY 22 2015...

CLIMATE NORMAL PERIOD 1981 TO 2010
CLIMATE RECORD PERIOD 1871 TO 2015


WEATHER ITEM   OBSERVED TIME   RECORD YEAR NORMAL DEPARTURE LAST
                VALUE   (LST)  VALUE       VALUE  FROM      YEAR
                                                  NORMAL
..................................................................
TEMPERATURE (F)
 YESTERDAY
  MAXIMUM         61    120 PM  92    1911  70     -9       74
  MINIMUM         41   1159 PM  34    1990  48     -7       55
                                      1895
  AVERAGE         51                        59     -8       65

PRECIPITATION (IN)
  YESTERDAY        0.00          1.00 1882   0.10  -0.10     0.27
  MONTH TO DATE    0.98                      2.02  -1.04     3.02
  SINCE MAR 1      5.02                      7.25  -2.23     9.23
  SINCE JAN 1      9.27                     11.61  -2.34    12.85

SNOWFALL (IN)
  YESTERDAY        0.0           T    2006   0.0    0.0      0.0
  MONTH TO DATE    0.0                       0.4   -0.4       T
  SINCE MAR 1     13.3                      20.6   -7.3     29.6
  SINCE JUL 1    101.9                      99.5    2.4    112.7
  SNOW DEPTH       0

DEGREE DAYS
 HEATING
  YESTERDAY       14                         7      7        0
  MONTH TO DATE  103                       221   -118      159
  SINCE MAR 1   1695                      1738    -43     1869
  SINCE JUL 1   6789                      6524    265     6954

 COOLING
  YESTERDAY        0                         1     -1        0
  MONTH TO DATE   55                        13     42       25
  SINCE MAR 1     55                        17     38       26
  SINCE JAN 1     55                        17     38       26
..................................................................


WIND (MPH)
  HIGHEST WIND SPEED    24   HIGHEST WIND DIRECTION    NW (310)
  HIGHEST GUST SPEED    30   HIGHEST GUST DIRECTION    NW (330)
  AVERAGE WIND SPEED    10.8


SKY COVER
  AVERAGE SKY COVER 0.4


WEATHER CONDITIONS
 THE FOLLOWING WEATHER WAS RECORDED YESTERDAY.
  NO SIGNIFICANT WEATHER WAS OBSERVED.


RELATIVE HUMIDITY (PERCENT)
 HIGHEST    63           500 AM
 LOWEST     27           500 PM
 AVERAGE    45

..........................................................


THE ROCHESTER NY CLIMATE NORMALS FOR TODAY
                         NORMAL    RECORD    YEAR
 MAXIMUM TEMPERATURE (F)   70        90      1930
                                             1893
 MINIMUM TEMPERATURE (F)   49        31      1967


SUNRISE AND SUNSET
MAY 23 2015...........SUNRISE   540 AM EDT   SUNSET   835 PM EDT
MAY 24 2015...........SUNRISE   539 AM EDT   SUNSET   836 PM EDT


-  INDICATES NEGATIVE NUMBERS.
R  INDICATES RECORD WAS SET OR TIED.
MM INDICATES DATA IS MISSING.
T  INDICATES TRACE AMOUNT.




$$
