026
CDUS41 KBUF 170705
CLIROC


CLIMATE REPORT
NATIONAL WEATHER SERVICE BUFFALO NY
205 AM EST FRI FEB 17 2017


...................................

...THE ROCHESTER NY CLIMATE SUMMARY FOR FEBRUARY 16 2017...

CLIMATE NORMAL PERIOD 1981 TO 2010
CLIMATE RECORD PERIOD 1871 TO 2017


WEATHER ITEM   OBSERVED TIME   RECORD YEAR NORMAL DEPARTURE LAST
                VALUE   (LST)  VALUE       VALUE  FROM      YEAR
                                                  NORMAL
..................................................................
TEMPERATURE (F)
 YESTERDAY
  MAXIMUM         26    537 PM  61    1921  34     -8       32
  MINIMUM         20   1024 AM  -7    2015  19      1       27
                                      2004
  AVERAGE         23                        26     -3       30

PRECIPITATION (IN)
  YESTERDAY        T             1.47 2016   0.07  -0.07     1.47
  MONTH TO DATE    1.56                      1.07   0.49     2.51
  SINCE DEC 1      7.22                      6.11   1.11     6.76
  SINCE JAN 1      4.31                      3.48   0.83     4.03

SNOWFALL (IN)
  YESTERDAY       MM            18.3  2016   0.7   MM       18.3
  MONTH TO DATE   13.5                      12.3    1.2     25.3
  SINCE DEC 1     54.6                      62.3   -7.7     47.8
  SINCE JUL 1     70.5                      69.7    0.8     49.0
  SNOW DEPTH       1

DEGREE DAYS
 HEATING
  YESTERDAY       42                        39      3       35
  MONTH TO DATE  570                       635    -65      586
  SINCE DEC 1   2641                      2971   -330     2444
  SINCE JUL 1   3619                      4339   -720     3484

 COOLING
  YESTERDAY        0                         0      0        0
  MONTH TO DATE    0                         0      0        0
  SINCE DEC 1      0                         0      0        0
  SINCE JAN 1      0                         0      0        0
..................................................................


WIND (MPH)
  HIGHEST WIND SPEED    23   HIGHEST WIND DIRECTION     W (290)
  HIGHEST GUST SPEED    30   HIGHEST GUST DIRECTION    NW (300)
  AVERAGE WIND SPEED    14.6


SKY COVER
  AVERAGE SKY COVER 0.9


WEATHER CONDITIONS
 THE FOLLOWING WEATHER WAS RECORDED YESTERDAY.
  LIGHT SNOW
  FOG
  BLOWING SNOW


RELATIVE HUMIDITY (PERCENT)
 HIGHEST    84           400 AM
 LOWEST     57           500 PM
 AVERAGE    71

..........................................................


THE ROCHESTER NY CLIMATE NORMALS FOR TODAY
                         NORMAL    RECORD    YEAR
 MAXIMUM TEMPERATURE (F)   34        60      2006
 MINIMUM TEMPERATURE (F)   19       -17      1979


SUNRISE AND SUNSET
FEBRUARY 17 2017......SUNRISE   705 AM EST   SUNSET   545 PM EST
FEBRUARY 18 2017......SUNRISE   704 AM EST   SUNSET   546 PM EST


-  INDICATES NEGATIVE NUMBERS.
R  INDICATES RECORD WAS SET OR TIED.
MM INDICATES DATA IS MISSING.
T  INDICATES TRACE AMOUNT.




$$
