000
CDUS41 KBUF 091017
CLIROC


CLIMATE REPORT
NATIONAL WEATHER SERVICE BUFFALO NY
616 AM EDT MON OCT 9 2017


...................................

...THE ROCHESTER NY CLIMATE SUMMARY FOR OCTOBER 8 2017...

CLIMATE NORMAL PERIOD 1981 TO 2010
CLIMATE RECORD PERIOD 1871 TO 2017


WEATHER ITEM   OBSERVED TIME   RECORD YEAR NORMAL DEPARTURE LAST
                VALUE   (LST)  VALUE       VALUE  FROM      YEAR
                                                  NORMAL
..................................................................
TEMPERATURE (F)
 YESTERDAY
  MAXIMUM         76    221 AM  84    1916  63     13       68
  MINIMUM         61    905 PM  31    2001  44     17       52
                                      1964
                                      1954
  AVERAGE         69                        53     16       60

PRECIPITATION (IN)
  YESTERDAY        0.19          1.09 1900   0.09   0.10     0.10
  MONTH TO DATE    0.63                      0.74  -0.11     0.57
  SINCE SEP 1      1.91                      4.12  -2.21     2.87
  SINCE JAN 1     32.92                     26.72   6.20    20.52

SNOWFALL (IN)
  YESTERDAY        0.0           0.6  1895   0.0    0.0      0.0
  MONTH TO DATE    0.0                       0.0    0.0      0.0
  SINCE SEP 1      0.0                       0.0    0.0      0.0
  SINCE JUL 1      0.0                       0.0    0.0      0.0
  SNOW DEPTH       0

DEGREE DAYS
 HEATING
  YESTERDAY        0                        12    -12        5
  MONTH TO DATE   28                        87    -59       22
  SINCE SEP 1    120                       234   -114       73
  SINCE JUL 1    147                       268   -121       73

 COOLING
  YESTERDAY        4                         0      4        0
  MONTH TO DATE   18                         0     18        1
  SINCE SEP 1    135                        50     85      113
  SINCE JAN 1    651                       534    117      964
..................................................................


WIND (MPH)
  HIGHEST WIND SPEED    26   HIGHEST WIND DIRECTION     W (270)
  HIGHEST GUST SPEED    37   HIGHEST GUST DIRECTION     W (250)
  AVERAGE WIND SPEED    12.6


SKY COVER
  AVERAGE SKY COVER 0.8


WEATHER CONDITIONS
 THE FOLLOWING WEATHER WAS RECORDED YESTERDAY.
  RAIN
  LIGHT RAIN
  FOG


RELATIVE HUMIDITY (PERCENT)
 HIGHEST    93           800 PM
 LOWEST     60          1200 AM
 AVERAGE    77

..........................................................


THE ROCHESTER NY CLIMATE NORMALS FOR TODAY
                         NORMAL    RECORD    YEAR
 MAXIMUM TEMPERATURE (F)   62        88      1949
 MINIMUM TEMPERATURE (F)   44        30      1876


SUNRISE AND SUNSET
OCTOBER  9 2017.......SUNRISE   717 AM EDT   SUNSET   637 PM EDT
OCTOBER 10 2017.......SUNRISE   719 AM EDT   SUNSET   636 PM EDT


-  INDICATES NEGATIVE NUMBERS.
R  INDICATES RECORD WAS SET OR TIED.
MM INDICATES DATA IS MISSING.
T  INDICATES TRACE AMOUNT.

$$
