000
CDUS41 KBUF 071016
CLIROC


CLIMATE REPORT
NATIONAL WEATHER SERVICE BUFFALO NY
615 AM EDT MON AUG 7 2017


...................................

...THE ROCHESTER NY CLIMATE SUMMARY FOR AUGUST 6 2017...

CLIMATE NORMAL PERIOD 1981 TO 2010
CLIMATE RECORD PERIOD 1871 TO 2017


WEATHER ITEM   OBSERVED TIME   RECORD YEAR NORMAL DEPARTURE LAST
                VALUE   (LST)  VALUE       VALUE  FROM      YEAR
                                                  NORMAL
..................................................................
TEMPERATURE (F)
 YESTERDAY
  MAXIMUM         77    435 PM  96    1965  80     -3       84
                                      1900
  MINIMUM         52    540 AM  45    1951  61     -9       66
  AVERAGE         65                        70     -5       75

PRECIPITATION (IN)
  YESTERDAY        0.00          1.83 1875   0.12  -0.12     0.14
  MONTH TO DATE    0.91                      0.73   0.18     0.14
  SINCE JUN 1      8.74                      7.40   1.34     2.27
  SINCE JAN 1     28.72                     19.86   8.86    13.88

SNOWFALL (IN)
  YESTERDAY        0.0           0.0    MM   0.0    0.0      0.0
  MONTH TO DATE    0.0                       0.0    0.0      0.0
  SINCE JUN 1      0.0                       0.0    0.0      0.0
  SINCE JUL 1      0.0                       0.0    0.0      0.0
  SNOW DEPTH       0

DEGREE DAYS
 HEATING
  YESTERDAY        0                         0      0        0
  MONTH TO DATE    1                         0      1        0
  SINCE JUN 1     48                        80    -32       47
  SINCE JUL 1      3                        12     -9        0

 COOLING
  YESTERDAY        0                         6     -6       10
  MONTH TO DATE   42                        36      6       73
  SINCE JUN 1    373                       335     38      515
  SINCE JAN 1    415                       365     50      577
..................................................................


WIND (MPH)
  HIGHEST WIND SPEED    18   HIGHEST WIND DIRECTION     W (270)
  HIGHEST GUST SPEED    24   HIGHEST GUST DIRECTION     W (270)
  AVERAGE WIND SPEED     7.8


SKY COVER
  AVERAGE SKY COVER 0.7


WEATHER CONDITIONS
 THE FOLLOWING WEATHER WAS RECORDED YESTERDAY.
  NO SIGNIFICANT WEATHER WAS OBSERVED.


RELATIVE HUMIDITY (PERCENT)
 HIGHEST    96           500 AM
 LOWEST     40           400 PM
 AVERAGE    68

..........................................................


THE ROCHESTER NY CLIMATE NORMALS FOR TODAY
                         NORMAL    RECORD    YEAR
 MAXIMUM TEMPERATURE (F)   80        96      1918
 MINIMUM TEMPERATURE (F)   61        46      1948


SUNRISE AND SUNSET
AUGUST  7 2017........SUNRISE   608 AM EDT   SUNSET   824 PM EDT
AUGUST  8 2017........SUNRISE   609 AM EDT   SUNSET   823 PM EDT


-  INDICATES NEGATIVE NUMBERS.
R  INDICATES RECORD WAS SET OR TIED.
MM INDICATES DATA IS MISSING.
T  INDICATES TRACE AMOUNT.

$$
