000
CDUS41 KBUF 101030
CLIROC


CLIMATE REPORT
NATIONAL WEATHER SERVICE BUFFALO NY
530 AM EST SAT FEB 10 2018


...................................

...THE ROCHESTER NY CLIMATE SUMMARY FOR FEBRUARY 9 2018...

CLIMATE NORMAL PERIOD 1981 TO 2010
CLIMATE RECORD PERIOD 1871 TO 2018


WEATHER ITEM   OBSERVED TIME   RECORD YEAR NORMAL DEPARTURE LAST
                VALUE   (LST)  VALUE       VALUE  FROM      YEAR
                                                  NORMAL
..................................................................
TEMPERATURE (F)
 YESTERDAY
  MAXIMUM         28   1159 PM  62    2001  33     -5       23
  MINIMUM         11    336 AM -22    1934  18     -7       15
  AVERAGE         20                        25     -5       19

PRECIPITATION (IN)
  YESTERDAY        0.21          1.46 1876   0.07   0.14     0.03
  MONTH TO DATE    0.67                      0.60   0.07     0.73
  SINCE DEC 1      6.02                      5.64   0.38     6.39
  SINCE JAN 1      3.78                      3.01   0.77     3.48

SNOWFALL (IN)
  YESTERDAY        2.4          10.0  1896   0.8    1.6      0.8
  MONTH TO DATE   11.0                       7.1    3.9      4.3
  SINCE DEC 1     78.6                      57.1   21.5     45.4
  SINCE JUL 1     81.2                      64.5   16.7     61.3
  SNOW DEPTH       5

DEGREE DAYS
 HEATING
  YESTERDAY       45                        40      5       46
  MONTH TO DATE  379                       361     18      325
  SINCE DEC 1   2814                      2697    117     2396
  SINCE JUL 1   3905                      4065   -160     3374

 COOLING
  YESTERDAY        0                         0      0        0
  MONTH TO DATE    0                         0      0        0
  SINCE DEC 1      0                         0      0        0
  SINCE JAN 1      0                         0      0        0
..................................................................


WIND (MPH)
  HIGHEST WIND SPEED    16   HIGHEST WIND DIRECTION    SW (220)
  HIGHEST GUST SPEED    20   HIGHEST GUST DIRECTION    SW (220)
  AVERAGE WIND SPEED     7.4


SKY COVER
  AVERAGE SKY COVER 0.9


WEATHER CONDITIONS
 THE FOLLOWING WEATHER WAS RECORDED YESTERDAY.
  LIGHT SNOW
  FOG


RELATIVE HUMIDITY (PERCENT)
 HIGHEST   100           800 PM
 LOWEST     67           600 AM
 AVERAGE    84

..........................................................


THE ROCHESTER NY CLIMATE NORMALS FOR TODAY
                         NORMAL    RECORD    YEAR
 MAXIMUM TEMPERATURE (F)   33        57      1881
 MINIMUM TEMPERATURE (F)   18       -11      1951
                                             1934


SUNRISE AND SUNSET
FEBRUARY 10 2018......SUNRISE   715 AM EST   SUNSET   535 PM EST
FEBRUARY 11 2018......SUNRISE   714 AM EST   SUNSET   537 PM EST


-  INDICATES NEGATIVE NUMBERS.
R  INDICATES RECORD WAS SET OR TIED.
MM INDICATES DATA IS MISSING.
T  INDICATES TRACE AMOUNT.

$$
