000
CDUS41 KBUF 281025
CLIROC


CLIMATE REPORT
NATIONAL WEATHER SERVICE BUFFALO NY
524 AM EST FRI NOV 28 2014


...................................

...THE ROCHESTER NY CLIMATE SUMMARY FOR NOVEMBER 27 2014...

CLIMATE NORMAL PERIOD 1981 TO 2010
CLIMATE RECORD PERIOD 1871 TO 2014


WEATHER ITEM   OBSERVED TIME   RECORD YEAR NORMAL DEPARTURE LAST
                VALUE   (LST)  VALUE       VALUE  FROM      YEAR
                                                  NORMAL
..................................................................
TEMPERATURE (F)
 YESTERDAY
  MAXIMUM         33    402 PM  71    1887  43    -10       35
  MINIMUM         28    905 AM   9    1936  30     -2       23
  AVERAGE         31                        36     -5       29

PRECIPITATION (IN)
  YESTERDAY        0.05          1.02 1993   0.10  -0.05     0.24
  MONTH TO DATE    2.27                      2.64  -0.37     2.75
  SINCE SEP 1      5.49                      8.74  -3.25     8.48
  SINCE JAN 1     30.52                     31.34  -0.82    33.69

SNOWFALL (IN)
  YESTERDAY        0.4           4.2  1940   0.4    0.0      3.7
  MONTH TO DATE    8.6                       6.0    2.6     11.8
  SINCE SEP 1      8.6                       6.1    2.5     11.8
  SINCE JUL 1      8.6                       6.1    2.5     11.8
  SNOW DEPTH       1

DEGREE DAYS
 HEATING
  YESTERDAY       34                        29      5       36
  MONTH TO DATE  699                       647     52      682
  SINCE SEP 1   1171                      1246    -75     1219
  SINCE JUL 1   1196                      1280    -84     1237

 COOLING
  YESTERDAY        0                         0      0        0
  MONTH TO DATE    0                         0      0        0
  SINCE SEP 1     78                        55     23       69
  SINCE JAN 1    542                       539      3      660
..................................................................


WIND (MPH)
  HIGHEST WIND SPEED    10   HIGHEST WIND DIRECTION     W (290)
  HIGHEST GUST SPEED    13   HIGHEST GUST DIRECTION     W (280)
  AVERAGE WIND SPEED     5.8


SKY COVER
  AVERAGE SKY COVER 1.0


WEATHER CONDITIONS
 THE FOLLOWING WEATHER WAS RECORDED YESTERDAY.
  LIGHT SNOW
  FOG


RELATIVE HUMIDITY (PERCENT)
 HIGHEST    92           100 AM
 LOWEST     66           100 PM
 AVERAGE    79

..........................................................


THE ROCHESTER NY CLIMATE NORMALS FOR TODAY
                         NORMAL    RECORD    YEAR
 MAXIMUM TEMPERATURE (F)   43        74      1990
 MINIMUM TEMPERATURE (F)   29        11      1996
                                             1930


SUNRISE AND SUNSET
NOVEMBER 28 2014......SUNRISE   719 AM EST   SUNSET   438 PM EST
NOVEMBER 29 2014......SUNRISE   720 AM EST   SUNSET   437 PM EST


-  INDICATES NEGATIVE NUMBERS.
R  INDICATES RECORD WAS SET OR TIED.
MM INDICATES DATA IS MISSING.
T  INDICATES TRACE AMOUNT.




$$
