000
CDUS41 KBUF 010958
CLIROC


CLIMATE REPORT
NATIONAL WEATHER SERVICE BUFFALO NY
555 AM EDT WED OCT 1 2014


...................................

...THE ROCHESTER NY CLIMATE SUMMARY FOR SEPTEMBER 30 2014...

CLIMATE NORMAL PERIOD 1981 TO 2010
CLIMATE RECORD PERIOD 1871 TO 2014


WEATHER ITEM   OBSERVED TIME   RECORD YEAR NORMAL DEPARTURE LAST
                VALUE   (LST)  VALUE       VALUE  FROM      YEAR
                                                  NORMAL
..................................................................
TEMPERATURE (F)
 YESTERDAY
  MAXIMUM         75   1149 AM  89    1881  66      9       77
  MINIMUM         55    640 AM  30    1991  47      8       55
  AVERAGE         65                        56      9       66

PRECIPITATION (IN)
  YESTERDAY        T             1.73 1959   0.11  -0.11     0.00
  MONTH TO DATE    1.33                      3.38  -2.05     2.41
  SINCE SEP 1      1.33                      3.38  -2.05     2.41
  SINCE JAN 1     26.36                     25.98   0.38    27.62

SNOWFALL (IN)
  YESTERDAY        0.0           T    1899   0.0    0.0      0.0
  MONTH TO DATE    0.0                       0.0    0.0      0.0
  SINCE SEP 1      0.0                       0.0    0.0      0.0
  SINCE JUL 1      0.0                       0.0    0.0      0.0
  SNOW DEPTH       0

DEGREE DAYS
 HEATING
  YESTERDAY        0                         9     -9        0
  MONTH TO DATE  124                       148    -24      172
  SINCE SEP 1    124                       147    -23      172
  SINCE JUL 1    149                       181    -32      190

 COOLING
  YESTERDAY        0                         1     -1        1
  MONTH TO DATE   68                        50     18       59
  SINCE SEP 1     68                        50     18       59
  SINCE JAN 1    532                       534     -2      650
..................................................................


WIND (MPH)
  HIGHEST WIND SPEED    16   HIGHEST WIND DIRECTION     N (20)
  HIGHEST GUST SPEED    19   HIGHEST GUST DIRECTION    NE (60)
  AVERAGE WIND SPEED     6.8


SKY COVER
  AVERAGE SKY COVER 0.7


WEATHER CONDITIONS
 THE FOLLOWING WEATHER WAS RECORDED YESTERDAY.
  FOG
  HAZE


RELATIVE HUMIDITY (PERCENT)
 HIGHEST    93          1200 AM
 LOWEST     53          1100 AM
 AVERAGE    73

..........................................................


THE ROCHESTER NY CLIMATE NORMALS FOR TODAY
                         NORMAL    RECORD    YEAR
 MAXIMUM TEMPERATURE (F)   65        86      1877
 MINIMUM TEMPERATURE (F)   46        31      1993


SUNRISE AND SUNSET
OCTOBER  1 2014.......SUNRISE   708 AM EDT   SUNSET   652 PM EDT
OCTOBER  2 2014.......SUNRISE   709 AM EDT   SUNSET   650 PM EDT


-  INDICATES NEGATIVE NUMBERS.
R  INDICATES RECORD WAS SET OR TIED.
MM INDICATES DATA IS MISSING.
T  INDICATES TRACE AMOUNT.




$$
