000
CDUS41 KBUF 220705
CLIROC


CLIMATE REPORT
NATIONAL WEATHER SERVICE BUFFALO NY
205 AM EST THU JAN 22 2015


...................................

...THE ROCHESTER NY CLIMATE SUMMARY FOR JANUARY 21 2015...

CLIMATE NORMAL PERIOD 1981 TO 2010
CLIMATE RECORD PERIOD 1871 TO 2015


WEATHER ITEM   OBSERVED TIME   RECORD YEAR NORMAL DEPARTURE LAST
                VALUE   (LST)  VALUE       VALUE  FROM      YEAR
                                                  NORMAL
..................................................................
TEMPERATURE (F)
 YESTERDAY
  MAXIMUM         25    441 PM  71    1906  31     -6       11
  MINIMUM          3    649 AM -10    2005  17    -14        4
  AVERAGE         14                        24    -10        8

PRECIPITATION (IN)
  YESTERDAY        0.00          1.01 1959   0.07  -0.07     0.04
  MONTH TO DATE    1.37                      1.68  -0.31     1.08
  SINCE DEC 1      3.68                      4.31  -0.63     4.07
  SINCE JAN 1      1.37                      1.68  -0.31     1.08

SNOWFALL (IN)
  YESTERDAY        0.0           8.8  1881   0.9   -0.9      1.1
  MONTH TO DATE   12.3                      19.2   -6.9     16.5
  SINCE DEC 1     28.9                      41.0  -12.1     39.0
  SINCE JUL 1     38.0                      48.4  -10.4     52.5
  SNOW DEPTH       1

DEGREE DAYS
 HEATING
  YESTERDAY       51                        41     10       57
  MONTH TO DATE  942                       844     98      858
  SINCE DEC 1   1882                      1929    -47     1983
  SINCE JUL 1   3162                      3297   -135     3355

 COOLING
  YESTERDAY        0                         0      0        0
  MONTH TO DATE    0                         0      0        0
  SINCE DEC 1      0                         0      0        0
  SINCE JAN 1      0                         0      0        0
..................................................................


WIND (MPH)
  HIGHEST WIND SPEED    10   HIGHEST WIND DIRECTION    SE (150)
  HIGHEST GUST SPEED    13   HIGHEST GUST DIRECTION    SE (150)
  AVERAGE WIND SPEED     4.5


SKY COVER
  AVERAGE SKY COVER 0.6


WEATHER CONDITIONS
 THE FOLLOWING WEATHER WAS RECORDED YESTERDAY.
  NO SIGNIFICANT WEATHER WAS OBSERVED.


RELATIVE HUMIDITY (PERCENT)
 HIGHEST    88          1200 AM
 LOWEST     60           300 PM
 AVERAGE    74

..........................................................


THE ROCHESTER NY CLIMATE NORMALS FOR TODAY
                         NORMAL    RECORD    YEAR
 MAXIMUM TEMPERATURE (F)   31        68      1906
 MINIMUM TEMPERATURE (F)   17        -9      2005


SUNRISE AND SUNSET
JANUARY 22 2015.......SUNRISE   735 AM EST   SUNSET   510 PM EST
JANUARY 23 2015.......SUNRISE   735 AM EST   SUNSET   511 PM EST


-  INDICATES NEGATIVE NUMBERS.
R  INDICATES RECORD WAS SET OR TIED.
MM INDICATES DATA IS MISSING.
T  INDICATES TRACE AMOUNT.




$$
