000
CDUS41 KBUF 141026
CLIROC


CLIMATE REPORT
NATIONAL WEATHER SERVICE BUFFALO NY
624 AM EDT SUN SEP 14 2014


...................................

...THE ROCHESTER NY CLIMATE SUMMARY FOR SEPTEMBER 13 2014...

CLIMATE NORMAL PERIOD 1981 TO 2010
CLIMATE RECORD PERIOD 1871 TO 2014


WEATHER ITEM   OBSERVED TIME   RECORD YEAR NORMAL DEPARTURE LAST
                VALUE   (LST)  VALUE       VALUE  FROM      YEAR
                                                  NORMAL
..................................................................
TEMPERATURE (F)
 YESTERDAY
  MAXIMUM         64    132 PM  94    1952  73     -9       61
                                      1951
  MINIMUM         45    423 AM  36    1943  53     -8       50
  AVERAGE         55                        63     -8       56

PRECIPITATION (IN)
  YESTERDAY        0.05          2.10 1925   0.12  -0.07     0.20
  MONTH TO DATE    0.72                      1.43  -0.71     1.19
  SINCE SEP 1      0.72                      1.43  -0.71     1.19
  SINCE JAN 1     25.75                     24.03   1.72    26.40

SNOWFALL (IN)
  YESTERDAY        0.0           0.0    MM   0.0    0.0      0.0
  MONTH TO DATE    0.0                       0.0    0.0      0.0
  SINCE SEP 1      0.0                       0.0    0.0      0.0
  SINCE JUL 1      0.0                       0.0    0.0      0.0
  SNOW DEPTH       0

DEGREE DAYS
 HEATING
  YESTERDAY       10                         4      6        9
  MONTH TO DATE   29                        35     -6       43
  SINCE SEP 1     29                        35     -6       43
  SINCE JUL 1     54                        69    -15       61

 COOLING
  YESTERDAY        0                         2     -2        0
  MONTH TO DATE   60                        33     27       53
  SINCE SEP 1     60                        33     27       53
  SINCE JAN 1    524                       517      7      644
..................................................................


WIND (MPH)
  HIGHEST WIND SPEED    29   HIGHEST WIND DIRECTION    NW (320)
  HIGHEST GUST SPEED    39   HIGHEST GUST DIRECTION    NW (310)
  AVERAGE WIND SPEED     6.2


SKY COVER
  AVERAGE SKY COVER 0.8


WEATHER CONDITIONS
 THE FOLLOWING WEATHER WAS RECORDED YESTERDAY.
  LIGHT RAIN


RELATIVE HUMIDITY (PERCENT)
 HIGHEST    93           900 AM
 LOWEST     67           300 PM
 AVERAGE    80

..........................................................


THE ROCHESTER NY CLIMATE NORMALS FOR TODAY
                         NORMAL    RECORD    YEAR
 MAXIMUM TEMPERATURE (F)   72        92      1915
 MINIMUM TEMPERATURE (F)   53        34      1963


SUNRISE AND SUNSET
SEPTEMBER 14 2014.....SUNRISE   649 AM EDT   SUNSET   722 PM EDT
SEPTEMBER 15 2014.....SUNRISE   650 AM EDT   SUNSET   721 PM EDT


-  INDICATES NEGATIVE NUMBERS.
R  INDICATES RECORD WAS SET OR TIED.
MM INDICATES DATA IS MISSING.
T  INDICATES TRACE AMOUNT.




$$
