000
CDUS41 KBUF 080705
CLIROC


CLIMATE REPORT
NATIONAL WEATHER SERVICE BUFFALO NY
305 AM EDT TUE AUG 8 2017


...................................

...THE ROCHESTER NY CLIMATE SUMMARY FOR AUGUST 7 2017...

CLIMATE NORMAL PERIOD 1981 TO 2010
CLIMATE RECORD PERIOD 1871 TO 2017


WEATHER ITEM   OBSERVED TIME   RECORD YEAR NORMAL DEPARTURE LAST
                VALUE   (LST)  VALUE       VALUE  FROM      YEAR
                                                  NORMAL
..................................................................
TEMPERATURE (F)
 YESTERDAY
  MAXIMUM         78   1251 PM  96    1918  80     -2       84
  MINIMUM         58    451 AM  46    1948  61     -3       62
  AVERAGE         68                        70     -2       73

PRECIPITATION (IN)
  YESTERDAY        0.45          1.19 1901   0.11   0.34     0.00
  MONTH TO DATE    1.36                      0.84   0.52     0.14
  SINCE JUN 1      9.19                      7.51   1.68     2.27
  SINCE JAN 1     29.17                     19.97   9.20    13.88

SNOWFALL (IN)
  YESTERDAY        0.0           0.0    MM   0.0    0.0      0.0
  MONTH TO DATE    0.0                       0.0    0.0      0.0
  SINCE JUN 1      0.0                       0.0    0.0      0.0
  SINCE JUL 1      0.0                       0.0    0.0      0.0
  SNOW DEPTH       0

DEGREE DAYS
 HEATING
  YESTERDAY        0                         0      0        0
  MONTH TO DATE    1                         0      1        0
  SINCE JUN 1     48                        80    -32       47
  SINCE JUL 1      3                        12     -9        0

 COOLING
  YESTERDAY        3                         6     -3        8
  MONTH TO DATE   45                        42      3       81
  SINCE JUN 1    376                       341     35      523
  SINCE JAN 1    418                       371     47      585
..................................................................


WIND (MPH)
  HIGHEST WIND SPEED    17   HIGHEST WIND DIRECTION    NE (40)
  HIGHEST GUST SPEED    20   HIGHEST GUST DIRECTION     N (20)
  AVERAGE WIND SPEED     6.4


SKY COVER
  AVERAGE SKY COVER 0.7


WEATHER CONDITIONS
 THE FOLLOWING WEATHER WAS RECORDED YESTERDAY.
  RAIN
  LIGHT RAIN
  FOG


RELATIVE HUMIDITY (PERCENT)
 HIGHEST    93           500 PM
 LOWEST     54          1200 PM
 AVERAGE    74

..........................................................


THE ROCHESTER NY CLIMATE NORMALS FOR TODAY
                         NORMAL    RECORD    YEAR
 MAXIMUM TEMPERATURE (F)   80        96      2001
                                             1930
 MINIMUM TEMPERATURE (F)   61        49      1903


SUNRISE AND SUNSET
AUGUST  8 2017........SUNRISE   609 AM EDT   SUNSET   823 PM EDT
AUGUST  9 2017........SUNRISE   610 AM EDT   SUNSET   821 PM EDT


-  INDICATES NEGATIVE NUMBERS.
R  INDICATES RECORD WAS SET OR TIED.
MM INDICATES DATA IS MISSING.
T  INDICATES TRACE AMOUNT.




$$
