000
CDUS41 KBUF 081016
CLIROC


CLIMATE REPORT
NATIONAL WEATHER SERVICE BUFFALO NY
615 AM EDT TUE JUL 8 2014


...................................

...THE ROCHESTER NY CLIMATE SUMMARY FOR JULY 7 2014...

CLIMATE NORMAL PERIOD 1981 TO 2010
CLIMATE RECORD PERIOD 1871 TO 2014


WEATHER ITEM   OBSERVED TIME   RECORD YEAR NORMAL DEPARTURE LAST
                VALUE   (LST)  VALUE       VALUE  FROM      YEAR
                                                  NORMAL
..................................................................
TEMPERATURE (F)
 YESTERDAY
  MAXIMUM         80    644 PM  97    1988  81     -1       83
  MINIMUM         65    752 AM  47    1942  60      5       71
  AVERAGE         73                        71      2       77

PRECIPITATION (IN)
  YESTERDAY        0.47          2.13 1935   0.11   0.36     0.16
  MONTH TO DATE    0.93                      0.74   0.19     3.00
  SINCE JUN 1      2.99                      4.08  -1.09     9.27
  SINCE JAN 1     15.99                     16.54  -0.55    21.10

SNOWFALL (IN)
  YESTERDAY        0.0           0.0    MM   0.0    0.0      0.0
  MONTH TO DATE    0.0                       0.0    0.0      0.0
  SINCE JUN 1      0.0                       0.0    0.0      0.0
  SINCE JUL 1      0.0                       0.0    0.0      0.0
  SNOW DEPTH       0

DEGREE DAYS
 HEATING
  YESTERDAY        0                         0      0        0
  MONTH TO DATE    0                         6     -6        0
  SINCE JUN 1     29                        74    -45       58
  SINCE JUL 1      0                         6     -6        0

 COOLING
  YESTERDAY        8                         6      2       12
  MONTH TO DATE   49                        42      7       68
  SINCE JUN 1    199                       148     51      175
  SINCE JAN 1    238                       178     60      246
..................................................................


WIND (MPH)
  HIGHEST WIND SPEED    26   HIGHEST WIND DIRECTION    SW (230)
  HIGHEST GUST SPEED    36   HIGHEST GUST DIRECTION    SW (240)
  AVERAGE WIND SPEED    13.2


SKY COVER
  AVERAGE SKY COVER 0.8


WEATHER CONDITIONS
 THE FOLLOWING WEATHER WAS RECORDED YESTERDAY.
  THUNDERSTORM
  RAIN
  LIGHT RAIN
  FOG


RELATIVE HUMIDITY (PERCENT)
 HIGHEST    93           600 AM
 LOWEST     53          1200 AM
 AVERAGE    73

..........................................................


THE ROCHESTER NY CLIMATE NORMALS FOR TODAY
                         NORMAL    RECORD    YEAR
 MAXIMUM TEMPERATURE (F)   81       100      1936
 MINIMUM TEMPERATURE (F)   61        45      1963


SUNRISE AND SUNSET
JULY  8 2014..........SUNRISE   539 AM EDT   SUNSET   852 PM EDT
JULY  9 2014..........SUNRISE   540 AM EDT   SUNSET   851 PM EDT


-  INDICATES NEGATIVE NUMBERS.
R  INDICATES RECORD WAS SET OR TIED.
MM INDICATES DATA IS MISSING.
T  INDICATES TRACE AMOUNT.




$$
