000
CDUS41 KBUF 211018
CLIROC


CLIMATE REPORT
NATIONAL WEATHER SERVICE BUFFALO NY
618 AM EDT THU APR 21 2016


...................................

...THE ROCHESTER NY CLIMATE SUMMARY FOR APRIL 20 2016...

CLIMATE NORMAL PERIOD 1981 TO 2010
CLIMATE RECORD PERIOD 1871 TO 2016


WEATHER ITEM   OBSERVED TIME   RECORD YEAR NORMAL DEPARTURE LAST
                VALUE   (LST)  VALUE       VALUE  FROM      YEAR
                                                  NORMAL
..................................................................
TEMPERATURE (F)
 YESTERDAY
  MAXIMUM         60    113 PM  86    1941  58      2       71
  MINIMUM         35    411 AM  20    1904  38     -3       45
                                      1897
  AVERAGE         48                        48      0       58

PRECIPITATION (IN)
  YESTERDAY        0.00          1.41 2011   0.08  -0.08     0.90
  MONTH TO DATE    0.87                      1.87  -1.00     2.60
  SINCE MAR 1      2.69                      4.37  -1.68     3.94
  SINCE JAN 1      7.99                      8.73  -0.74     8.19

SNOWFALL (IN)
  YESTERDAY        0.0           5.6  1901   0.1   -0.1      0.0
  MONTH TO DATE    8.8                       3.4    5.4       T
  SINCE MAR 1     12.0                      19.7   -7.7     12.8
  SINCE JUL 1     63.7                      98.6  -34.9    101.4
  SNOW DEPTH       0

DEGREE DAYS
 HEATING
  YESTERDAY       17                        17      0        7
  MONTH TO DATE  493                       415     78      325
  SINCE MAR 1   1255                      1367   -112     1403
  SINCE JUL 1   5172                      6153   -981     6497

 COOLING
  YESTERDAY        0                         0      0        0
  MONTH TO DATE    0                         0      0        0
  SINCE MAR 1      0                         0      0        0
  SINCE JAN 1      0                         0      0        0
..................................................................


WIND (MPH)
  HIGHEST WIND SPEED    14   HIGHEST WIND DIRECTION    NE (50)
  HIGHEST GUST SPEED    18   HIGHEST GUST DIRECTION     E (80)
  AVERAGE WIND SPEED     6.5


SKY COVER
  AVERAGE SKY COVER 0.1


WEATHER CONDITIONS
 THE FOLLOWING WEATHER WAS RECORDED YESTERDAY.
  NO SIGNIFICANT WEATHER WAS OBSERVED.


RELATIVE HUMIDITY (PERCENT)
 HIGHEST    76           200 AM
 LOWEST     14           500 PM
 AVERAGE    45

..........................................................


THE ROCHESTER NY CLIMATE NORMALS FOR TODAY
                         NORMAL    RECORD    YEAR
 MAXIMUM TEMPERATURE (F)   59        87      1973
 MINIMUM TEMPERATURE (F)   39        20      1875


SUNRISE AND SUNSET
APRIL 21 2016.........SUNRISE   618 AM EDT   SUNSET   801 PM EDT
APRIL 22 2016.........SUNRISE   617 AM EDT   SUNSET   802 PM EDT


-  INDICATES NEGATIVE NUMBERS.
R  INDICATES RECORD WAS SET OR TIED.
MM INDICATES DATA IS MISSING.
T  INDICATES TRACE AMOUNT.

$$
