569
CDUS41 KBUF 221015
CLIROC


CLIMATE REPORT
NATIONAL WEATHER SERVICE BUFFALO NY
614 AM EDT THU SEP 22 2016


...................................

...THE ROCHESTER NY CLIMATE SUMMARY FOR SEPTEMBER 21 2016...

CLIMATE NORMAL PERIOD 1981 TO 2010
CLIMATE RECORD PERIOD 1871 TO 2016


WEATHER ITEM   OBSERVED TIME   RECORD YEAR NORMAL DEPARTURE LAST
                VALUE   (LST)  VALUE       VALUE  FROM      YEAR
                                                  NORMAL
..................................................................
TEMPERATURE (F)
 YESTERDAY
  MAXIMUM         82    422 PM  91    1931  70     12       68
                                      1895
  MINIMUM         54    348 AM  35    1973  50      4       45
  AVERAGE         68                        60      8       57

PRECIPITATION (IN)
  YESTERDAY        0.00          1.33 1966   0.12  -0.12     0.00
  MONTH TO DATE    1.91                      2.37  -0.46     2.66
  SINCE SEP 1      1.91                      2.37  -0.46     2.66
  SINCE JAN 1     19.56                     24.97  -5.41    28.79

SNOWFALL (IN)
  YESTERDAY        0.0           0.0    MM   0.0    0.0      0.0
  MONTH TO DATE    0.0                       0.0    0.0      0.0
  SINCE SEP 1      0.0                       0.0    0.0      0.0
  SINCE JUL 1      0.0                       0.0    0.0      0.0
  SNOW DEPTH       0

DEGREE DAYS
 HEATING
  YESTERDAY        0                         6     -6        8
  MONTH TO DATE   10                        76    -66       29
  SINCE SEP 1     10                        76    -66       29
  SINCE JUL 1     10                       110   -100       48

 COOLING
  YESTERDAY        3                         1      2        0
  MONTH TO DATE  106                        43     63      137
  SINCE SEP 1    106                        43     63      137
  SINCE JAN 1    957                       527    430      691
..................................................................


WIND (MPH)
  HIGHEST WIND SPEED    10   HIGHEST WIND DIRECTION    NE (30)
  HIGHEST GUST SPEED    12   HIGHEST GUST DIRECTION    SW (240)
  AVERAGE WIND SPEED     4.0


SKY COVER
  AVERAGE SKY COVER 0.3


WEATHER CONDITIONS
 THE FOLLOWING WEATHER WAS RECORDED YESTERDAY.
  NO SIGNIFICANT WEATHER WAS OBSERVED.


RELATIVE HUMIDITY (PERCENT)
 HIGHEST    93           300 AM
 LOWEST     33           100 PM
 AVERAGE    63

..........................................................


THE ROCHESTER NY CLIMATE NORMALS FOR TODAY
                         NORMAL    RECORD    YEAR
 MAXIMUM TEMPERATURE (F)   69        93      1895
 MINIMUM TEMPERATURE (F)   50        36      1991
                                             1963


SUNRISE AND SUNSET
SEPTEMBER 22 2016.....SUNRISE   658 AM EDT   SUNSET   707 PM EDT
SEPTEMBER 23 2016.....SUNRISE   700 AM EDT   SUNSET   705 PM EDT


-  INDICATES NEGATIVE NUMBERS.
R  INDICATES RECORD WAS SET OR TIED.
MM INDICATES DATA IS MISSING.
T  INDICATES TRACE AMOUNT.

$$
