000
CDUS41 KBUF 200705
CLIROC


CLIMATE REPORT
NATIONAL WEATHER SERVICE BUFFALO NY
305 AM EDT MON MAR 20 2017


...................................

...THE ROCHESTER NY CLIMATE SUMMARY FOR MARCH 19 2017...

CLIMATE NORMAL PERIOD 1981 TO 2010
CLIMATE RECORD PERIOD 1871 TO 2017


WEATHER ITEM   OBSERVED TIME   RECORD YEAR NORMAL DEPARTURE LAST
                VALUE   (LST)  VALUE       VALUE  FROM      YEAR
                                                  NORMAL
..................................................................
TEMPERATURE (F)
 YESTERDAY
  MAXIMUM         39    554 PM  77    1903  44     -5       34
  MINIMUM         26   1159 PM  -4    1993  27     -1       23
  AVERAGE         33                        35     -2       29

PRECIPITATION (IN)
  YESTERDAY        T             1.05 1881   0.08  -0.08     0.00
  MONTH TO DATE    2.47                      1.49   0.98     0.97
  SINCE MAR 1      2.47                      1.49   0.98     0.97
  SINCE JAN 1      7.55                      5.85   1.70     6.27

SNOWFALL (IN)
  YESTERDAY       MM             7.5  1896   0.4   MM        0.0
  MONTH TO DATE   32.4                      11.9   20.5      2.2
  SINCE MAR 1     32.4                      11.9   20.5      2.2
  SINCE JUL 1    104.0                      90.8   13.2     53.9
  SNOW DEPTH       0

DEGREE DAYS
 HEATING
  YESTERDAY       32                        30      2       36
  MONTH TO DATE  685                       626     59      478
  SINCE MAR 1    685                       626     59      478
  SINCE JUL 1   4553                      5412   -859     4395

 COOLING
  YESTERDAY        0                         0      0        0
  MONTH TO DATE    0                         0      0        0
  SINCE MAR 1      0                         0      0        0
  SINCE JAN 1      0                         0      0        0
..................................................................


WIND (MPH)
  HIGHEST WIND SPEED    12   HIGHEST WIND DIRECTION    NE (30)
  HIGHEST GUST SPEED    15   HIGHEST GUST DIRECTION     N (10)
  AVERAGE WIND SPEED     5.6


SKY COVER
  AVERAGE SKY COVER 0.8


WEATHER CONDITIONS
 THE FOLLOWING WEATHER WAS RECORDED YESTERDAY.
  LIGHT SNOW
  FOG


RELATIVE HUMIDITY (PERCENT)
 HIGHEST    89           200 AM
 LOWEST     64          1100 AM
 AVERAGE    77

..........................................................


THE ROCHESTER NY CLIMATE NORMALS FOR TODAY
                         NORMAL    RECORD    YEAR
 MAXIMUM TEMPERATURE (F)   44        79      1903
 MINIMUM TEMPERATURE (F)   27        -1      1872


SUNRISE AND SUNSET
MARCH 20 2017.........SUNRISE   713 AM EDT   SUNSET   723 PM EDT
MARCH 21 2017.........SUNRISE   712 AM EDT   SUNSET   724 PM EDT


-  INDICATES NEGATIVE NUMBERS.
R  INDICATES RECORD WAS SET OR TIED.
MM INDICATES DATA IS MISSING.
T  INDICATES TRACE AMOUNT.




$$
