000
CDUS41 KBUF 110705
CLIROC


CLIMATE REPORT
NATIONAL WEATHER SERVICE BUFFALO NY
205 AM EST THU JAN 11 2018


...................................

...THE ROCHESTER NY CLIMATE SUMMARY FOR JANUARY 10 2018...

CLIMATE NORMAL PERIOD 1981 TO 2010
CLIMATE RECORD PERIOD 1871 TO 2018


WEATHER ITEM   OBSERVED TIME   RECORD YEAR NORMAL DEPARTURE LAST
                VALUE   (LST)  VALUE       VALUE  FROM      YEAR
                                                  NORMAL
..................................................................
TEMPERATURE (F)
 YESTERDAY
  MAXIMUM         46    508 PM  56    1939  32     14       39
                                      1876
  MINIMUM         21    855 AM -12    2004  18      3       18
  AVERAGE         34                        25      9       29

PRECIPITATION (IN)
  YESTERDAY        T             1.51 1878   0.09  -0.09     0.11
  MONTH TO DATE    0.34                      0.82  -0.48     0.82
  SINCE DEC 1      2.58                      3.45  -0.87     3.73
  SINCE JAN 1      0.34                      0.82  -0.48     0.82

SNOWFALL (IN)
  YESTERDAY       MM             7.8  1959   0.9   MM        0.3
  MONTH TO DATE   10.9                       8.9    2.0      4.4
  SINCE DEC 1     45.6                      30.7   14.9     33.7
  SINCE JUL 1     48.2                      38.1   10.1     49.6
  SNOW DEPTH       6

DEGREE DAYS
 HEATING
  YESTERDAY       31                        40     -9       36
  MONTH TO DATE  479                       396     83      405
  SINCE DEC 1   1681                      1481    200     1440
  SINCE JUL 1   2772                      2849    -77     2418

 COOLING
  YESTERDAY        0                         0      0        0
  MONTH TO DATE    0                         0      0        0
  SINCE DEC 1      0                         0      0        0
  SINCE JAN 1      0                         0      0        0
..................................................................


WIND (MPH)
  HIGHEST WIND SPEED    18   HIGHEST WIND DIRECTION    SW (210)
  HIGHEST GUST SPEED    27   HIGHEST GUST DIRECTION    SW (220)
  AVERAGE WIND SPEED     8.0


SKY COVER
  AVERAGE SKY COVER 0.7


WEATHER CONDITIONS
 THE FOLLOWING WEATHER WAS RECORDED YESTERDAY.
  NO SIGNIFICANT WEATHER WAS OBSERVED.


RELATIVE HUMIDITY (PERCENT)
 HIGHEST    77           900 AM
 LOWEST     42           300 PM
 AVERAGE    60

..........................................................


THE ROCHESTER NY CLIMATE NORMALS FOR TODAY
                         NORMAL    RECORD    YEAR
 MAXIMUM TEMPERATURE (F)   32        63      1975
 MINIMUM TEMPERATURE (F)   18       -14      1981


SUNRISE AND SUNSET
JANUARY 11 2018.......SUNRISE   741 AM EST   SUNSET   457 PM EST
JANUARY 12 2018.......SUNRISE   741 AM EST   SUNSET   458 PM EST


-  INDICATES NEGATIVE NUMBERS.
R  INDICATES RECORD WAS SET OR TIED.
MM INDICATES DATA IS MISSING.
T  INDICATES TRACE AMOUNT.




$$
