000
CDUS41 KBUF 150705
CLIROC


CLIMATE REPORT
NATIONAL WEATHER SERVICE BUFFALO NY
305 AM EDT FRI SEP 15 2017


...................................

...THE ROCHESTER NY CLIMATE SUMMARY FOR SEPTEMBER 14 2017...

CLIMATE NORMAL PERIOD 1981 TO 2010
CLIMATE RECORD PERIOD 1871 TO 2017


WEATHER ITEM   OBSERVED TIME   RECORD YEAR NORMAL DEPARTURE LAST
                VALUE   (LST)  VALUE       VALUE  FROM      YEAR
                                                  NORMAL
..................................................................
TEMPERATURE (F)
 YESTERDAY
  MAXIMUM         80    331 PM  92    1915  72      8       72
  MINIMUM         62   1159 PM  34    1963  53      9       55
  AVERAGE         71                        63      8       64

PRECIPITATION (IN)
  YESTERDAY        0.00          3.47 1979   0.12  -0.12      T
  MONTH TO DATE    0.96                      1.55  -0.59     0.15
  SINCE SEP 1      0.96                      1.55  -0.59     0.15
  SINCE JAN 1     31.97                     24.15   7.82    17.80

SNOWFALL (IN)
  YESTERDAY        0.0           T    1880   0.0    0.0      0.0
  MONTH TO DATE    0.0                       0.0    0.0      0.0
  SINCE SEP 1      0.0                       0.0    0.0      0.0
  SINCE JUL 1      0.0                       0.0    0.0      0.0
  SNOW DEPTH       0

DEGREE DAYS
 HEATING
  YESTERDAY        0                         4     -4        1
  MONTH TO DATE   59                        39     20        4
  SINCE SEP 1     59                        39     20        4
  SINCE JUL 1     86                        73     13        4

 COOLING
  YESTERDAY        6                         2      4        0
  MONTH TO DATE   11                        35    -24       76
  SINCE SEP 1     11                        35    -24       76
  SINCE JAN 1    527                       519      8      927
..................................................................


WIND (MPH)
  HIGHEST WIND SPEED    12   HIGHEST WIND DIRECTION     N (340)
  HIGHEST GUST SPEED    13   HIGHEST GUST DIRECTION     N (20)
  AVERAGE WIND SPEED     4.6


SKY COVER
  AVERAGE SKY COVER 0.7


WEATHER CONDITIONS
 THE FOLLOWING WEATHER WAS RECORDED YESTERDAY.
  NO SIGNIFICANT WEATHER WAS OBSERVED.


RELATIVE HUMIDITY (PERCENT)
 HIGHEST    93          1200 AM
 LOWEST     62           200 PM
 AVERAGE    78

..........................................................


THE ROCHESTER NY CLIMATE NORMALS FOR TODAY
                         NORMAL    RECORD    YEAR
 MAXIMUM TEMPERATURE (F)   72        96      1939
 MINIMUM TEMPERATURE (F)   52        37      1964
                                             1895


SUNRISE AND SUNSET
SEPTEMBER 15 2017.....SUNRISE   650 AM EDT   SUNSET   720 PM EDT
SEPTEMBER 16 2017.....SUNRISE   652 AM EDT   SUNSET   718 PM EDT


-  INDICATES NEGATIVE NUMBERS.
R  INDICATES RECORD WAS SET OR TIED.
MM INDICATES DATA IS MISSING.
T  INDICATES TRACE AMOUNT.




$$
