000
CDUS41 KBUF 180705
CLIROC


CLIMATE REPORT
NATIONAL WEATHER SERVICE BUFFALO NY
305 AM EDT MON JUL 18 2016


...................................

...THE ROCHESTER NY CLIMATE SUMMARY FOR JULY 17 2016...

CLIMATE NORMAL PERIOD 1981 TO 2010
CLIMATE RECORD PERIOD 1871 TO 2016


WEATHER ITEM   OBSERVED TIME   RECORD YEAR NORMAL DEPARTURE LAST
                VALUE   (LST)  VALUE       VALUE  FROM      YEAR
                                                  NORMAL
..................................................................
TEMPERATURE (F)
 YESTERDAY
  MAXIMUM         83    205 PM  97    2012  81      2       76
  MINIMUM         56    454 AM  48    1892  61     -5       56
  AVERAGE         70                        71     -1       66

PRECIPITATION (IN)
  YESTERDAY        0.00          2.04 1873   0.10  -0.10     0.05
  MONTH TO DATE    0.82                      1.78  -0.96     0.86
  SINCE JUN 1      1.73                      5.12  -3.39     7.06
  SINCE JAN 1     13.34                     17.58  -4.24    18.76

SNOWFALL (IN)
  YESTERDAY        0.0           0.0    MM   0.0    0.0      0.0
  MONTH TO DATE    0.0                       0.0    0.0      0.0
  SINCE JUN 1      0.0                       0.0    0.0      0.0
  SINCE JUL 1      0.0                       0.0    0.0      0.0
  SNOW DEPTH       0

DEGREE DAYS
 HEATING
  YESTERDAY        0                         0      0        0
  MONTH TO DATE    0                         6     -6       11
  SINCE JUN 1     47                        74    -27       68
  SINCE JUL 1      0                         6     -6       11

 COOLING
  YESTERDAY        5                         6     -1        1
  MONTH TO DATE  164                       102     62       70
  SINCE JUN 1    293                       208     85      164
  SINCE JAN 1    355                       238    117      267
..................................................................


WIND (MPH)
  HIGHEST WIND SPEED    17   HIGHEST WIND DIRECTION    NE (30)
  HIGHEST GUST SPEED    20   HIGHEST GUST DIRECTION    NE (30)
  AVERAGE WIND SPEED     4.7


SKY COVER
  AVERAGE SKY COVER 0.6


WEATHER CONDITIONS
 THE FOLLOWING WEATHER WAS RECORDED YESTERDAY.
  NO SIGNIFICANT WEATHER WAS OBSERVED.


RELATIVE HUMIDITY (PERCENT)
 HIGHEST   100           500 AM
 LOWEST     40           200 PM
 AVERAGE    70

..........................................................


THE ROCHESTER NY CLIMATE NORMALS FOR TODAY
                         NORMAL    RECORD    YEAR
 MAXIMUM TEMPERATURE (F)   81        97      1953
 MINIMUM TEMPERATURE (F)   61        47      1971


SUNRISE AND SUNSET
JULY 18 2016..........SUNRISE   548 AM EDT   SUNSET   846 PM EDT
JULY 19 2016..........SUNRISE   549 AM EDT   SUNSET   845 PM EDT


-  INDICATES NEGATIVE NUMBERS.
R  INDICATES RECORD WAS SET OR TIED.
MM INDICATES DATA IS MISSING.
T  INDICATES TRACE AMOUNT.




$$
