000
CDUS41 KBUF 090705
CLIROC


CLIMATE REPORT
NATIONAL WEATHER SERVICE BUFFALO NY
205 AM EST THU NOV 9 2017


...................................

...THE ROCHESTER NY CLIMATE SUMMARY FOR NOVEMBER 8 2017...

CLIMATE NORMAL PERIOD 1981 TO 2010
CLIMATE RECORD PERIOD 1871 TO 2017


WEATHER ITEM   OBSERVED TIME   RECORD YEAR NORMAL DEPARTURE LAST
                VALUE   (LST)  VALUE       VALUE  FROM      YEAR
                                                  NORMAL
..................................................................
TEMPERATURE (F)
 YESTERDAY
  MAXIMUM         48    246 PM  74    1916  51     -3       66
  MINIMUM         28    550 AM  19    1971  35     -7       39
  AVERAGE         38                        43     -5       53

PRECIPITATION (IN)
  YESTERDAY        0.00          1.41 1996   0.09  -0.09     0.06
  MONTH TO DATE    2.70                      0.77   1.93     0.97
  SINCE SEP 1     10.69                      6.87   3.82     8.53
  SINCE JAN 1     41.70                     29.47  12.23    26.18

SNOWFALL (IN)
  YESTERDAY        0.0           3.5  1923   0.2   -0.2      0.0
  MONTH TO DATE    0.0                       1.0   -1.0      0.0
  SINCE SEP 1      0.0                       1.1   -1.1      0.9
  SINCE JUL 1      0.0                       1.1   -1.1      0.9
  SNOW DEPTH       0

DEGREE DAYS
 HEATING
  YESTERDAY       27                        22      5       12
  MONTH TO DATE  150                       165    -15      113
  SINCE SEP 1    485                       764   -279      506
  SINCE JUL 1    512                       798   -286      506

 COOLING
  YESTERDAY        0                         0      0        0
  MONTH TO DATE    0                         0      0        0
  SINCE SEP 1    139                        55     84      127
  SINCE JAN 1    655                       539    116      978
..................................................................


WIND (MPH)
  HIGHEST WIND SPEED    13   HIGHEST WIND DIRECTION    SW (230)
  HIGHEST GUST SPEED    16   HIGHEST GUST DIRECTION    SW (230)
  AVERAGE WIND SPEED     4.4


SKY COVER
  AVERAGE SKY COVER 0.1


WEATHER CONDITIONS
 THE FOLLOWING WEATHER WAS RECORDED YESTERDAY.
  NO SIGNIFICANT WEATHER WAS OBSERVED.


RELATIVE HUMIDITY (PERCENT)
 HIGHEST   100           200 AM
 LOWEST     42          1200 PM
 AVERAGE    71

..........................................................


THE ROCHESTER NY CLIMATE NORMALS FOR TODAY
                         NORMAL    RECORD    YEAR
 MAXIMUM TEMPERATURE (F)   51        74      1999
                                             1931
 MINIMUM TEMPERATURE (F)   35        17      1991


SUNRISE AND SUNSET
NOVEMBER  9 2017......SUNRISE   656 AM EST   SUNSET   453 PM EST
NOVEMBER 10 2017......SUNRISE   657 AM EST   SUNSET   451 PM EST


-  INDICATES NEGATIVE NUMBERS.
R  INDICATES RECORD WAS SET OR TIED.
MM INDICATES DATA IS MISSING.
T  INDICATES TRACE AMOUNT.




$$
