000
CDUS41 KBUF 131019
CLIROC


CLIMATE REPORT
NATIONAL WEATHER SERVICE BUFFALO NY
618 AM EDT SAT AUG 13 2016


...................................

...THE ROCHESTER NY CLIMATE SUMMARY FOR AUGUST 12 2016...

CLIMATE NORMAL PERIOD 1981 TO 2010
CLIMATE RECORD PERIOD 1871 TO 2016


WEATHER ITEM   OBSERVED TIME   RECORD YEAR NORMAL DEPARTURE LAST
                VALUE   (LST)  VALUE       VALUE  FROM      YEAR
                                                  NORMAL
..................................................................
TEMPERATURE (F)
 YESTERDAY
  MAXIMUM         96R   142 PM  96    2016  80     16       75
                                      1874
  MINIMUM         75    305 AM  46    1987  60     15       56
  AVERAGE         86                        70     16       66

PRECIPITATION (IN)
  YESTERDAY        0.00          1.90 1875   0.11  -0.11      T
  MONTH TO DATE    0.50                      1.42  -0.92     2.51
  SINCE JUN 1      2.63                      8.09  -5.46    12.27
  SINCE JAN 1     14.24                     20.55  -6.31    23.97

SNOWFALL (IN)
  YESTERDAY        0.0           0.0    MM   0.0    0.0      0.0
  MONTH TO DATE    0.0                       0.0    0.0      0.0
  SINCE JUN 1      0.0                       0.0    0.0      0.0
  SINCE JUL 1      0.0                       0.0    0.0      0.0
  SNOW DEPTH       0

DEGREE DAYS
 HEATING
  YESTERDAY        0                         1     -1        0
  MONTH TO DATE    0                         2     -2        1
  SINCE JUN 1     47                        82    -35       69
  SINCE JUL 1      0                        14    -14       12

 COOLING
  YESTERDAY       21                         5     16        1
  MONTH TO DATE  155                        71     84       46
  SINCE JUN 1    597                       370    227      340
  SINCE JAN 1    659                       400    259      443
..................................................................


WIND (MPH)
  HIGHEST WIND SPEED    31   HIGHEST WIND DIRECTION    NW (310)
  HIGHEST GUST SPEED    37   HIGHEST GUST DIRECTION    NW (310)
  AVERAGE WIND SPEED    11.3


SKY COVER
  AVERAGE SKY COVER 0.7


WEATHER CONDITIONS
 THE FOLLOWING WEATHER WAS RECORDED YESTERDAY.
  THUNDERSTORM


RELATIVE HUMIDITY (PERCENT)
 HIGHEST    87           500 AM
 LOWEST     49           200 PM
 AVERAGE    68

..........................................................


THE ROCHESTER NY CLIMATE NORMALS FOR TODAY
                         NORMAL    RECORD    YEAR
 MAXIMUM TEMPERATURE (F)   80        97      1918
 MINIMUM TEMPERATURE (F)   60        46      1979


SUNRISE AND SUNSET
AUGUST 13 2016........SUNRISE   615 AM EDT   SUNSET   815 PM EDT
AUGUST 14 2016........SUNRISE   616 AM EDT   SUNSET   814 PM EDT


-  INDICATES NEGATIVE NUMBERS.
R  INDICATES RECORD WAS SET OR TIED.
MM INDICATES DATA IS MISSING.
T  INDICATES TRACE AMOUNT.

$$
