000
CDUS41 KBUF 131023
CLIROC


CLIMATE REPORT
NATIONAL WEATHER SERVICE BUFFALO NY
620 AM EDT THU APR 13 2017


...................................

...THE ROCHESTER NY CLIMATE SUMMARY FOR APRIL 12 2017...

CLIMATE NORMAL PERIOD 1981 TO 2010
CLIMATE RECORD PERIOD 1871 TO 2017


WEATHER ITEM   OBSERVED TIME   RECORD YEAR NORMAL DEPARTURE LAST
                VALUE   (LST)  VALUE       VALUE  FROM      YEAR
                                                  NORMAL
..................................................................
TEMPERATURE (F)
 YESTERDAY
  MAXIMUM         54   1224 AM  85    1945  55     -1       46
  MINIMUM         41   1159 PM  20    1882  36      5       30
                                      1880
                                      1874
  AVERAGE         48                        45      3       38

PRECIPITATION (IN)
  YESTERDAY        0.00          1.33 1944   0.09  -0.09     0.01
  MONTH TO DATE    2.64                      1.14   1.50     0.87
  SINCE MAR 1      7.30                      3.64   3.66     2.69
  SINCE JAN 1     12.38                      8.00   4.38     7.99

SNOWFALL (IN)
  YESTERDAY        0.0           2.9  1990   0.1   -0.1      0.0
  MONTH TO DATE    2.5                       2.4    0.1      8.8
  SINCE MAR 1     35.5                      18.7   16.8     12.0
  SINCE JUL 1    107.1                      97.6    9.5     63.7
  SNOW DEPTH       0

DEGREE DAYS
 HEATING
  YESTERDAY       17                        20     -3       27
  MONTH TO DATE  195                       269    -74      356
  SINCE MAR 1   1183                      1221    -38     1118
  SINCE JUL 1   5051                      6007   -956     5035

 COOLING
  YESTERDAY        0                         0      0        0
  MONTH TO DATE    3                         0      3        0
  SINCE MAR 1      3                         0      3        0
  SINCE JAN 1      3                         0      3        0
..................................................................


WIND (MPH)
  HIGHEST WIND SPEED    22   HIGHEST WIND DIRECTION     W (270)
  HIGHEST GUST SPEED    28   HIGHEST GUST DIRECTION     W (270)
  AVERAGE WIND SPEED    12.8


SKY COVER
  AVERAGE SKY COVER 1.0


WEATHER CONDITIONS
 THE FOLLOWING WEATHER WAS RECORDED YESTERDAY.
  NO SIGNIFICANT WEATHER WAS OBSERVED.


RELATIVE HUMIDITY (PERCENT)
 HIGHEST    77          1200 AM
 LOWEST     61           400 PM
 AVERAGE    69

..........................................................


THE ROCHESTER NY CLIMATE NORMALS FOR TODAY
                         NORMAL    RECORD    YEAR
 MAXIMUM TEMPERATURE (F)   55        86      1945
 MINIMUM TEMPERATURE (F)   36        20      1874


SUNRISE AND SUNSET
APRIL 13 2017.........SUNRISE   632 AM EDT   SUNSET   751 PM EDT
APRIL 14 2017.........SUNRISE   630 AM EDT   SUNSET   753 PM EDT


-  INDICATES NEGATIVE NUMBERS.
R  INDICATES RECORD WAS SET OR TIED.
MM INDICATES DATA IS MISSING.
T  INDICATES TRACE AMOUNT.




$$
