000
CDUS41 KBUF 241015
CLIROC


CLIMATE REPORT
NATIONAL WEATHER SERVICE BUFFALO NY
514 AM EST MON NOV 24 2014


...................................

...THE ROCHESTER NY CLIMATE SUMMARY FOR NOVEMBER 23 2014...

CLIMATE NORMAL PERIOD 1981 TO 2010
CLIMATE RECORD PERIOD 1871 TO 2014


WEATHER ITEM   OBSERVED TIME   RECORD YEAR NORMAL DEPARTURE LAST
                VALUE   (LST)  VALUE       VALUE  FROM      YEAR
                                                  NORMAL
..................................................................
TEMPERATURE (F)
 YESTERDAY
  MAXIMUM         55   1159 PM  74    1931  45     10       36
  MINIMUM         43    224 AM   5    1971  31     12       19
  AVERAGE         49                        38     11       28

PRECIPITATION (IN)
  YESTERDAY        0.04          1.15 1877   0.11  -0.07     0.02
  MONTH TO DATE    2.06                      2.25  -0.19     1.97
  SINCE SEP 1      5.28                      8.35  -3.07     7.70
  SINCE JAN 1     30.31                     30.95  -0.64    32.91

SNOWFALL (IN)
  YESTERDAY        0.0           4.2  1917   0.3   -0.3      0.6
  MONTH TO DATE    7.3                       4.5    2.8      2.4
  SINCE SEP 1      7.3                       4.6    2.7      2.4
  SINCE JUL 1      7.3                       4.6    2.7      2.4
  SNOW DEPTH       0

DEGREE DAYS
 HEATING
  YESTERDAY       16                        27    -11       37
  MONTH TO DATE  603                       534     69      533
  SINCE SEP 1   1075                      1133    -58     1070
  SINCE JUL 1   1100                      1167    -67     1088

 COOLING
  YESTERDAY        0                         0      0        0
  MONTH TO DATE    0                         0      0        0
  SINCE SEP 1     78                        55     23       69
  SINCE JAN 1    542                       539      3      660
..................................................................


WIND (MPH)
  HIGHEST WIND SPEED    20   HIGHEST WIND DIRECTION     S (170)
  HIGHEST GUST SPEED    28   HIGHEST GUST DIRECTION     S (160)
  AVERAGE WIND SPEED     8.7


SKY COVER
  AVERAGE SKY COVER 0.9


WEATHER CONDITIONS
 THE FOLLOWING WEATHER WAS RECORDED YESTERDAY.
  LIGHT RAIN
  FOG


RELATIVE HUMIDITY (PERCENT)
 HIGHEST    89          1200 AM
 LOWEST     50          1100 PM
 AVERAGE    70

..........................................................


THE ROCHESTER NY CLIMATE NORMALS FOR TODAY
                         NORMAL    RECORD    YEAR
 MAXIMUM TEMPERATURE (F)   44        71      1931
 MINIMUM TEMPERATURE (F)   31         6      1880


SUNRISE AND SUNSET
NOVEMBER 24 2014......SUNRISE   714 AM EST   SUNSET   440 PM EST
NOVEMBER 25 2014......SUNRISE   716 AM EST   SUNSET   439 PM EST


-  INDICATES NEGATIVE NUMBERS.
R  INDICATES RECORD WAS SET OR TIED.
MM INDICATES DATA IS MISSING.
T  INDICATES TRACE AMOUNT.

$$
