000
CDUS41 KBUF 120705
CLIROC


CLIMATE REPORT
NATIONAL WEATHER SERVICE BUFFALO NY
305 AM EDT SAT AUG 12 2017


...................................

...THE ROCHESTER NY CLIMATE SUMMARY FOR AUGUST 11 2017...

CLIMATE NORMAL PERIOD 1981 TO 2010
CLIMATE RECORD PERIOD 1871 TO 2017


WEATHER ITEM   OBSERVED TIME   RECORD YEAR NORMAL DEPARTURE LAST
                VALUE   (LST)  VALUE       VALUE  FROM      YEAR
                                                  NORMAL
..................................................................
TEMPERATURE (F)
 YESTERDAY
  MAXIMUM         78    128 PM  97    1944  80     -2       94
                                      1893
  MINIMUM         61    414 AM  49    1982  60      1       71
                                      1962
                                      1894
  AVERAGE         70                        70      0       83

PRECIPITATION (IN)
  YESTERDAY        T             3.12 1937   0.12  -0.12     0.00
  MONTH TO DATE    1.36                      1.31   0.05     0.50
  SINCE JUN 1      9.19                      7.98   1.21     2.63
  SINCE JAN 1     29.17                     20.44   8.73    14.24

SNOWFALL (IN)
  YESTERDAY        0.0           0.0    MM   0.0    0.0      0.0
  MONTH TO DATE    0.0                       0.0    0.0      0.0
  SINCE JUN 1      0.0                       0.0    0.0      0.0
  SINCE JUL 1      0.0                       0.0    0.0      0.0
  SNOW DEPTH       0

DEGREE DAYS
 HEATING
  YESTERDAY        0                         1     -1        0
  MONTH TO DATE    1                         1      0        0
  SINCE JUN 1     48                        81    -33       47
  SINCE JUL 1      3                        13    -10        0

 COOLING
  YESTERDAY        5                         6     -1       18
  MONTH TO DATE   64                        66     -2      134
  SINCE JUN 1    395                       365     30      576
  SINCE JAN 1    437                       395     42      638
..................................................................


WIND (MPH)
  HIGHEST WIND SPEED    14   HIGHEST WIND DIRECTION    NW (320)
  HIGHEST GUST SPEED    17   HIGHEST GUST DIRECTION     S (190)
  AVERAGE WIND SPEED     4.6


SKY COVER
  AVERAGE SKY COVER 0.9


WEATHER CONDITIONS
 THE FOLLOWING WEATHER WAS RECORDED YESTERDAY.
  THUNDERSTORM
  LIGHT RAIN


RELATIVE HUMIDITY (PERCENT)
 HIGHEST    87          1100 PM
 LOWEST     64           300 PM
 AVERAGE    76

..........................................................


THE ROCHESTER NY CLIMATE NORMALS FOR TODAY
                         NORMAL    RECORD    YEAR
 MAXIMUM TEMPERATURE (F)   80        96      2016
                                             1874
 MINIMUM TEMPERATURE (F)   60        46      1987


SUNRISE AND SUNSET
AUGUST 12 2017........SUNRISE   613 AM EDT   SUNSET   817 PM EDT
AUGUST 13 2017........SUNRISE   614 AM EDT   SUNSET   816 PM EDT


-  INDICATES NEGATIVE NUMBERS.
R  INDICATES RECORD WAS SET OR TIED.
MM INDICATES DATA IS MISSING.
T  INDICATES TRACE AMOUNT.




$$
