000
CDUS41 KBUF 131024
CLIROC


CLIMATE REPORT
NATIONAL WEATHER SERVICE BUFFALO NY
623 AM EDT MON MAR 13 2017


...................................

...THE ROCHESTER NY CLIMATE SUMMARY FOR MARCH 12 2017...

CLIMATE NORMAL PERIOD 1981 TO 2010
CLIMATE RECORD PERIOD 1871 TO 2017


WEATHER ITEM   OBSERVED TIME   RECORD YEAR NORMAL DEPARTURE LAST
                VALUE   (LST)  VALUE       VALUE  FROM      YEAR
                                                  NORMAL
..................................................................
TEMPERATURE (F)
 YESTERDAY
  MAXIMUM         22    519 PM  69    1995  41    -19       64
                                      1977
  MINIMUM         12    631 AM  -5    1960  24    -12       29
  AVERAGE         17                        33    -16       47

PRECIPITATION (IN)
  YESTERDAY        T             1.11 1896   0.08  -0.08     0.00
  MONTH TO DATE    0.71                      0.94  -0.23     0.44
  SINCE MAR 1      0.71                      0.94  -0.23     0.44
  SINCE JAN 1      5.79                      5.30   0.49     5.74

SNOWFALL (IN)
  YESTERDAY        0.3          17.4  1959   0.7   -0.4      0.0
  MONTH TO DATE    4.8                       8.3   -3.5      2.2
  SINCE MAR 1      4.8                       8.3   -3.5      2.2
  SINCE JUL 1     76.4                      87.2  -10.8     53.9
  SNOW DEPTH       1

DEGREE DAYS
 HEATING
  YESTERDAY       48                        32     16       18
  MONTH TO DATE  406                       409     -3      328
  SINCE MAR 1    406                       409     -3      328
  SINCE JUL 1   4274                      5195   -921     4245

 COOLING
  YESTERDAY        0                         0      0        0
  MONTH TO DATE    0                         0      0        0
  SINCE MAR 1      0                         0      0        0
  SINCE JAN 1      0                         0      0        0
..................................................................


WIND (MPH)
  HIGHEST WIND SPEED    23   HIGHEST WIND DIRECTION    NW (330)
  HIGHEST GUST SPEED    29   HIGHEST GUST DIRECTION     N (340)
  AVERAGE WIND SPEED    10.9


SKY COVER
  AVERAGE SKY COVER 0.6


WEATHER CONDITIONS
 THE FOLLOWING WEATHER WAS RECORDED YESTERDAY.
  LIGHT SNOW
  HAZE


RELATIVE HUMIDITY (PERCENT)
 HIGHEST    73          1000 PM
 LOWEST     43           100 PM
 AVERAGE    58

..........................................................


THE ROCHESTER NY CLIMATE NORMALS FOR TODAY
                         NORMAL    RECORD    YEAR
 MAXIMUM TEMPERATURE (F)   42        71      1995
 MINIMUM TEMPERATURE (F)   25        -7      1885


SUNRISE AND SUNSET
MARCH 13 2017.........SUNRISE   726 AM EDT   SUNSET   715 PM EDT
MARCH 14 2017.........SUNRISE   724 AM EDT   SUNSET   716 PM EDT


-  INDICATES NEGATIVE NUMBERS.
R  INDICATES RECORD WAS SET OR TIED.
MM INDICATES DATA IS MISSING.
T  INDICATES TRACE AMOUNT.

$$
