000
CDUS41 KBUF 110705
CLIROC


CLIMATE REPORT
NATIONAL WEATHER SERVICE BUFFALO NY
205 AM EST SUN FEB 11 2018


...................................

...THE ROCHESTER NY CLIMATE SUMMARY FOR FEBRUARY 10 2018...

CLIMATE NORMAL PERIOD 1981 TO 2010
CLIMATE RECORD PERIOD 1871 TO 2018


WEATHER ITEM   OBSERVED TIME   RECORD YEAR NORMAL DEPARTURE LAST
                VALUE   (LST)  VALUE       VALUE  FROM      YEAR
                                                  NORMAL
..................................................................
TEMPERATURE (F)
 YESTERDAY
  MAXIMUM         32    130 PM  57    1881  33     -1       31
  MINIMUM         28   1159 PM -11    1951  18     10       19
                                      1934
  AVERAGE         30                        25      5       25

PRECIPITATION (IN)
  YESTERDAY        0.33          0.83 1970   0.06   0.27     0.13
  MONTH TO DATE    1.00                      0.66   0.34     0.86
  SINCE DEC 1      6.35                      5.70   0.65     6.52
  SINCE JAN 1      4.11                      3.07   1.04     3.61

SNOWFALL (IN)
  YESTERDAY       MM             4.2  2003   0.7   MM        2.5
  MONTH TO DATE   11.0                       7.8    3.2      6.8
  SINCE DEC 1     78.6                      57.8   20.8     47.9
  SINCE JUL 1     81.2                      65.2   16.0     63.8
  SNOW DEPTH       0

DEGREE DAYS
 HEATING
  YESTERDAY       35                        40     -5       40
  MONTH TO DATE  414                       401     13      365
  SINCE DEC 1   2849                      2737    112     2436
  SINCE JUL 1   3940                      4105   -165     3414

 COOLING
  YESTERDAY        0                         0      0        0
  MONTH TO DATE    0                         0      0        0
  SINCE DEC 1      0                         0      0        0
  SINCE JAN 1      0                         0      0        0
..................................................................


WIND (MPH)
  HIGHEST WIND SPEED    15   HIGHEST WIND DIRECTION    NE (50)
  HIGHEST GUST SPEED    18   HIGHEST GUST DIRECTION    NE (50)
  AVERAGE WIND SPEED     5.2


SKY COVER
  AVERAGE SKY COVER 1.0


WEATHER CONDITIONS
 THE FOLLOWING WEATHER WAS RECORDED YESTERDAY.
  LIGHT SNOW
  FOG


RELATIVE HUMIDITY (PERCENT)
 HIGHEST   100           200 AM
 LOWEST     92          1200 AM
 AVERAGE    96

..........................................................


THE ROCHESTER NY CLIMATE NORMALS FOR TODAY
                         NORMAL    RECORD    YEAR
 MAXIMUM TEMPERATURE (F)   33        70      1932
 MINIMUM TEMPERATURE (F)   18       -15      1979


SUNRISE AND SUNSET
FEBRUARY 11 2018......SUNRISE   714 AM EST   SUNSET   537 PM EST
FEBRUARY 12 2018......SUNRISE   712 AM EST   SUNSET   538 PM EST


-  INDICATES NEGATIVE NUMBERS.
R  INDICATES RECORD WAS SET OR TIED.
MM INDICATES DATA IS MISSING.
T  INDICATES TRACE AMOUNT.




$$
