000
CDUS41 KBUF 080705
CLIROC


CLIMATE REPORT
NATIONAL WEATHER SERVICE BUFFALO NY
305 AM EDT TUE APR 8 2014


...................................

...THE ROCHESTER NY CLIMATE SUMMARY FOR APRIL 7 2014...

CLIMATE NORMAL PERIOD 1981 TO 2010
CLIMATE RECORD PERIOD 1871 TO 2014


WEATHER ITEM   OBSERVED TIME   RECORD YEAR NORMAL DEPARTURE LAST
                VALUE   (LST)  VALUE       VALUE  FROM      YEAR
                                                  NORMAL
..................................................................
TEMPERATURE (F)
 YESTERDAY
  MAXIMUM         52   1228 PM  79    1991  52      0       72
  MINIMUM         30    419 AM  13    1982  34     -4       43
  AVERAGE         41                        43     -2       58

PRECIPITATION (IN)
  YESTERDAY        0.61          1.00 1893   0.09   0.52      T
  MONTH TO DATE    1.13                      0.65   0.48     0.12
  SINCE MAR 1      3.49                      3.15   0.34     0.97
  SINCE JAN 1      7.11                      7.51  -0.40     5.28

SNOWFALL (IN)
  YESTERDAY       MM             4.9  1886   0.2   MM        0.0
  MONTH TO DATE    0.1                       1.6   -1.5      2.3
  SINCE MAR 1     29.4                      17.9   11.5     14.2
  SINCE JUL 1    112.5                      96.8   15.7     78.1
  SNOW DEPTH       0

DEGREE DAYS
 HEATING
  YESTERDAY       24                        22      2        7
  MONTH TO DATE  180                       164     16      187
  SINCE MAR 1   1328                      1116    212     1158
  SINCE JUL 1   6413                      5902    511     5466

 COOLING
  YESTERDAY        0                         0      0        0
  MONTH TO DATE    0                         0      0        0
  SINCE MAR 1      0                         0      0        0
  SINCE JAN 1      0                         0      0        0
..................................................................


WIND (MPH)
  HIGHEST WIND SPEED    23   HIGHEST WIND DIRECTION    SE (120)
  HIGHEST GUST SPEED    31   HIGHEST GUST DIRECTION    SE (120)
  AVERAGE WIND SPEED     9.0


SKY COVER
  AVERAGE SKY COVER 0.8


WEATHER CONDITIONS
 THE FOLLOWING WEATHER WAS RECORDED YESTERDAY.
  THUNDERSTORM
  HEAVY RAIN
  RAIN
  LIGHT RAIN
  FOG


RELATIVE HUMIDITY (PERCENT)
 HIGHEST    93           500 PM
 LOWEST     30          1200 PM
 AVERAGE    62

..........................................................


THE ROCHESTER NY CLIMATE NORMALS FOR TODAY
                         NORMAL    RECORD    YEAR
 MAXIMUM TEMPERATURE (F)   53        80      1991
 MINIMUM TEMPERATURE (F)   34        17      1972


SUNRISE AND SUNSET
APRIL  8 2014.........SUNRISE   641 AM EDT   SUNSET   745 PM EDT
APRIL  9 2014.........SUNRISE   639 AM EDT   SUNSET   746 PM EDT


-  INDICATES NEGATIVE NUMBERS.
R  INDICATES RECORD WAS SET OR TIED.
MM INDICATES DATA IS MISSING.
T  INDICATES TRACE AMOUNT.




$$
