000
CDUS41 KBUF 131020
CLIROC


CLIMATE REPORT
NATIONAL WEATHER SERVICE BUFFALO NY
519 AM EST MON NOV 13 2017


...................................

...THE ROCHESTER NY CLIMATE SUMMARY FOR NOVEMBER 12 2017...

CLIMATE NORMAL PERIOD 1981 TO 2010
CLIMATE RECORD PERIOD 1871 TO 2017


WEATHER ITEM   OBSERVED TIME   RECORD YEAR NORMAL DEPARTURE LAST
                VALUE   (LST)  VALUE       VALUE  FROM      YEAR
                                                  NORMAL
..................................................................
TEMPERATURE (F)
 YESTERDAY
  MAXIMUM         42   1108 AM  72    1982  50     -8       48
  MINIMUM         24    318 AM  21    1983  34    -10       27
                                      1894
  AVERAGE         33                        42     -9       38

PRECIPITATION (IN)
  YESTERDAY        T             1.46 1879   0.09  -0.09     0.00
  MONTH TO DATE    2.95                      1.13   1.82     1.03
  SINCE SEP 1     10.94                      7.23   3.71     8.59
  SINCE JAN 1     41.95                     29.83  12.12    26.24

SNOWFALL (IN)
  YESTERDAY        0.0           5.0  1977   0.2   -0.2      0.0
  MONTH TO DATE    1.5                       1.7   -0.2      0.0
  SINCE SEP 1      1.5                       1.8   -0.3      0.9
  SINCE JUL 1      1.5                       1.8   -0.3      0.9
  SNOW DEPTH       0

DEGREE DAYS
 HEATING
  YESTERDAY       32                        23      9       27
  MONTH TO DATE  282                       255     27      194
  SINCE SEP 1    617                       854   -237      587
  SINCE JUL 1    644                       888   -244      587

 COOLING
  YESTERDAY        0                         0      0        0
  MONTH TO DATE    0                         0      0        0
  SINCE SEP 1    139                        55     84      127
  SINCE JAN 1    655                       539    116      978
..................................................................


WIND (MPH)
  HIGHEST WIND SPEED    10   HIGHEST WIND DIRECTION    SE (130)
  HIGHEST GUST SPEED    13   HIGHEST GUST DIRECTION     W (260)
  AVERAGE WIND SPEED     4.3


SKY COVER
  AVERAGE SKY COVER 0.9


WEATHER CONDITIONS
 THE FOLLOWING WEATHER WAS RECORDED YESTERDAY.
  LIGHT RAIN


RELATIVE HUMIDITY (PERCENT)
 HIGHEST    81           200 AM
 LOWEST     44          1100 AM
 AVERAGE    63

..........................................................


THE ROCHESTER NY CLIMATE NORMALS FOR TODAY
                         NORMAL    RECORD    YEAR
 MAXIMUM TEMPERATURE (F)   49        71      1902
 MINIMUM TEMPERATURE (F)   34        17      2013


SUNRISE AND SUNSET
NOVEMBER 13 2017......SUNRISE   701 AM EST   SUNSET   448 PM EST
NOVEMBER 14 2017......SUNRISE   702 AM EST   SUNSET   447 PM EST


-  INDICATES NEGATIVE NUMBERS.
R  INDICATES RECORD WAS SET OR TIED.
MM INDICATES DATA IS MISSING.
T  INDICATES TRACE AMOUNT.




$$
