000
CDUS41 KBUF 051023
CLIROC


CLIMATE REPORT
NATIONAL WEATHER SERVICE BUFFALO NY
621 AM EDT SAT JUL 5 2014


...................................

...THE ROCHESTER NY CLIMATE SUMMARY FOR JULY 4 2014...

CLIMATE NORMAL PERIOD 1981 TO 2010
CLIMATE RECORD PERIOD 1871 TO 2014


WEATHER ITEM   OBSERVED TIME   RECORD YEAR NORMAL DEPARTURE LAST
                VALUE   (LST)  VALUE       VALUE  FROM      YEAR
                                                  NORMAL
..................................................................
TEMPERATURE (F)
 YESTERDAY
  MAXIMUM         73    513 PM  99    1897  81     -8       86
  MINIMUM         58    604 AM  47    1986  60     -2       70
                                      1960
  AVERAGE         66                        70     -4       78

PRECIPITATION (IN)
  YESTERDAY        T             2.61 1998   0.10  -0.10     0.07
  MONTH TO DATE    0.46                      0.42   0.04     2.82
  SINCE JUN 1      2.52                      3.76  -1.24     9.09
  SINCE JAN 1     15.52                     16.22  -0.70    20.92

SNOWFALL (IN)
  YESTERDAY        0.0           0.0    MM   0.0    0.0      0.0
  MONTH TO DATE    0.0                       0.0    0.0      0.0
  SINCE JUN 1      0.0                       0.0    0.0      0.0
  SINCE JUL 1      0.0                       0.0    0.0      0.0
  SNOW DEPTH       0

DEGREE DAYS
 HEATING
  YESTERDAY        0                         1     -1        0
  MONTH TO DATE    0                         4     -4        0
  SINCE JUN 1     29                        72    -43       58
  SINCE JUL 1      0                         4     -4        0

 COOLING
  YESTERDAY        1                         6     -5       13
  MONTH TO DATE   36                        24     12       30
  SINCE JUN 1    186                       130     56      137
  SINCE JAN 1    225                       160     65      208
..................................................................


WIND (MPH)
  HIGHEST WIND SPEED    20   HIGHEST WIND DIRECTION     N (340)
  HIGHEST GUST SPEED    25   HIGHEST GUST DIRECTION    NW (310)
  AVERAGE WIND SPEED    10.4


SKY COVER
  AVERAGE SKY COVER 0.6


WEATHER CONDITIONS
 THE FOLLOWING WEATHER WAS RECORDED YESTERDAY.
  NO SIGNIFICANT WEATHER WAS OBSERVED.


RELATIVE HUMIDITY (PERCENT)
 HIGHEST    90           100 AM
 LOWEST     41           200 PM
 AVERAGE    66

..........................................................


THE ROCHESTER NY CLIMATE NORMALS FOR TODAY
                         NORMAL    RECORD    YEAR
 MAXIMUM TEMPERATURE (F)   81       101      1911
 MINIMUM TEMPERATURE (F)   60        47      1997
                                             1961


SUNRISE AND SUNSET
JULY  5 2014..........SUNRISE   537 AM EDT   SUNSET   853 PM EDT
JULY  6 2014..........SUNRISE   538 AM EDT   SUNSET   853 PM EDT


-  INDICATES NEGATIVE NUMBERS.
R  INDICATES RECORD WAS SET OR TIED.
MM INDICATES DATA IS MISSING.
T  INDICATES TRACE AMOUNT.




$$
