000
CDUS41 KBUF 120705
CLIROC


CLIMATE REPORT
NATIONAL WEATHER SERVICE BUFFALO NY
305 AM EDT SUN MAR 12 2017


...................................

...THE ROCHESTER NY CLIMATE SUMMARY FOR MARCH 11 2017...

CLIMATE NORMAL PERIOD 1981 TO 2010
CLIMATE RECORD PERIOD 1871 TO 2017


WEATHER ITEM   OBSERVED TIME   RECORD YEAR NORMAL DEPARTURE LAST
                VALUE   (LST)  VALUE       VALUE  FROM      YEAR
                                                  NORMAL
..................................................................
TEMPERATURE (F)
 YESTERDAY
  MAXIMUM         19    408 PM  70    1927  41    -22       46
  MINIMUM         12    613 AM  -5    1960  24    -12       31
  AVERAGE         16                        32    -16       39

PRECIPITATION (IN)
  YESTERDAY        0.04          0.92 1936   0.08  -0.04     0.00
  MONTH TO DATE    0.71                      0.86  -0.15     0.44
  SINCE MAR 1      0.71                      0.86  -0.15     0.44
  SINCE JAN 1      5.79                      5.22   0.57     5.74

SNOWFALL (IN)
  YESTERDAY       MM            17.5  1992   0.6   MM        0.0
  MONTH TO DATE    3.0                       7.6   -4.6      2.2
  SINCE MAR 1      3.0                       7.6   -4.6      2.2
  SINCE JUL 1     74.6                      86.5  -11.9     53.9
  SNOW DEPTH       0

DEGREE DAYS
 HEATING
  YESTERDAY       49                        33     16       26
  MONTH TO DATE  358                       377    -19      310
  SINCE MAR 1    358                       377    -19      310
  SINCE JUL 1   4226                      5163   -937     4227

 COOLING
  YESTERDAY        0                         0      0        0
  MONTH TO DATE    0                         0      0        0
  SINCE MAR 1      0                         0      0        0
  SINCE JAN 1      0                         0      0        0
..................................................................


WIND (MPH)
  HIGHEST WIND SPEED    26   HIGHEST WIND DIRECTION    NW (320)
  HIGHEST GUST SPEED    33   HIGHEST GUST DIRECTION    NW (320)
  AVERAGE WIND SPEED    11.4


SKY COVER
  AVERAGE SKY COVER 1.0


WEATHER CONDITIONS
 THE FOLLOWING WEATHER WAS RECORDED YESTERDAY.
  LIGHT SNOW
  HAZE
  BLOWING SNOW


RELATIVE HUMIDITY (PERCENT)
 HIGHEST    80           100 AM
 LOWEST     61          1200 PM
 AVERAGE    71

..........................................................


THE ROCHESTER NY CLIMATE NORMALS FOR TODAY
                         NORMAL    RECORD    YEAR
 MAXIMUM TEMPERATURE (F)   41        69      1995
                                             1977
 MINIMUM TEMPERATURE (F)   24        -5      1960


SUNRISE AND SUNSET
MARCH 12 2017.........SUNRISE   728 AM EDT   SUNSET   714 PM EDT
MARCH 13 2017.........SUNRISE   726 AM EDT   SUNSET   715 PM EDT


-  INDICATES NEGATIVE NUMBERS.
R  INDICATES RECORD WAS SET OR TIED.
MM INDICATES DATA IS MISSING.
T  INDICATES TRACE AMOUNT.




$$
