000
CDUS41 KBUF 211023
CLIROC


CLIMATE REPORT
NATIONAL WEATHER SERVICE BUFFALO NY
521 AM EST MON NOV 21 2016


...................................

...THE ROCHESTER NY CLIMATE SUMMARY FOR NOVEMBER 20 2016...

CLIMATE NORMAL PERIOD 1981 TO 2010
CLIMATE RECORD PERIOD 1871 TO 2016


WEATHER ITEM   OBSERVED TIME   RECORD YEAR NORMAL DEPARTURE LAST
                VALUE   (LST)  VALUE       VALUE  FROM      YEAR
                                                  NORMAL
..................................................................
TEMPERATURE (F)
 YESTERDAY
  MAXIMUM         37   1242 AM  72    1991  46     -9       50
  MINIMUM         29   1113 PM  14    1879  32     -3       28
  AVERAGE         33                        39     -6       39

PRECIPITATION (IN)
  YESTERDAY        0.52          0.88 1974   0.10   0.42     0.00
  MONTH TO DATE    1.73                      1.94  -0.21     0.65
  SINCE SEP 1      9.29                      8.04   1.25     7.50
  SINCE JAN 1     26.94                     30.64  -3.70    33.63

SNOWFALL (IN)
  YESTERDAY       11.2 R         3.1  1996   0.3   10.9      0.0
  MONTH TO DATE   11.2                       3.5    7.7       T
  SINCE SEP 1     12.1                       3.6    8.5       T
  SINCE JUL 1     12.1                       3.6    8.5       T
  SNOW DEPTH       0

DEGREE DAYS
 HEATING
  YESTERDAY       32                        26      6       26
  MONTH TO DATE  338                       454   -116      291
  SINCE SEP 1    731                      1053   -322      767
  SINCE JUL 1    731                      1087   -356      786

 COOLING
  YESTERDAY        0                         0      0        0
  MONTH TO DATE    0                         0      0        0
  SINCE SEP 1    127                        55     72      144
  SINCE JAN 1    978                       539    439      698
..................................................................


WIND (MPH)
  HIGHEST WIND SPEED    30   HIGHEST WIND DIRECTION    NW (310)
  HIGHEST GUST SPEED    44   HIGHEST GUST DIRECTION    NW (310)
  AVERAGE WIND SPEED    18.1


SKY COVER
  AVERAGE SKY COVER 0.9


WEATHER CONDITIONS
 THE FOLLOWING WEATHER WAS RECORDED YESTERDAY.
  LIGHT RAIN
  HEAVY SNOW
  SNOW
  LIGHT SNOW
  FOG
  FOG W/VISIBILITY <= 1/4 MILE
  BLOWING SNOW


RELATIVE HUMIDITY (PERCENT)
 HIGHEST    92           600 PM
 LOWEST     69          1100 AM
 AVERAGE    81

..........................................................


THE ROCHESTER NY CLIMATE NORMALS FOR TODAY
                         NORMAL    RECORD    YEAR
 MAXIMUM TEMPERATURE (F)   46        72      1913
 MINIMUM TEMPERATURE (F)   31         9      1880
                                             1879


SUNRISE AND SUNSET
NOVEMBER 21 2016......SUNRISE   711 AM EST   SUNSET   442 PM EST
NOVEMBER 22 2016......SUNRISE   713 AM EST   SUNSET   441 PM EST


-  INDICATES NEGATIVE NUMBERS.
R  INDICATES RECORD WAS SET OR TIED.
MM INDICATES DATA IS MISSING.
T  INDICATES TRACE AMOUNT.




$$
