000
CDUS41 KBUF 071021
CLIROC


CLIMATE REPORT
NATIONAL WEATHER SERVICE BUFFALO NY
520 AM EST TUE NOV 7 2017


...................................

...THE ROCHESTER NY CLIMATE SUMMARY FOR NOVEMBER 6 2017...

CLIMATE NORMAL PERIOD 1981 TO 2010
CLIMATE RECORD PERIOD 1871 TO 2017


WEATHER ITEM   OBSERVED TIME   RECORD YEAR NORMAL DEPARTURE LAST
                VALUE   (LST)  VALUE       VALUE  FROM      YEAR
                                                  NORMAL
..................................................................
TEMPERATURE (F)
 YESTERDAY
  MAXIMUM         60    322 AM  72    2015  52      8       52
                                      2005
                                      1948
  MINIMUM         41   1159 PM  13    1951  36      5       34
  AVERAGE         51                        44      7       43

PRECIPITATION (IN)
  YESTERDAY        0.05          0.84 1886   0.09  -0.04     0.00
  MONTH TO DATE    2.70                      0.58   2.12     0.91
  SINCE SEP 1     10.69                      6.68   4.01     8.47
  SINCE JAN 1     41.70                     29.28  12.42    26.12

SNOWFALL (IN)
  YESTERDAY        0.0           8.4  1886   0.2   -0.2      0.0
  MONTH TO DATE    0.0                       0.7   -0.7      0.0
  SINCE SEP 1      0.0                       0.8   -0.8      0.9
  SINCE JUL 1      0.0                       0.8   -0.8      0.9
  SNOW DEPTH       0

DEGREE DAYS
 HEATING
  YESTERDAY       14                        21     -7       22
  MONTH TO DATE   96                       122    -26       84
  SINCE SEP 1    431                       721   -290      477
  SINCE JUL 1    458                       755   -297      477

 COOLING
  YESTERDAY        0                         0      0        0
  MONTH TO DATE    0                         0      0        0
  SINCE SEP 1    139                        55     84      127
  SINCE JAN 1    655                       539    116      978
..................................................................


WIND (MPH)
  HIGHEST WIND SPEED    21   HIGHEST WIND DIRECTION    NW (330)
  HIGHEST GUST SPEED    28   HIGHEST GUST DIRECTION     N (350)
  AVERAGE WIND SPEED    10.9


SKY COVER
  AVERAGE SKY COVER 0.8


WEATHER CONDITIONS
 THE FOLLOWING WEATHER WAS RECORDED YESTERDAY.
  LIGHT RAIN
  FOG


RELATIVE HUMIDITY (PERCENT)
 HIGHEST   100           700 AM
 LOWEST     53           400 PM
 AVERAGE    77

..........................................................


THE ROCHESTER NY CLIMATE NORMALS FOR TODAY
                         NORMAL    RECORD    YEAR
 MAXIMUM TEMPERATURE (F)   52        77      1938
 MINIMUM TEMPERATURE (F)   36        23      1930


SUNRISE AND SUNSET
NOVEMBER  7 2017......SUNRISE   653 AM EST   SUNSET   455 PM EST
NOVEMBER  8 2017......SUNRISE   655 AM EST   SUNSET   454 PM EST


-  INDICATES NEGATIVE NUMBERS.
R  INDICATES RECORD WAS SET OR TIED.
MM INDICATES DATA IS MISSING.
T  INDICATES TRACE AMOUNT.




$$
