711
CDUS41 KBUF 141014
CLIROC


CLIMATE REPORT
NATIONAL WEATHER SERVICE BUFFALO NY
514 AM EST SAT JAN 14 2017


...................................

...THE ROCHESTER NY CLIMATE SUMMARY FOR JANUARY 13 2017...

CLIMATE NORMAL PERIOD 1981 TO 2010
CLIMATE RECORD PERIOD 1871 TO 2017


WEATHER ITEM   OBSERVED TIME   RECORD YEAR NORMAL DEPARTURE LAST
                VALUE   (LST)  VALUE       VALUE  FROM      YEAR
                                                  NORMAL
..................................................................
TEMPERATURE (F)
 YESTERDAY
  MAXIMUM         36   1216 AM  69    2013  32      4       22
  MINIMUM         23   1159 PM -11    1914  18      5       16
  AVERAGE         30                        24      6       19

PRECIPITATION (IN)
  YESTERDAY        T             0.67 1993   0.08  -0.08     0.04
  MONTH TO DATE    1.05                      1.06  -0.01     0.78
  SINCE DEC 1      3.96                      3.69   0.27     3.51
  SINCE JAN 1      1.05                      1.06  -0.01     0.78

SNOWFALL (IN)
  YESTERDAY        T            12.2  1970   1.0   -1.0      0.9
  MONTH TO DATE    4.4                      11.7   -7.3      4.4
  SINCE DEC 1     33.7                      33.5    0.2      6.7
  SINCE JUL 1     49.6                      40.9    8.7      7.9
  SNOW DEPTH       0

DEGREE DAYS
 HEATING
  YESTERDAY       35                        40     -5       46
  MONTH TO DATE  479                       516    -37      489
  SINCE DEC 1   1514                      1601    -87     1188
  SINCE JUL 1   2492                      2969   -477     2228

 COOLING
  YESTERDAY        0                         0      0        0
  MONTH TO DATE    0                         0      0        0
  SINCE DEC 1      0                         0      0        0
  SINCE JAN 1      0                         0      0        0
..................................................................


WIND (MPH)
  HIGHEST WIND SPEED    26   HIGHEST WIND DIRECTION     W (280)
  HIGHEST GUST SPEED    33   HIGHEST GUST DIRECTION    NW (300)
  AVERAGE WIND SPEED    13.0


SKY COVER
  AVERAGE SKY COVER 0.9


WEATHER CONDITIONS
 THE FOLLOWING WEATHER WAS RECORDED YESTERDAY.
  LIGHT SNOW


RELATIVE HUMIDITY (PERCENT)
 HIGHEST    75           100 AM
 LOWEST     47          1200 PM
 AVERAGE    61

..........................................................


THE ROCHESTER NY CLIMATE NORMALS FOR TODAY
                         NORMAL    RECORD    YEAR
 MAXIMUM TEMPERATURE (F)   32        67      1995
 MINIMUM TEMPERATURE (F)   17       -10      1957


SUNRISE AND SUNSET
JANUARY 14 2017.......SUNRISE   740 AM EST   SUNSET   500 PM EST
JANUARY 15 2017.......SUNRISE   739 AM EST   SUNSET   501 PM EST


-  INDICATES NEGATIVE NUMBERS.
R  INDICATES RECORD WAS SET OR TIED.
MM INDICATES DATA IS MISSING.
T  INDICATES TRACE AMOUNT.




$$
