000
CDUS41 KBUF 241015
CLIROC


CLIMATE REPORT
NATIONAL WEATHER SERVICE BUFFALO NY
614 AM EDT WED JUN 24 2015


...................................

...THE ROCHESTER NY CLIMATE SUMMARY FOR JUNE 23 2015...

CLIMATE NORMAL PERIOD 1981 TO 2010
CLIMATE RECORD PERIOD 1871 TO 2015


WEATHER ITEM   OBSERVED TIME   RECORD YEAR NORMAL DEPARTURE LAST
                VALUE   (LST)  VALUE       VALUE  FROM      YEAR
                                                  NORMAL
..................................................................
TEMPERATURE (F)
 YESTERDAY
  MAXIMUM         82   1259 PM  95    1888  79      3       86
  MINIMUM         61   1153 PM  40    1918  58      3       54
  AVERAGE         72                        68      4       70

PRECIPITATION (IN)
  YESTERDAY        0.05          2.56 1950   0.11  -0.06     0.00
  MONTH TO DATE    4.47                      2.52   1.95     0.99
  SINCE JUN 1      4.47                      2.52   1.95     0.99
  SINCE JAN 1     16.17                     14.98   1.19    13.99

SNOWFALL (IN)
  YESTERDAY        0.0           0.0    MM   0.0    0.0      0.0
  MONTH TO DATE    0.0                       0.0    0.0      0.0
  SINCE JUN 1      0.0                       0.0    0.0      0.0
  SINCE JUL 1    101.9                      99.5    2.4    112.7
  SNOW DEPTH       0

DEGREE DAYS
 HEATING
  YESTERDAY        0                         1     -1        0
  MONTH TO DATE   48                        62    -14       29
  SINCE JUN 1     48                        62    -14       29
  SINCE JUL 1   6862                      6640    222     7015

 COOLING
  YESTERDAY        7                         5      2        5
  MONTH TO DATE   82                        69     13       76
  SINCE JUN 1     82                        69     13       76
  SINCE JAN 1    185                        99     86      115
..................................................................


WIND (MPH)
  HIGHEST WIND SPEED    30   HIGHEST WIND DIRECTION     W (260)
  HIGHEST GUST SPEED    41   HIGHEST GUST DIRECTION    SW (240)
  AVERAGE WIND SPEED    16.9


SKY COVER
  AVERAGE SKY COVER 0.6


WEATHER CONDITIONS
 THE FOLLOWING WEATHER WAS RECORDED YESTERDAY.
  THUNDERSTORM
  LIGHT RAIN


RELATIVE HUMIDITY (PERCENT)
 HIGHEST    74          1000 AM
 LOWEST     50           400 PM
 AVERAGE    62

..........................................................


THE ROCHESTER NY CLIMATE NORMALS FOR TODAY
                         NORMAL    RECORD    YEAR
 MAXIMUM TEMPERATURE (F)   79        96      1949
 MINIMUM TEMPERATURE (F)   58        45      1932


SUNRISE AND SUNSET
JUNE 24 2015..........SUNRISE   532 AM EDT   SUNSET   854 PM EDT
JUNE 25 2015..........SUNRISE   532 AM EDT   SUNSET   854 PM EDT


-  INDICATES NEGATIVE NUMBERS.
R  INDICATES RECORD WAS SET OR TIED.
MM INDICATES DATA IS MISSING.
T  INDICATES TRACE AMOUNT.




$$
