000
CDUS41 KBUF 200706
CLIROC


CLIMATE REPORT
NATIONAL WEATHER SERVICE BUFFALO NY
305 AM EDT FRI MAY 20 2016


...................................

...THE ROCHESTER NY CLIMATE SUMMARY FOR MAY 19 2016...

CLIMATE NORMAL PERIOD 1981 TO 2010
CLIMATE RECORD PERIOD 1871 TO 2016


WEATHER ITEM   OBSERVED TIME   RECORD YEAR NORMAL DEPARTURE LAST
                VALUE   (LST)  VALUE       VALUE  FROM      YEAR
                                                  NORMAL
..................................................................
TEMPERATURE (F)
 YESTERDAY
  MAXIMUM         70    142 PM  89    1996  69      1       72
                                      1971
  MINIMUM         40    512 AM  34    1981  47     -7       49
  AVERAGE         55                        58     -3       61

PRECIPITATION (IN)
  YESTERDAY        0.00          1.66 1928   0.10  -0.10     0.00
  MONTH TO DATE    1.34                      1.72  -0.38     0.98
  SINCE MAR 1      4.72                      6.95  -2.23     5.02
  SINCE JAN 1     10.02                     11.31  -1.29     9.27

SNOWFALL (IN)
  YESTERDAY        0.0           0.4  1976   0.1   -0.1      0.0
  MONTH TO DATE    T                         0.4   -0.4      0.0
  SINCE MAR 1     12.0                      20.6   -8.6     13.3
  SINCE JUL 1     63.7                      99.5  -35.8    101.9
  SNOW DEPTH       0

DEGREE DAYS
 HEATING
  YESTERDAY       10                         8      2        4
  MONTH TO DATE  240                       199     41       66
  SINCE MAR 1   1676                      1716    -40     1658
  SINCE JUL 1   5593                      6502   -909     6752

 COOLING
  YESTERDAY        0                         1     -1        0
  MONTH TO DATE    0                        10    -10       55
  SINCE MAR 1      0                        14    -14       55
  SINCE JAN 1      0                        14    -14       55
..................................................................


WIND (MPH)
  HIGHEST WIND SPEED    20   HIGHEST WIND DIRECTION    NE (40)
  HIGHEST GUST SPEED    23   HIGHEST GUST DIRECTION    NE (40)
  AVERAGE WIND SPEED     7.1


SKY COVER
  AVERAGE SKY COVER 0.5


WEATHER CONDITIONS
 THE FOLLOWING WEATHER WAS RECORDED YESTERDAY.
  NO SIGNIFICANT WEATHER WAS OBSERVED.


RELATIVE HUMIDITY (PERCENT)
 HIGHEST    89           100 AM
 LOWEST     32           300 PM
 AVERAGE    61

..........................................................


THE ROCHESTER NY CLIMATE NORMALS FOR TODAY
                         NORMAL    RECORD    YEAR
 MAXIMUM TEMPERATURE (F)   69        92      1911
 MINIMUM TEMPERATURE (F)   48        34      1956
                                             1907


SUNRISE AND SUNSET
MAY 20 2016...........SUNRISE   542 AM EDT   SUNSET   833 PM EDT
MAY 21 2016...........SUNRISE   541 AM EDT   SUNSET   834 PM EDT


-  INDICATES NEGATIVE NUMBERS.
R  INDICATES RECORD WAS SET OR TIED.
MM INDICATES DATA IS MISSING.
T  INDICATES TRACE AMOUNT.




$$
