000
CDUS41 KBUF 060705
CLIROC


CLIMATE REPORT
NATIONAL WEATHER SERVICE BUFFALO NY
205 AM EST TUE FEB 6 2018


...................................

...THE ROCHESTER NY CLIMATE SUMMARY FOR FEBRUARY 5 2018...

CLIMATE NORMAL PERIOD 1981 TO 2010
CLIMATE RECORD PERIOD 1871 TO 2018


WEATHER ITEM   OBSERVED TIME   RECORD YEAR NORMAL DEPARTURE LAST
                VALUE   (LST)  VALUE       VALUE  FROM      YEAR
                                                  NORMAL
..................................................................
TEMPERATURE (F)
 YESTERDAY
  MAXIMUM         27   1200 AM  65    1890  32     -5       34
  MINIMUM         13    810 AM -11    1978  17     -4       27
                                      1918
  AVERAGE         20                        25     -5       31

PRECIPITATION (IN)
  YESTERDAY        T             0.74 1921   0.07  -0.07     0.01
  MONTH TO DATE    0.07                      0.34  -0.27     0.18
  SINCE DEC 1      5.42                      5.38   0.04     5.84
  SINCE JAN 1      3.18                      2.75   0.43     2.93

SNOWFALL (IN)
  YESTERDAY       MM            12.7  2014   0.8   MM        0.1
  MONTH TO DATE    2.1                       4.1   -2.0      3.5
  SINCE DEC 1     69.7                      54.1   15.6     44.6
  SINCE JUL 1     72.3                      61.5   10.8     60.5
  SNOW DEPTH       1

DEGREE DAYS
 HEATING
  YESTERDAY       45                        40      5       34
  MONTH TO DATE  200                       201     -1      197
  SINCE DEC 1   2635                      2537     98     2268
  SINCE JUL 1   3726                      3905   -179     3246

 COOLING
  YESTERDAY        0                         0      0        0
  MONTH TO DATE    0                         0      0        0
  SINCE DEC 1      0                         0      0        0
  SINCE JAN 1      0                         0      0        0
..................................................................


WIND (MPH)
  HIGHEST WIND SPEED    26   HIGHEST WIND DIRECTION    NW (300)
  HIGHEST GUST SPEED    37   HIGHEST GUST DIRECTION    NW (310)
  AVERAGE WIND SPEED    13.3


SKY COVER
  AVERAGE SKY COVER 0.6


WEATHER CONDITIONS
 THE FOLLOWING WEATHER WAS RECORDED YESTERDAY.
  LIGHT SNOW
  FOG
  BLOWING SNOW


RELATIVE HUMIDITY (PERCENT)
 HIGHEST    84           200 AM
 LOWEST     56           400 PM
 AVERAGE    70

..........................................................


THE ROCHESTER NY CLIMATE NORMALS FOR TODAY
                         NORMAL    RECORD    YEAR
 MAXIMUM TEMPERATURE (F)   32        55      1938
 MINIMUM TEMPERATURE (F)   17        -9      1948


SUNRISE AND SUNSET
FEBRUARY  6 2018......SUNRISE   720 AM EST   SUNSET   530 PM EST
FEBRUARY  7 2018......SUNRISE   719 AM EST   SUNSET   531 PM EST


-  INDICATES NEGATIVE NUMBERS.
R  INDICATES RECORD WAS SET OR TIED.
MM INDICATES DATA IS MISSING.
T  INDICATES TRACE AMOUNT.




$$
