000
CDUS41 KBUF 270706
CLIROC


CLIMATE REPORT
NATIONAL WEATHER SERVICE BUFFALO NY
305 AM EDT WED MAY 27 2015


...................................

...THE ROCHESTER NY CLIMATE SUMMARY FOR MAY 26 2015...

CLIMATE NORMAL PERIOD 1981 TO 2010
CLIMATE RECORD PERIOD 1871 TO 2015


WEATHER ITEM   OBSERVED TIME   RECORD YEAR NORMAL DEPARTURE LAST
                VALUE   (LST)  VALUE       VALUE  FROM      YEAR
                                                  NORMAL
..................................................................
TEMPERATURE (F)
 YESTERDAY
  MAXIMUM         84    441 PM  90    1944  71     13       82
  MINIMUM         66    107 AM  36    1879  50     16       58
  AVERAGE         75                        60     15       70

PRECIPITATION (IN)
  YESTERDAY        0.07          1.03 1907   0.10  -0.03     0.00
  MONTH TO DATE    1.20                      2.41  -1.21     3.17
  SINCE MAR 1      5.24                      7.64  -2.40     9.38
  SINCE JAN 1      9.49                     12.00  -2.51    13.00

SNOWFALL (IN)
  YESTERDAY        0.0           0.0    MM   0.0    0.0      0.0
  MONTH TO DATE    0.0                       0.4   -0.4       T
  SINCE MAR 1     13.3                      20.6   -7.3     29.6
  SINCE JUL 1    101.9                      99.5    2.4    112.7
  SNOW DEPTH       0

DEGREE DAYS
 HEATING
  YESTERDAY        0                         6     -6        0
  MONTH TO DATE  119                       248   -129      172
  SINCE MAR 1   1711                      1765    -54     1882
  SINCE JUL 1   6805                      6551    254     6967

 COOLING
  YESTERDAY       10                         1      9        5
  MONTH TO DATE   74                        17     57       30
  SINCE MAR 1     74                        21     53       31
  SINCE JAN 1     74                        21     53       31
..................................................................


WIND (MPH)
  HIGHEST WIND SPEED    20   HIGHEST WIND DIRECTION     S (160)
  HIGHEST GUST SPEED    24   HIGHEST GUST DIRECTION     W (250)
  AVERAGE WIND SPEED     8.1


SKY COVER
  AVERAGE SKY COVER 0.6


WEATHER CONDITIONS
 THE FOLLOWING WEATHER WAS RECORDED YESTERDAY.
  LIGHT RAIN


RELATIVE HUMIDITY (PERCENT)
 HIGHEST    93          1200 AM
 LOWEST     51           500 PM
 AVERAGE    72

..........................................................


THE ROCHESTER NY CLIMATE NORMALS FOR TODAY
                         NORMAL    RECORD    YEAR
 MAXIMUM TEMPERATURE (F)   71        92      1978
 MINIMUM TEMPERATURE (F)   50        35      1969


SUNRISE AND SUNSET
MAY 27 2015...........SUNRISE   537 AM EDT   SUNSET   839 PM EDT
MAY 28 2015...........SUNRISE   536 AM EDT   SUNSET   840 PM EDT


-  INDICATES NEGATIVE NUMBERS.
R  INDICATES RECORD WAS SET OR TIED.
MM INDICATES DATA IS MISSING.
T  INDICATES TRACE AMOUNT.




$$
