000
CDUS41 KBUF 252023
CLIROC


CLIMATE REPORT
NATIONAL WEATHER SERVICE BUFFALO NY
422 PM EDT SAT MAR 25 2017


...................................

...THE ROCHESTER NY CLIMATE SUMMARY FOR MARCH 25 2017...
VALID TODAY AS OF 0400 PM LOCAL TIME.

CLIMATE NORMAL PERIOD 1981 TO 2010
CLIMATE RECORD PERIOD 1871 TO 2017


WEATHER ITEM   OBSERVED TIME   RECORD YEAR NORMAL DEPARTURE LAST
                VALUE   (LST)  VALUE       VALUE  FROM      YEAR
                                                  NORMAL
..................................................................
TEMPERATURE (F)
 TODAY
  MAXIMUM         41   1202 AM  77    1988  46     -5       52
  MINIMUM         35   1023 AM   3    1960  29      6       28
  AVERAGE         38                        38      0       40

PRECIPITATION (IN)
  TODAY            0.44          1.13 1909   0.08   0.36     0.09
  MONTH TO DATE    3.06                      1.99   1.07     1.51
  SINCE MAR 1      3.06                      1.99   1.07     1.51
  SINCE JAN 1      8.14                      6.35   1.79     6.81

SNOWFALL (IN)
  TODAY            0.0           3.2  1909   0.4   -0.4      0.0
  MONTH TO DATE   32.9                      14.4   18.5      3.2
  SINCE MAR 1     32.9                      14.4   18.5      3.2
  SINCE JUL 1    104.5                      93.3   11.2     54.9
  SNOW DEPTH       T

DEGREE DAYS
 HEATING
  TODAY           27                        27      0       25
  MONTH TO DATE  863                       796     67      649
  SINCE MAR 1    863                       796     67      649
  SINCE JUL 1   4731                      5582   -851     4566

 COOLING
  TODAY            0                         0      0        0
  MONTH TO DATE    0                         0      0        0
  SINCE MAR 1      0                         0      0        0
  SINCE JAN 1      0                         0      0        0
..................................................................


WIND (MPH)
  HIGHEST WIND SPEED    17   HIGHEST WIND DIRECTION    NE (40)
  HIGHEST GUST SPEED    22   HIGHEST GUST DIRECTION    NE (60)
  AVERAGE WIND SPEED    10.8


SKY COVER
  AVERAGE SKY COVER 0.9


WEATHER CONDITIONS
 THE FOLLOWING WEATHER WAS RECORDED TODAY.
  RAIN
  LIGHT RAIN
  FOG


RELATIVE HUMIDITY (PERCENT)
 HIGHEST   100           200 AM
 LOWEST     85           300 PM
 AVERAGE    93

..........................................................


THE ROCHESTER NY CLIMATE NORMALS FOR TOMORROW
                         NORMAL    RECORD    YEAR
 MAXIMUM TEMPERATURE (F)   47        84      1945
 MINIMUM TEMPERATURE (F)   29         4      1960


SUNRISE AND SUNSET
MARCH 25 2017.........SUNRISE   705 AM EDT   SUNSET   729 PM EDT
MARCH 26 2017.........SUNRISE   703 AM EDT   SUNSET   730 PM EDT


-  INDICATES NEGATIVE NUMBERS.
R  INDICATES RECORD WAS SET OR TIED.
MM INDICATES DATA IS MISSING.
T  INDICATES TRACE AMOUNT.




$$
