000
CDUS41 KBUF 282025
CLIROC


CLIMATE REPORT
NATIONAL WEATHER SERVICE BUFFALO NY
424 PM EDT FRI AUG 28 2015


...................................

...THE ROCHESTER NY CLIMATE SUMMARY FOR AUGUST 28 2015...
VALID TODAY AS OF 0400 PM LOCAL TIME.

CLIMATE NORMAL PERIOD 1981 TO 2010
CLIMATE RECORD PERIOD 1871 TO 2015


WEATHER ITEM   OBSERVED TIME   RECORD YEAR NORMAL DEPARTURE LAST
                VALUE   (LST)  VALUE       VALUE  FROM      YEAR
                                                  NORMAL
..................................................................
TEMPERATURE (F)
 TODAY
  MAXIMUM         74    259 PM  99    1948  78     -4       70
  MINIMUM         50    537 AM  41    1982  58     -8       53
  AVERAGE         62                        68     -6       62

PRECIPITATION (IN)
  TODAY            0.00          1.70 1913   0.11  -0.11     0.00
  MONTH TO DATE    4.67                      3.16   1.51     2.14
  SINCE JUN 1     14.43                      9.83   4.60    11.90
  SINCE JAN 1     26.13                     22.29   3.84    24.90

SNOWFALL (IN)
  TODAY            0.0           0.0    MM   0.0    0.0      0.0
  MONTH TO DATE    0.0                       0.0    0.0      0.0
  SINCE JUN 1      0.0                       0.0    0.0      0.0
  SINCE JUL 1      0.0                       0.0    0.0      0.0
  SNOW DEPTH       0

DEGREE DAYS
 HEATING
  TODAY            3                         1      2        3
  MONTH TO DATE    8                        18    -10       17
  SINCE JUN 1     76                        98    -22       53
  SINCE JUL 1     19                        30    -11       24

 COOLING
  TODAY            0                         4     -4        0
  MONTH TO DATE  137                       145     -8      110
  SINCE JUN 1    431                       444    -13      410
  SINCE JAN 1    534                       474     60      449
..................................................................


WIND (MPH)
  HIGHEST WIND SPEED    12   HIGHEST WIND DIRECTION    NE (40)
  HIGHEST GUST SPEED    14   HIGHEST GUST DIRECTION    NE (40)
  AVERAGE WIND SPEED     5.0


SKY COVER
  AVERAGE SKY COVER 0.4


WEATHER CONDITIONS
 THE FOLLOWING WEATHER WAS RECORDED TODAY.
  NO SIGNIFICANT WEATHER WAS OBSERVED.


RELATIVE HUMIDITY (PERCENT)
 HIGHEST    96           300 AM
 LOWEST     49           200 PM
 AVERAGE    73

..........................................................


THE ROCHESTER NY CLIMATE NORMALS FOR TOMORROW
                         NORMAL    RECORD    YEAR
 MAXIMUM TEMPERATURE (F)   77        94      1973
                                             1953
 MINIMUM TEMPERATURE (F)   58        38      1982


SUNRISE AND SUNSET
AUGUST 28 2015........SUNRISE   630 AM EDT   SUNSET   753 PM EDT
AUGUST 29 2015........SUNRISE   631 AM EDT   SUNSET   751 PM EDT


-  INDICATES NEGATIVE NUMBERS.
R  INDICATES RECORD WAS SET OR TIED.
MM INDICATES DATA IS MISSING.
T  INDICATES TRACE AMOUNT.

$$
