000
CDUS41 KBUF 301030
CLIROC


CLIMATE REPORT
NATIONAL WEATHER SERVICE BUFFALO NY
529 AM EST SAT JAN 30 2016


...................................

...THE ROCHESTER NY CLIMATE SUMMARY FOR JANUARY 29 2016...

CLIMATE NORMAL PERIOD 1981 TO 2010
CLIMATE RECORD PERIOD 1871 TO 2016


WEATHER ITEM   OBSERVED TIME   RECORD YEAR NORMAL DEPARTURE LAST
                VALUE   (LST)  VALUE       VALUE  FROM      YEAR
                                                  NORMAL
..................................................................
TEMPERATURE (F)
 YESTERDAY
  MAXIMUM         36   1239 AM  59    1914  32      4       37
  MINIMUM         22    550 PM  -9    1873  17      5        2
  AVERAGE         29                        24      5       20

PRECIPITATION (IN)
  YESTERDAY        0.12          1.41 1925   0.07   0.05     0.12
  MONTH TO DATE    1.52                      2.27  -0.75     1.66
  SINCE DEC 1      4.25                      4.90  -0.65     3.97
  SINCE JAN 1      1.52                      2.27  -0.75     1.66

SNOWFALL (IN)
  YESTERDAY        1.2           8.5  1925   0.9    0.3      1.3
  MONTH TO DATE   20.2                      26.5   -6.3     16.3
  SINCE DEC 1     22.5                      48.3  -25.8     32.9
  SINCE JUL 1     23.7                      55.7  -32.0     42.0
  SNOW DEPTH       T

DEGREE DAYS
 HEATING
  YESTERDAY       36                        41     -5       45
  MONTH TO DATE 1110                      1172    -62     1306
  SINCE DEC 1   1809                      2257   -448     2246
  SINCE JUL 1   2849                      3625   -776     3526

 COOLING
  YESTERDAY        0                         0      0        0
  MONTH TO DATE    0                         0      0        0
  SINCE DEC 1      0                         0      0        0
  SINCE JAN 1      0                         0      0        0
..................................................................


WIND (MPH)
  HIGHEST WIND SPEED    24   HIGHEST WIND DIRECTION     W (290)
  HIGHEST GUST SPEED    33   HIGHEST GUST DIRECTION     W (280)
  AVERAGE WIND SPEED    12.5


SKY COVER
  AVERAGE SKY COVER 1.0


WEATHER CONDITIONS
 THE FOLLOWING WEATHER WAS RECORDED YESTERDAY.
  SNOW
  LIGHT SNOW
  FOG


RELATIVE HUMIDITY (PERCENT)
 HIGHEST    96           200 AM
 LOWEST     65           300 PM
 AVERAGE    81

..........................................................


THE ROCHESTER NY CLIMATE NORMALS FOR TODAY
                         NORMAL    RECORD    YEAR
 MAXIMUM TEMPERATURE (F)   32        64      2013
 MINIMUM TEMPERATURE (F)   17       -12      1873


SUNRISE AND SUNSET
JANUARY 30 2016.......SUNRISE   728 AM EST   SUNSET   520 PM EST
JANUARY 31 2016.......SUNRISE   727 AM EST   SUNSET   521 PM EST


-  INDICATES NEGATIVE NUMBERS.
R  INDICATES RECORD WAS SET OR TIED.
MM INDICATES DATA IS MISSING.
T  INDICATES TRACE AMOUNT.




$$
