000
CDUS41 KBUF 050705
CLIROC


CLIMATE REPORT
NATIONAL WEATHER SERVICE BUFFALO NY
305 AM EDT THU OCT 5 2017


...................................

...THE ROCHESTER NY CLIMATE SUMMARY FOR OCTOBER 4 2017...

CLIMATE NORMAL PERIOD 1981 TO 2010
CLIMATE RECORD PERIOD 1871 TO 2017


WEATHER ITEM   OBSERVED TIME   RECORD YEAR NORMAL DEPARTURE LAST
                VALUE   (LST)  VALUE       VALUE  FROM      YEAR
                                                  NORMAL
..................................................................
TEMPERATURE (F)
 YESTERDAY
  MAXIMUM         84   1252 PM  89    1926  64     20       69
  MINIMUM         61   1159 PM  29    1974  45     16       49
  AVERAGE         73                        55     18       59

PRECIPITATION (IN)
  YESTERDAY        0.22          1.03 1884   0.09   0.13     0.00
  MONTH TO DATE    0.22                      0.36  -0.14     0.47
  SINCE SEP 1      1.50                      3.74  -2.24     2.77
  SINCE JAN 1     32.51                     26.34   6.17    20.42

SNOWFALL (IN)
  YESTERDAY        0.0           0.0    MM   0.0    0.0      0.0
  MONTH TO DATE    0.0                       0.0    0.0      0.0
  SINCE SEP 1      0.0                       0.0    0.0      0.0
  SINCE JUL 1      0.0                       0.0    0.0      0.0
  SNOW DEPTH       0

DEGREE DAYS
 HEATING
  YESTERDAY        0                        11    -11        6
  MONTH TO DATE   25                        41    -16       16
  SINCE SEP 1    117                       188    -71       67
  SINCE JUL 1    144                       222    -78       67

 COOLING
  YESTERDAY        8                         0      8        0
  MONTH TO DATE    8                         0      8        0
  SINCE SEP 1    125                        50     75      112
  SINCE JAN 1    641                       534    107      963
..................................................................


WIND (MPH)
  HIGHEST WIND SPEED    29   HIGHEST WIND DIRECTION     W (250)
  HIGHEST GUST SPEED    37   HIGHEST GUST DIRECTION     W (250)
  AVERAGE WIND SPEED    13.3


SKY COVER
  AVERAGE SKY COVER 0.7


WEATHER CONDITIONS
 THE FOLLOWING WEATHER WAS RECORDED YESTERDAY.
  THUNDERSTORM
  HEAVY RAIN
  RAIN
  LIGHT RAIN
  FOG


RELATIVE HUMIDITY (PERCENT)
 HIGHEST    84           600 PM
 LOWEST     51          1200 PM
 AVERAGE    68

..........................................................


THE ROCHESTER NY CLIMATE NORMALS FOR TODAY
                         NORMAL    RECORD    YEAR
 MAXIMUM TEMPERATURE (F)   64        91      1951
 MINIMUM TEMPERATURE (F)   45        26      1965


SUNRISE AND SUNSET
OCTOBER  5 2017.......SUNRISE   713 AM EDT   SUNSET   644 PM EDT
OCTOBER  6 2017.......SUNRISE   714 AM EDT   SUNSET   643 PM EDT


-  INDICATES NEGATIVE NUMBERS.
R  INDICATES RECORD WAS SET OR TIED.
MM INDICATES DATA IS MISSING.
T  INDICATES TRACE AMOUNT.




$$
