000
CDUS41 KBUF 241019
CLIROC


CLIMATE REPORT
NATIONAL WEATHER SERVICE BUFFALO NY
619 AM EDT THU JUL 24 2014


...................................

...THE ROCHESTER NY CLIMATE SUMMARY FOR JULY 23 2014...

CLIMATE NORMAL PERIOD 1981 TO 2010
CLIMATE RECORD PERIOD 1871 TO 2014


WEATHER ITEM   OBSERVED TIME   RECORD YEAR NORMAL DEPARTURE LAST
                VALUE   (LST)  VALUE       VALUE  FROM      YEAR
                                                  NORMAL
..................................................................
TEMPERATURE (F)
 YESTERDAY
  MAXIMUM         82    858 AM  99    1933  81      1       85
  MINIMUM         66   1159 PM  48    1985  61      5       67
  AVERAGE         74                        71      3       76

PRECIPITATION (IN)
  YESTERDAY        T             1.56 1898   0.11  -0.11     0.03
  MONTH TO DATE    3.67                      2.43   1.24     4.30
  SINCE JUN 1      5.73                      5.77  -0.04    10.57
  SINCE JAN 1     18.73                     18.23   0.50    22.40

SNOWFALL (IN)
  YESTERDAY        0.0           0.0    MM   0.0    0.0      0.0
  MONTH TO DATE    0.0                       0.0    0.0      0.0
  SINCE JUN 1      0.0                       0.0    0.0      0.0
  SINCE JUL 1      0.0                       0.0    0.0      0.0
  SNOW DEPTH       0

DEGREE DAYS
 HEATING
  YESTERDAY        0                         0      0        0
  MONTH TO DATE    1                         6     -5        0
  SINCE JUN 1     30                        74    -44       58
  SINCE JUL 1      1                         6     -5        0

 COOLING
  YESTERDAY        9                         6      3       11
  MONTH TO DATE  131                       138     -7      250
  SINCE JUN 1    281                       244     37      357
  SINCE JAN 1    320                       274     46      428
..................................................................


WIND (MPH)
  HIGHEST WIND SPEED    20   HIGHEST WIND DIRECTION    NW (310)
  HIGHEST GUST SPEED    25   HIGHEST GUST DIRECTION    NW (320)
  AVERAGE WIND SPEED     8.8


SKY COVER
  AVERAGE SKY COVER 0.8


WEATHER CONDITIONS
 THE FOLLOWING WEATHER WAS RECORDED YESTERDAY.
  LIGHT RAIN
  FOG


RELATIVE HUMIDITY (PERCENT)
 HIGHEST    93          1200 AM
 LOWEST     64           300 PM
 AVERAGE    79

..........................................................


THE ROCHESTER NY CLIMATE NORMALS FOR TODAY
                         NORMAL    RECORD    YEAR
 MAXIMUM TEMPERATURE (F)   81        97      1941
 MINIMUM TEMPERATURE (F)   61        47      1985


SUNRISE AND SUNSET
JULY 24 2014..........SUNRISE   553 AM EDT   SUNSET   841 PM EDT
JULY 25 2014..........SUNRISE   554 AM EDT   SUNSET   840 PM EDT


-  INDICATES NEGATIVE NUMBERS.
R  INDICATES RECORD WAS SET OR TIED.
MM INDICATES DATA IS MISSING.
T  INDICATES TRACE AMOUNT.




$$
