000
CDUS41 KBUF 231017
CLIROC


CLIMATE REPORT
NATIONAL WEATHER SERVICE BUFFALO NY
614 AM EDT SAT AUG 23 2014


...................................

...THE ROCHESTER NY CLIMATE SUMMARY FOR AUGUST 22 2014...

CLIMATE NORMAL PERIOD 1981 TO 2010
CLIMATE RECORD PERIOD 1871 TO 2014


WEATHER ITEM   OBSERVED TIME   RECORD YEAR NORMAL DEPARTURE LAST
                VALUE   (LST)  VALUE       VALUE  FROM      YEAR
                                                  NORMAL
..................................................................
TEMPERATURE (F)
 YESTERDAY
  MAXIMUM         81   1231 PM  98    1916  79      2       86
  MINIMUM         64    610 AM  43    1957  59      5       65
  AVERAGE         73                        69      4       76

PRECIPITATION (IN)
  YESTERDAY        0.00          1.02 1971   0.10  -0.10      T
  MONTH TO DATE    2.12                      2.53  -0.41     1.96
  SINCE JUN 1     11.88                      9.20   2.68    12.64
  SINCE JAN 1     24.88                     21.66   3.22    24.47

SNOWFALL (IN)
  YESTERDAY        0.0           0.0    MM   0.0    0.0      0.0
  MONTH TO DATE    0.0                       0.0    0.0      0.0
  SINCE JUN 1      0.0                       0.0    0.0      0.0
  SINCE JUL 1      0.0                       0.0    0.0      0.0
  SNOW DEPTH       0

DEGREE DAYS
 HEATING
  YESTERDAY        0                         1     -1        0
  MONTH TO DATE   14                        12      2        9
  SINCE JUN 1     50                        92    -42       75
  SINCE JUL 1     21                        24     -3       17

 COOLING
  YESTERDAY        8                         5      3       11
  MONTH TO DATE   79                       121    -42       89
  SINCE JUN 1    379                       420    -41      457
  SINCE JAN 1    418                       450    -32      528
..................................................................


WIND (MPH)
  HIGHEST WIND SPEED    15   HIGHEST WIND DIRECTION    NE (50)
  HIGHEST GUST SPEED    18   HIGHEST GUST DIRECTION    NE (60)
  AVERAGE WIND SPEED     5.6


SKY COVER
  AVERAGE SKY COVER 0.7


WEATHER CONDITIONS
 THE FOLLOWING WEATHER WAS RECORDED YESTERDAY.
  FOG


RELATIVE HUMIDITY (PERCENT)
 HIGHEST   100           300 AM
 LOWEST     67          1200 PM
 AVERAGE    84

..........................................................


THE ROCHESTER NY CLIMATE NORMALS FOR TODAY
                         NORMAL    RECORD    YEAR
 MAXIMUM TEMPERATURE (F)   78        92      1918
 MINIMUM TEMPERATURE (F)   59        44      1923


SUNRISE AND SUNSET
AUGUST 23 2014........SUNRISE   625 AM EDT   SUNSET   801 PM EDT
AUGUST 24 2014........SUNRISE   626 AM EDT   SUNSET   759 PM EDT


-  INDICATES NEGATIVE NUMBERS.
R  INDICATES RECORD WAS SET OR TIED.
MM INDICATES DATA IS MISSING.
T  INDICATES TRACE AMOUNT.




$$
