000
CDUS41 KBUF 131021
CLIROC


CLIMATE REPORT
NATIONAL WEATHER SERVICE BUFFALO NY
619 AM EDT SUN AUG 13 2017


...................................

...THE ROCHESTER NY CLIMATE SUMMARY FOR AUGUST 12 2017...

CLIMATE NORMAL PERIOD 1981 TO 2010
CLIMATE RECORD PERIOD 1871 TO 2017


WEATHER ITEM   OBSERVED TIME   RECORD YEAR NORMAL DEPARTURE LAST
                VALUE   (LST)  VALUE       VALUE  FROM      YEAR
                                                  NORMAL
..................................................................
TEMPERATURE (F)
 YESTERDAY
  MAXIMUM         81    303 PM  96    2016  80      1       96
                                      1874
  MINIMUM         62   1137 PM  46    1987  60      2       75
  AVERAGE         72                        70      2       86

PRECIPITATION (IN)
  YESTERDAY        T             1.90 1875   0.11  -0.11     0.00
  MONTH TO DATE    1.36                      1.42  -0.06     0.50
  SINCE JUN 1      9.19                      8.09   1.10     2.63
  SINCE JAN 1     29.17                     20.55   8.62    14.24

SNOWFALL (IN)
  YESTERDAY        0.0           0.0    MM   0.0    0.0      0.0
  MONTH TO DATE    0.0                       0.0    0.0      0.0
  SINCE JUN 1      0.0                       0.0    0.0      0.0
  SINCE JUL 1      0.0                       0.0    0.0      0.0
  SNOW DEPTH       0

DEGREE DAYS
 HEATING
  YESTERDAY        0                         1     -1        0
  MONTH TO DATE    1                         2     -1        0
  SINCE JUN 1     48                        82    -34       47
  SINCE JUL 1      3                        14    -11        0

 COOLING
  YESTERDAY        7                         5      2       21
  MONTH TO DATE   71                        71      0      155
  SINCE JUN 1    402                       370     32      597
  SINCE JAN 1    444                       400     44      659
..................................................................


WIND (MPH)
  HIGHEST WIND SPEED    23   HIGHEST WIND DIRECTION    NW (300)
  HIGHEST GUST SPEED    29   HIGHEST GUST DIRECTION     W (290)
  AVERAGE WIND SPEED     9.7


SKY COVER
  AVERAGE SKY COVER 0.6


WEATHER CONDITIONS
 THE FOLLOWING WEATHER WAS RECORDED YESTERDAY.
  THUNDERSTORM
  LIGHT RAIN


RELATIVE HUMIDITY (PERCENT)
 HIGHEST    93          1000 PM
 LOWEST     52           500 PM
 AVERAGE    73

..........................................................


THE ROCHESTER NY CLIMATE NORMALS FOR TODAY
                         NORMAL    RECORD    YEAR
 MAXIMUM TEMPERATURE (F)   80        97      1918
 MINIMUM TEMPERATURE (F)   60        46      1979


SUNRISE AND SUNSET
AUGUST 13 2017........SUNRISE   614 AM EDT   SUNSET   816 PM EDT
AUGUST 14 2017........SUNRISE   616 AM EDT   SUNSET   814 PM EDT


-  INDICATES NEGATIVE NUMBERS.
R  INDICATES RECORD WAS SET OR TIED.
MM INDICATES DATA IS MISSING.
T  INDICATES TRACE AMOUNT.




$$
