000
CDUS41 KBUF 130705
CLIROC


CLIMATE REPORT
NATIONAL WEATHER SERVICE BUFFALO NY
205 AM EST FRI JAN 13 2017


...................................

...THE ROCHESTER NY CLIMATE SUMMARY FOR JANUARY 12 2017...

CLIMATE NORMAL PERIOD 1981 TO 2010
CLIMATE RECORD PERIOD 1871 TO 2017


WEATHER ITEM   OBSERVED TIME   RECORD YEAR NORMAL DEPARTURE LAST
                VALUE   (LST)  VALUE       VALUE  FROM      YEAR
                                                  NORMAL
..................................................................
TEMPERATURE (F)
 YESTERDAY
  MAXIMUM         56   1021 AM  58    2013  32     24       33
  MINIMUM         36   1159 PM -15    1982  18     18       16
                                      1981
  AVERAGE         46                        25     21       25

PRECIPITATION (IN)
  YESTERDAY        0.10          0.83 1909   0.08   0.02     0.04
  MONTH TO DATE    0.97                      0.98  -0.01     0.74
  SINCE DEC 1      3.88                      3.61   0.27     3.47
  SINCE JAN 1      0.97                      0.98  -0.01     0.74

SNOWFALL (IN)
  YESTERDAY       MM            10.0  1922   0.9   MM        0.8
  MONTH TO DATE    4.4                      10.7   -6.3      3.5
  SINCE DEC 1     33.7                      32.5    1.2      5.8
  SINCE JUL 1     49.6                      39.9    9.7      7.0
  SNOW DEPTH       0

DEGREE DAYS
 HEATING
  YESTERDAY       19                        40    -21       40
  MONTH TO DATE  444                       476    -32      443
  SINCE DEC 1   1479                      1561    -82     1142
  SINCE JUL 1   2457                      2929   -472     2182

 COOLING
  YESTERDAY        0                         0      0        0
  MONTH TO DATE    0                         0      0        0
  SINCE DEC 1      0                         0      0        0
  SINCE JAN 1      0                         0      0        0
..................................................................


WIND (MPH)
  HIGHEST WIND SPEED    24   HIGHEST WIND DIRECTION     W (260)
  HIGHEST GUST SPEED    34   HIGHEST GUST DIRECTION     S (200)
  AVERAGE WIND SPEED    11.4


SKY COVER
  AVERAGE SKY COVER 1.0


WEATHER CONDITIONS
 THE FOLLOWING WEATHER WAS RECORDED YESTERDAY.
  RAIN
  LIGHT RAIN
  FOG


RELATIVE HUMIDITY (PERCENT)
 HIGHEST   100           400 PM
 LOWEST     68          1200 AM
 AVERAGE    84

..........................................................


THE ROCHESTER NY CLIMATE NORMALS FOR TODAY
                         NORMAL    RECORD    YEAR
 MAXIMUM TEMPERATURE (F)   32        69      2013
 MINIMUM TEMPERATURE (F)   18       -11      1914


SUNRISE AND SUNSET
JANUARY 13 2017.......SUNRISE   740 AM EST   SUNSET   459 PM EST
JANUARY 14 2017.......SUNRISE   740 AM EST   SUNSET   500 PM EST


-  INDICATES NEGATIVE NUMBERS.
R  INDICATES RECORD WAS SET OR TIED.
MM INDICATES DATA IS MISSING.
T  INDICATES TRACE AMOUNT.




$$
