000
CDUS41 KBUF 150705
CLIROC


CLIMATE REPORT
NATIONAL WEATHER SERVICE BUFFALO NY
305 AM EDT WED OCT 15 2014


...................................

...THE ROCHESTER NY CLIMATE SUMMARY FOR OCTOBER 14 2014...

CLIMATE NORMAL PERIOD 1981 TO 2010
CLIMATE RECORD PERIOD 1871 TO 2014


WEATHER ITEM   OBSERVED TIME   RECORD YEAR NORMAL DEPARTURE LAST
                VALUE   (LST)  VALUE       VALUE  FROM      YEAR
                                                  NORMAL
..................................................................
TEMPERATURE (F)
 YESTERDAY
  MAXIMUM         82   1231 PM  86    1954  60     22       64
  MINIMUM         61    435 AM  24    1993  42     19       45
  AVERAGE         72                        51     21       55

PRECIPITATION (IN)
  YESTERDAY        0.01          2.15 1955   0.08  -0.07     0.06
  MONTH TO DATE    0.63                      1.28  -0.65     1.67
  SINCE SEP 1      1.96                      4.66  -2.70     4.08
  SINCE JAN 1     26.99                     27.26  -0.27    29.29

SNOWFALL (IN)
  YESTERDAY        0.0           T    2009   0.0    0.0      0.0
                                      1989
  MONTH TO DATE    0.0                       0.0    0.0      0.0
  SINCE SEP 1      0.0                       0.0    0.0      0.0
  SINCE JUL 1      0.0                       0.0    0.0      0.0
  SNOW DEPTH       0

DEGREE DAYS
 HEATING
  YESTERDAY        0                        14    -14       10
  MONTH TO DATE  130                       166    -36       76
  SINCE SEP 1    254                       313    -59      248
  SINCE JUL 1    279                       347    -68      266

 COOLING
  YESTERDAY        7                         0      7        0
  MONTH TO DATE    7                         0      7       10
  SINCE SEP 1     75                        50     25       69
  SINCE JAN 1    539                       534      5      660
..................................................................


WIND (MPH)
  HIGHEST WIND SPEED    30   HIGHEST WIND DIRECTION     S (190)
  HIGHEST GUST SPEED    39   HIGHEST GUST DIRECTION     S (190)
  AVERAGE WIND SPEED    14.4


SKY COVER
  AVERAGE SKY COVER 0.7


WEATHER CONDITIONS
 THE FOLLOWING WEATHER WAS RECORDED YESTERDAY.
  LIGHT RAIN


RELATIVE HUMIDITY (PERCENT)
 HIGHEST    78           200 AM
 LOWEST     49          1100 AM
 AVERAGE    64

..........................................................


THE ROCHESTER NY CLIMATE NORMALS FOR TODAY
                         NORMAL    RECORD    YEAR
 MAXIMUM TEMPERATURE (F)   60        86      1897
 MINIMUM TEMPERATURE (F)   42        26      1876


SUNRISE AND SUNSET
OCTOBER 15 2014.......SUNRISE   724 AM EDT   SUNSET   628 PM EDT
OCTOBER 16 2014.......SUNRISE   725 AM EDT   SUNSET   626 PM EDT


-  INDICATES NEGATIVE NUMBERS.
R  INDICATES RECORD WAS SET OR TIED.
MM INDICATES DATA IS MISSING.
T  INDICATES TRACE AMOUNT.




$$
