000
CDUS41 KBUF 080705
CLIROC


CLIMATE REPORT
NATIONAL WEATHER SERVICE BUFFALO NY
205 AM EST MON JAN 8 2018


...................................

...THE ROCHESTER NY CLIMATE SUMMARY FOR JANUARY 7 2018...

CLIMATE NORMAL PERIOD 1981 TO 2010
CLIMATE RECORD PERIOD 1871 TO 2018


WEATHER ITEM   OBSERVED TIME   RECORD YEAR NORMAL DEPARTURE LAST
                VALUE   (LST)  VALUE       VALUE  FROM      YEAR
                                                  NORMAL
..................................................................
TEMPERATURE (F)
 YESTERDAY
  MAXIMUM         30   1159 PM  62    2008  32     -2       22
  MINIMUM         -6    556 AM  -7    1942  18    -24        7
  AVERAGE         12                        25    -13       15

PRECIPITATION (IN)
  YESTERDAY        T             1.24 1998   0.08  -0.08      T
  MONTH TO DATE    0.30                      0.57  -0.27     0.59
  SINCE DEC 1      2.54                      3.20  -0.66     3.50
  SINCE JAN 1      0.30                      0.57  -0.27     0.59

SNOWFALL (IN)
  YESTERDAY       MM             7.0  1910   0.9   MM         T
  MONTH TO DATE   10.3                       6.1    4.2      1.1
  SINCE DEC 1     45.0                      27.9   17.1     30.4
  SINCE JUL 1     47.6                      35.3   12.3     46.3
  SNOW DEPTH       9

DEGREE DAYS
 HEATING
  YESTERDAY       53                        40     13       50
  MONTH TO DATE  385                       276    109      271
  SINCE DEC 1   1587                      1361    226     1306
  SINCE JUL 1   2678                      2729    -51     2284

 COOLING
  YESTERDAY        0                         0      0        0
  MONTH TO DATE    0                         0      0        0
  SINCE DEC 1      0                         0      0        0
  SINCE JAN 1      0                         0      0        0
..................................................................


WIND (MPH)
  HIGHEST WIND SPEED    22   HIGHEST WIND DIRECTION    SW (220)
  HIGHEST GUST SPEED    29   HIGHEST GUST DIRECTION    SW (230)
  AVERAGE WIND SPEED    11.2


SKY COVER
  AVERAGE SKY COVER 0.8


WEATHER CONDITIONS
 THE FOLLOWING WEATHER WAS RECORDED YESTERDAY.
  LIGHT SNOW
  FOG


RELATIVE HUMIDITY (PERCENT)
 HIGHEST    91           100 AM
 LOWEST     36           700 PM
 AVERAGE    64

..........................................................


THE ROCHESTER NY CLIMATE NORMALS FOR TODAY
                         NORMAL    RECORD    YEAR
 MAXIMUM TEMPERATURE (F)   32        67      2008
 MINIMUM TEMPERATURE (F)   18       -10      1942


SUNRISE AND SUNSET
JANUARY  8 2018.......SUNRISE   742 AM EST   SUNSET   453 PM EST
JANUARY  9 2018.......SUNRISE   742 AM EST   SUNSET   454 PM EST


-  INDICATES NEGATIVE NUMBERS.
R  INDICATES RECORD WAS SET OR TIED.
MM INDICATES DATA IS MISSING.
T  INDICATES TRACE AMOUNT.




$$
