000
CDUS41 KBUF 211018
CLIROC


CLIMATE REPORT
NATIONAL WEATHER SERVICE BUFFALO NY
617 AM EDT TUE JUL 21 2015


...................................

...THE ROCHESTER NY CLIMATE SUMMARY FOR JULY 20 2015...

CLIMATE NORMAL PERIOD 1981 TO 2010
CLIMATE RECORD PERIOD 1871 TO 2015


WEATHER ITEM   OBSERVED TIME   RECORD YEAR NORMAL DEPARTURE LAST
                VALUE   (LST)  VALUE       VALUE  FROM      YEAR
                                                  NORMAL
..................................................................
TEMPERATURE (F)
 YESTERDAY
  MAXIMUM         84    201 PM  99    1894  81      3       79
  MINIMUM         66    535 AM  46    1965  61      5       64
  AVERAGE         75                        71      4       72

PRECIPITATION (IN)
  YESTERDAY        0.00          2.24 1981   0.10  -0.10     0.28
  MONTH TO DATE    2.37                      2.09   0.28     3.67
  SINCE JUN 1      8.57                      5.43   3.14     5.73
  SINCE JAN 1     20.27                     17.89   2.38    18.73

SNOWFALL (IN)
  YESTERDAY        0.0           0.0    MM   0.0    0.0      0.0
  MONTH TO DATE    0.0                       0.0    0.0      0.0
  SINCE JUN 1      0.0                       0.0    0.0      0.0
  SINCE JUL 1      0.0                       0.0    0.0      0.0
  SNOW DEPTH       0

DEGREE DAYS
 HEATING
  YESTERDAY        0                         0      0        0
  MONTH TO DATE   11                         6      5        1
  SINCE JUN 1     68                        74     -6       30
  SINCE JUL 1     11                         6      5        1

 COOLING
  YESTERDAY       10                         6      4        7
  MONTH TO DATE  110                       120    -10      101
  SINCE JUN 1    204                       226    -22      251
  SINCE JAN 1    307                       256     51      290
..................................................................


WIND (MPH)
  HIGHEST WIND SPEED    17   HIGHEST WIND DIRECTION     W (250)
  HIGHEST GUST SPEED    22   HIGHEST GUST DIRECTION    SW (230)
  AVERAGE WIND SPEED     6.8


SKY COVER
  AVERAGE SKY COVER 0.6


WEATHER CONDITIONS
 THE FOLLOWING WEATHER WAS RECORDED YESTERDAY.
  FOG


RELATIVE HUMIDITY (PERCENT)
 HIGHEST    90           400 AM
 LOWEST     42           400 PM
 AVERAGE    66

..........................................................


THE ROCHESTER NY CLIMATE NORMALS FOR TODAY
                         NORMAL    RECORD    YEAR
 MAXIMUM TEMPERATURE (F)   81        98      2011
 MINIMUM TEMPERATURE (F)   61        46      1965


SUNRISE AND SUNSET
JULY 21 2015..........SUNRISE   550 AM EDT   SUNSET   844 PM EDT
JULY 22 2015..........SUNRISE   551 AM EDT   SUNSET   843 PM EDT


-  INDICATES NEGATIVE NUMBERS.
R  INDICATES RECORD WAS SET OR TIED.
MM INDICATES DATA IS MISSING.
T  INDICATES TRACE AMOUNT.




$$
