000
CDUS41 KBUF 151018
CLIROC


CLIMATE REPORT
NATIONAL WEATHER SERVICE BUFFALO NY
616 AM EDT TUE JUL 15 2014


...................................

...THE ROCHESTER NY CLIMATE SUMMARY FOR JULY 14 2014...

CLIMATE NORMAL PERIOD 1981 TO 2010
CLIMATE RECORD PERIOD 1871 TO 2014


WEATHER ITEM   OBSERVED TIME   RECORD YEAR NORMAL DEPARTURE LAST
                VALUE   (LST)  VALUE       VALUE  FROM      YEAR
                                                  NORMAL
..................................................................
TEMPERATURE (F)
 YESTERDAY
  MAXIMUM         78   1148 AM  97    1952  81     -3       90
  MINIMUM         65   1159 PM  48    2009  61      4       68
                                      1926
                                      1888
  AVERAGE         72                        71      1       79

PRECIPITATION (IN)
  YESTERDAY        T             2.03 1945   0.10  -0.10     0.00
  MONTH TO DATE    2.37                      1.47   0.90     3.22
  SINCE JUN 1      4.43                      4.81  -0.38     9.49
  SINCE JAN 1     17.43                     17.27   0.16    21.32

SNOWFALL (IN)
  YESTERDAY        0.0           0.0    MM   0.0    0.0      0.0
  MONTH TO DATE    0.0                       0.0    0.0      0.0
  SINCE JUN 1      0.0                       0.0    0.0      0.0
  SINCE JUL 1      0.0                       0.0    0.0      0.0
  SNOW DEPTH       0

DEGREE DAYS
 HEATING
  YESTERDAY        0                         0      0        0
  MONTH TO DATE    1                         6     -5        0
  SINCE JUN 1     30                        74    -44       58
  SINCE JUL 1      1                         6     -5        0

 COOLING
  YESTERDAY        7                         6      1       14
  MONTH TO DATE   86                        84      2      137
  SINCE JUN 1    236                       190     46      244
  SINCE JAN 1    275                       220     55      315
..................................................................


WIND (MPH)
  HIGHEST WIND SPEED    14   HIGHEST WIND DIRECTION    NE (40)
  HIGHEST GUST SPEED    16   HIGHEST GUST DIRECTION    NE (40)
  AVERAGE WIND SPEED     4.3


SKY COVER
  AVERAGE SKY COVER 0.7


WEATHER CONDITIONS
 THE FOLLOWING WEATHER WAS RECORDED YESTERDAY.
  LIGHT RAIN


RELATIVE HUMIDITY (PERCENT)
 HIGHEST    90          1200 AM
 LOWEST     56          1200 PM
 AVERAGE    73

..........................................................


THE ROCHESTER NY CLIMATE NORMALS FOR TODAY
                         NORMAL    RECORD    YEAR
 MAXIMUM TEMPERATURE (F)   81        96      1983
 MINIMUM TEMPERATURE (F)   61        48      1884


SUNRISE AND SUNSET
JULY 15 2014..........SUNRISE   545 AM EDT   SUNSET   848 PM EDT
JULY 16 2014..........SUNRISE   546 AM EDT   SUNSET   847 PM EDT


-  INDICATES NEGATIVE NUMBERS.
R  INDICATES RECORD WAS SET OR TIED.
MM INDICATES DATA IS MISSING.
T  INDICATES TRACE AMOUNT.




$$
