000
CDUS41 KBUF 052033
CLIROC


CLIMATE REPORT
NATIONAL WEATHER SERVICE BUFFALO NY
426 PM EDT FRI MAY 5 2017


...................................

...THE ROCHESTER NY CLIMATE SUMMARY FOR MAY 5 2017...
VALID TODAY AS OF 0400 PM LOCAL TIME.

CLIMATE NORMAL PERIOD 1981 TO 2010
CLIMATE RECORD PERIOD 1871 TO 2017


WEATHER ITEM   OBSERVED TIME   RECORD YEAR NORMAL DEPARTURE LAST
                VALUE   (LST)  VALUE       VALUE  FROM      YEAR
                                                  NORMAL
..................................................................
TEMPERATURE (F)
 TODAY
  MAXIMUM         54    259 PM  88    1949  64    -10       60
  MINIMUM         49   1246 PM  29    1974  43      6       49
  AVERAGE         52                        54     -2       55

PRECIPITATION (IN)
  TODAY            0.67          1.26 1945   0.09   0.58      T
  MONTH TO DATE    2.23                      0.46   1.77     0.76
  SINCE MAR 1     11.84                      5.69   6.15     4.14
  SINCE JAN 1     16.92                     10.05   6.87     9.44

SNOWFALL (IN)
  TODAY            0.0           0.1  1891   0.0    0.0      0.0
  MONTH TO DATE    0.0                       0.1   -0.1      0.0
  SINCE MAR 1     35.5                      20.3   15.2     12.0
  SINCE JUL 1    107.1                      99.2    7.9     63.7
  SNOW DEPTH       0

DEGREE DAYS
 HEATING
  TODAY           13                        12      1       10
  MONTH TO DATE   65                        63      2       77
  SINCE MAR 1   1464                      1580   -116     1513
  SINCE JUL 1   5332                      6366  -1034     5430

 COOLING
  TODAY            0                         0      0        0
  MONTH TO DATE    0                         0      0        0
  SINCE MAR 1     14                         4     10        0
  SINCE JAN 1     14                         4     10        0
..................................................................


WIND (MPH)
  HIGHEST WIND SPEED    17   HIGHEST WIND DIRECTION     S (180)
  HIGHEST GUST SPEED    24   HIGHEST GUST DIRECTION     S (180)
  AVERAGE WIND SPEED     9.1


SKY COVER
  AVERAGE SKY COVER 0.9


WEATHER CONDITIONS
 THE FOLLOWING WEATHER WAS RECORDED TODAY.
  RAIN
  LIGHT RAIN
  FOG


RELATIVE HUMIDITY (PERCENT)
 HIGHEST    96          1100 AM
 LOWEST     83           100 AM
 AVERAGE    90

..........................................................


THE ROCHESTER NY CLIMATE NORMALS FOR TOMORROW
                         NORMAL    RECORD    YEAR
 MAXIMUM TEMPERATURE (F)   65        92      1895
 MINIMUM TEMPERATURE (F)   43        28      1968


SUNRISE AND SUNSET
MAY  5 2017...........SUNRISE   559 AM EDT   SUNSET   817 PM EDT
MAY  6 2017...........SUNRISE   557 AM EDT   SUNSET   818 PM EDT


-  INDICATES NEGATIVE NUMBERS.
R  INDICATES RECORD WAS SET OR TIED.
MM INDICATES DATA IS MISSING.
T  INDICATES TRACE AMOUNT.




$$
