000
CDUS41 KBUF 201023
CLIROC


CLIMATE REPORT
NATIONAL WEATHER SERVICE BUFFALO NY
619 AM EDT FRI MAR 20 2015


...................................

...THE ROCHESTER NY CLIMATE SUMMARY FOR MARCH 19 2015...

CLIMATE NORMAL PERIOD 1981 TO 2010
CLIMATE RECORD PERIOD 1871 TO 2015


WEATHER ITEM   OBSERVED TIME   RECORD YEAR NORMAL DEPARTURE LAST
                VALUE   (LST)  VALUE       VALUE  FROM      YEAR
                                                  NORMAL
..................................................................
TEMPERATURE (F)
 YESTERDAY
  MAXIMUM         37    319 PM  77    1903  44     -7       51
  MINIMUM         17    551 AM  -4    1993  27    -10       32
  AVERAGE         27                        35     -8       42

PRECIPITATION (IN)
  YESTERDAY        0.00          1.05 1881   0.08  -0.08     0.31
  MONTH TO DATE    0.68                      1.49  -0.81     1.31
  SINCE MAR 1      0.68                      1.49  -0.81     1.31
  SINCE JAN 1      4.93                      5.85  -0.92     4.93

SNOWFALL (IN)
  YESTERDAY        0.0           7.5  1896   0.4   -0.4      0.0
  MONTH TO DATE    8.2                      11.9   -3.7     19.3
  SINCE MAR 1      8.2                      11.9   -3.7     19.3
  SINCE JUL 1     96.8                      90.8    6.0    102.4
  SNOW DEPTH       1

DEGREE DAYS
 HEATING
  YESTERDAY       38                        30      8       23
  MONTH TO DATE  672                       626     46      755
  SINCE MAR 1    672                       626     46      755
  SINCE JUL 1   5766                      5412    354     5840

 COOLING
  YESTERDAY        0                         0      0        0
  MONTH TO DATE    0                         0      0        0
  SINCE MAR 1      0                         0      0        0
  SINCE JAN 1      0                         0      0        0
..................................................................


WIND (MPH)
  HIGHEST WIND SPEED    14   HIGHEST WIND DIRECTION    NE (40)
  HIGHEST GUST SPEED    16   HIGHEST GUST DIRECTION    NE (40)
  AVERAGE WIND SPEED     5.9


SKY COVER
  AVERAGE SKY COVER 0.3


WEATHER CONDITIONS
 THE FOLLOWING WEATHER WAS RECORDED YESTERDAY.
  NO SIGNIFICANT WEATHER WAS OBSERVED.


RELATIVE HUMIDITY (PERCENT)
 HIGHEST    73           700 AM
 LOWEST     35          1200 PM
 AVERAGE    54

..........................................................


THE ROCHESTER NY CLIMATE NORMALS FOR TODAY
                         NORMAL    RECORD    YEAR
 MAXIMUM TEMPERATURE (F)   44        79      1903
 MINIMUM TEMPERATURE (F)   27        -1      1872


SUNRISE AND SUNSET
MARCH 20 2015.........SUNRISE   714 AM EDT   SUNSET   723 PM EDT
MARCH 21 2015.........SUNRISE   713 AM EDT   SUNSET   724 PM EDT


-  INDICATES NEGATIVE NUMBERS.
R  INDICATES RECORD WAS SET OR TIED.
MM INDICATES DATA IS MISSING.
T  INDICATES TRACE AMOUNT.




$$
