000
CDUS41 KBUF 092024
CLIROC


CLIMATE REPORT
NATIONAL WEATHER SERVICE BUFFALO NY
424 PM EDT SUN APR 9 2017


...................................

...THE ROCHESTER NY CLIMATE SUMMARY FOR APRIL 9 2017...
VALID TODAY AS OF 0400 PM LOCAL TIME.

CLIMATE NORMAL PERIOD 1981 TO 2010
CLIMATE RECORD PERIOD 1871 TO 2017


WEATHER ITEM   OBSERVED TIME   RECORD YEAR NORMAL DEPARTURE LAST
                VALUE   (LST)  VALUE       VALUE  FROM      YEAR
                                                  NORMAL
..................................................................
TEMPERATURE (F)
 TODAY
  MAXIMUM         71    319 PM  79    1969  53     18       35
                                      1945
  MINIMUM         36    422 AM  16    1997  34      2       26
  AVERAGE         54                        44     10       31

PRECIPITATION (IN)
  TODAY            0.00          1.13 1906   0.10  -0.10      T
  MONTH TO DATE    2.54                      0.85   1.69     0.64
  SINCE MAR 1      7.20                      3.35   3.85     2.46
  SINCE JAN 1     12.28                      7.71   4.57     7.76

SNOWFALL (IN)
  TODAY            0.0           6.4  1979   0.2   -0.2      0.1
  MONTH TO DATE    2.5                       1.9    0.6      7.9
  SINCE MAR 1     35.5                      18.2   17.3     11.1
  SINCE JUL 1    107.1                      97.1   10.0     62.8
  SNOW DEPTH       0

DEGREE DAYS
 HEATING
  TODAY           11                        21    -10       34
  MONTH TO DATE  176                       207    -31      274
  SINCE MAR 1   1164                      1159      5     1036
  SINCE JUL 1   5032                      5945   -913     4953

 COOLING
  TODAY            0                         0      0        0
  MONTH TO DATE    0                         0      0        0
  SINCE MAR 1      0                         0      0        0
  SINCE JAN 1      0                         0      0        0
..................................................................


WIND (MPH)
  HIGHEST WIND SPEED    15   HIGHEST WIND DIRECTION     S (200)
  HIGHEST GUST SPEED    19   HIGHEST GUST DIRECTION    SW (210)
  AVERAGE WIND SPEED     9.2


SKY COVER
  AVERAGE SKY COVER 0.5


WEATHER CONDITIONS
 THE FOLLOWING WEATHER WAS RECORDED TODAY.
  NO SIGNIFICANT WEATHER WAS OBSERVED.


RELATIVE HUMIDITY (PERCENT)
 HIGHEST    64           400 AM
 LOWEST     23           300 PM
 AVERAGE    44

..........................................................


THE ROCHESTER NY CLIMATE NORMALS FOR TOMORROW
                         NORMAL    RECORD    YEAR
 MAXIMUM TEMPERATURE (F)   54        85      1945
 MINIMUM TEMPERATURE (F)   35        16      1974


SUNRISE AND SUNSET
APRIL  9 2017.........SUNRISE   638 AM EDT   SUNSET   747 PM EDT
APRIL 10 2017.........SUNRISE   637 AM EDT   SUNSET   748 PM EDT


-  INDICATES NEGATIVE NUMBERS.
R  INDICATES RECORD WAS SET OR TIED.
MM INDICATES DATA IS MISSING.
T  INDICATES TRACE AMOUNT.




$$
