000
CDUS41 KBUF 131017
CLIROC


CLIMATE REPORT
NATIONAL WEATHER SERVICE BUFFALO NY
616 AM EDT TUE JUN 13 2017


...................................

...THE ROCHESTER NY CLIMATE SUMMARY FOR JUNE 12 2017...

CLIMATE NORMAL PERIOD 1981 TO 2010
CLIMATE RECORD PERIOD 1871 TO 2017


WEATHER ITEM   OBSERVED TIME   RECORD YEAR NORMAL DEPARTURE LAST
                VALUE   (LST)  VALUE       VALUE  FROM      YEAR
                                                  NORMAL
..................................................................
TEMPERATURE (F)
 YESTERDAY
  MAXIMUM         90    226 PM  94    1949  76     14       76
  MINIMUM         67    419 AM  40    1980  55     12       55
                                      1979
  AVERAGE         79                        65     14       66

PRECIPITATION (IN)
  YESTERDAY        0.00          1.85 1996   0.11  -0.11     0.00
  MONTH TO DATE    0.92                      1.26  -0.34     0.75
  SINCE JUN 1      0.92                      1.26  -0.34     0.75
  SINCE JAN 1     20.90                     13.72   7.18    12.36

SNOWFALL (IN)
  YESTERDAY        0.0           0.0    MM   0.0    0.0      0.0
  MONTH TO DATE    0.0                       0.0    0.0      0.0
  SINCE JUN 1      0.0                       0.0    0.0      0.0
  SINCE JUL 1    107.1                      99.5    7.6     63.7
  SNOW DEPTH       0

DEGREE DAYS
 HEATING
  YESTERDAY        0                         3     -3        0
  MONTH TO DATE   41                        44     -3       33
  SINCE JUN 1     41                        44     -3       33
  SINCE JUL 1   5573                      6622  -1049     5641

 COOLING
  YESTERDAY       14                         3     11        1
  MONTH TO DATE   35                        28      7       26
  SINCE JUN 1     35                        28      7       26
  SINCE JAN 1     77                        58     19       88
..................................................................


WIND (MPH)
  HIGHEST WIND SPEED    26   HIGHEST WIND DIRECTION     W (280)
  HIGHEST GUST SPEED    36   HIGHEST GUST DIRECTION     W (270)
  AVERAGE WIND SPEED    12.8


SKY COVER
  AVERAGE SKY COVER 0.5


WEATHER CONDITIONS
 THE FOLLOWING WEATHER WAS RECORDED YESTERDAY.
  NO SIGNIFICANT WEATHER WAS OBSERVED.


RELATIVE HUMIDITY (PERCENT)
 HIGHEST    81           300 AM
 LOWEST     36           500 PM
 AVERAGE    59

..........................................................


THE ROCHESTER NY CLIMATE NORMALS FOR TODAY
                         NORMAL    RECORD    YEAR
 MAXIMUM TEMPERATURE (F)   76        94      1949
 MINIMUM TEMPERATURE (F)   55        42      1965
                                             1875


SUNRISE AND SUNSET
JUNE 13 2017..........SUNRISE   531 AM EDT   SUNSET   851 PM EDT
JUNE 14 2017..........SUNRISE   531 AM EDT   SUNSET   852 PM EDT


-  INDICATES NEGATIVE NUMBERS.
R  INDICATES RECORD WAS SET OR TIED.
MM INDICATES DATA IS MISSING.
T  INDICATES TRACE AMOUNT.




$$
