000
CDUS41 KBUF 230705
CLIROC


CLIMATE REPORT
NATIONAL WEATHER SERVICE BUFFALO NY
305 AM EDT SUN AUG 23 2015


...................................

...THE ROCHESTER NY CLIMATE SUMMARY FOR AUGUST 22 2015...

CLIMATE NORMAL PERIOD 1981 TO 2010
CLIMATE RECORD PERIOD 1871 TO 2015


WEATHER ITEM   OBSERVED TIME   RECORD YEAR NORMAL DEPARTURE LAST
                VALUE   (LST)  VALUE       VALUE  FROM      YEAR
                                                  NORMAL
..................................................................
TEMPERATURE (F)
 YESTERDAY
  MAXIMUM         75    246 PM  98    1916  79     -4       81
  MINIMUM         57    558 AM  43    1957  59     -2       64
  AVERAGE         66                        69     -3       73

PRECIPITATION (IN)
  YESTERDAY        0.00          1.02 1971   0.10  -0.10     0.00
  MONTH TO DATE    4.66                      2.53   2.13     2.12
  SINCE JUN 1     14.42                      9.20   5.22    11.88
  SINCE JAN 1     26.12                     21.66   4.46    24.88

SNOWFALL (IN)
  YESTERDAY        0.0           0.0    MM   0.0    0.0      0.0
  MONTH TO DATE    0.0                       0.0    0.0      0.0
  SINCE JUN 1      0.0                       0.0    0.0      0.0
  SINCE JUL 1      0.0                       0.0    0.0      0.0
  SNOW DEPTH       0

DEGREE DAYS
 HEATING
  YESTERDAY        0                         1     -1        0
  MONTH TO DATE    1                        12    -11       14
  SINCE JUN 1     69                        92    -23       50
  SINCE JUL 1     12                        24    -12       21

 COOLING
  YESTERDAY        1                         5     -4        8
  MONTH TO DATE  128                       121      7       79
  SINCE JUN 1    422                       420      2      379
  SINCE JAN 1    525                       450     75      418
..................................................................


WIND (MPH)
  HIGHEST WIND SPEED    14   HIGHEST WIND DIRECTION     N (20)
  HIGHEST GUST SPEED    17   HIGHEST GUST DIRECTION    NE (40)
  AVERAGE WIND SPEED     4.6


SKY COVER
  AVERAGE SKY COVER 0.4


WEATHER CONDITIONS
 THE FOLLOWING WEATHER WAS RECORDED YESTERDAY.
  NO SIGNIFICANT WEATHER WAS OBSERVED.


RELATIVE HUMIDITY (PERCENT)
 HIGHEST    93           500 AM
 LOWEST     46          1100 AM
 AVERAGE    70

..........................................................


THE ROCHESTER NY CLIMATE NORMALS FOR TODAY
                         NORMAL    RECORD    YEAR
 MAXIMUM TEMPERATURE (F)   78        92      1918
 MINIMUM TEMPERATURE (F)   59        44      1923


SUNRISE AND SUNSET
AUGUST 23 2015........SUNRISE   625 AM EDT   SUNSET   801 PM EDT
AUGUST 24 2015........SUNRISE   626 AM EDT   SUNSET   759 PM EDT


-  INDICATES NEGATIVE NUMBERS.
R  INDICATES RECORD WAS SET OR TIED.
MM INDICATES DATA IS MISSING.
T  INDICATES TRACE AMOUNT.




$$
