000
CDUS41 KBUF 240705
CLIROC


CLIMATE REPORT
NATIONAL WEATHER SERVICE BUFFALO NY
305 AM EDT WED SEP 24 2014


...................................

...THE ROCHESTER NY CLIMATE SUMMARY FOR SEPTEMBER 23 2014...

CLIMATE NORMAL PERIOD 1981 TO 2010
CLIMATE RECORD PERIOD 1871 TO 2014


WEATHER ITEM   OBSERVED TIME   RECORD YEAR NORMAL DEPARTURE LAST
                VALUE   (LST)  VALUE       VALUE  FROM      YEAR
                                                  NORMAL
..................................................................
TEMPERATURE (F)
 YESTERDAY
  MAXIMUM         72    324 PM  90    1936  69      3       59
  MINIMUM         42    257 AM  33    1947  49     -7       42
  AVERAGE         57                        59     -2       51

PRECIPITATION (IN)
  YESTERDAY        0.00          1.34 2000   0.12  -0.12     0.00
  MONTH TO DATE    1.33                      2.61  -1.28     2.41
  SINCE SEP 1      1.33                      2.61  -1.28     2.41
  SINCE JAN 1     26.36                     25.21   1.15    27.62

SNOWFALL (IN)
  YESTERDAY        0.0           T    1950   0.0    0.0      0.0
  MONTH TO DATE    0.0                       0.0    0.0      0.0
  SINCE SEP 1      0.0                       0.0    0.0      0.0
  SINCE JUL 1      0.0                       0.0    0.0      0.0
  SNOW DEPTH       0

DEGREE DAYS
 HEATING
  YESTERDAY        8                         7      1       14
  MONTH TO DATE  115                        90     25      123
  SINCE SEP 1    115                        90     25      123
  SINCE JUL 1    140                       124     16      141

 COOLING
  YESTERDAY        0                         1     -1        0
  MONTH TO DATE   66                        45     21       58
  SINCE SEP 1     66                        45     21       58
  SINCE JAN 1    530                       529      1      649
..................................................................


WIND (MPH)
  HIGHEST WIND SPEED    16   HIGHEST WIND DIRECTION     W (250)
  HIGHEST GUST SPEED    21   HIGHEST GUST DIRECTION     W (250)
  AVERAGE WIND SPEED     6.9


SKY COVER
  AVERAGE SKY COVER 0.3


WEATHER CONDITIONS
 THE FOLLOWING WEATHER WAS RECORDED YESTERDAY.
  NO SIGNIFICANT WEATHER WAS OBSERVED.


RELATIVE HUMIDITY (PERCENT)
 HIGHEST    93          1100 PM
 LOWEST     41           300 PM
 AVERAGE    67

..........................................................


THE ROCHESTER NY CLIMATE NORMALS FOR TODAY
                         NORMAL    RECORD    YEAR
 MAXIMUM TEMPERATURE (F)   68        90      1970
 MINIMUM TEMPERATURE (F)   49        30      1963


SUNRISE AND SUNSET
SEPTEMBER 24 2014.....SUNRISE   700 AM EDT   SUNSET   704 PM EDT
SEPTEMBER 25 2014.....SUNRISE   701 AM EDT   SUNSET   703 PM EDT


-  INDICATES NEGATIVE NUMBERS.
R  INDICATES RECORD WAS SET OR TIED.
MM INDICATES DATA IS MISSING.
T  INDICATES TRACE AMOUNT.




$$
