000
CDUS41 KBUF 140705
CLIROC


CLIMATE REPORT
NATIONAL WEATHER SERVICE BUFFALO NY
305 AM EDT MON JUL 14 2014


...................................

...THE ROCHESTER NY CLIMATE SUMMARY FOR JULY 13 2014...

CLIMATE NORMAL PERIOD 1981 TO 2010
CLIMATE RECORD PERIOD 1871 TO 2014


WEATHER ITEM   OBSERVED TIME   RECORD YEAR NORMAL DEPARTURE LAST
                VALUE   (LST)  VALUE       VALUE  FROM      YEAR
                                                  NORMAL
..................................................................
TEMPERATURE (F)
 YESTERDAY
  MAXIMUM         79    627 PM  98    1952  81     -2       81
  MINIMUM         68    214 AM  49    1955  61      7       60
                                      1888
  AVERAGE         74                        71      3       71

PRECIPITATION (IN)
  YESTERDAY        0.41          2.25 1971   0.11   0.30     0.00
  MONTH TO DATE    2.37                      1.37   0.00     3.22
  SINCE JUN 1      4.43                      4.71  -0.28     9.49
  SINCE JAN 1     17.43                     17.17   0.26    21.32

SNOWFALL (IN)
  YESTERDAY        0.0           0.0    MM   0.0    0.0      0.0
  MONTH TO DATE    0.0                       0.0    0.0      0.0
  SINCE JUN 1      0.0                       0.0    0.0      0.0
  SINCE JUL 1      0.0                       0.0    0.0      0.0
  SNOW DEPTH       0

DEGREE DAYS
 HEATING
  YESTERDAY        0                         0      0        0
  MONTH TO DATE    1                         6     -5        0
  SINCE JUN 1     30                        74    -44       58
  SINCE JUL 1      1                         6     -5        0

 COOLING
  YESTERDAY        9                         6      3        6
  MONTH TO DATE   79                        78      1      123
  SINCE JUN 1    229                       184     45      230
  SINCE JAN 1    268                       214     54      301
..................................................................


WIND (MPH)
  HIGHEST WIND SPEED    21   HIGHEST WIND DIRECTION    SW (210)
  HIGHEST GUST SPEED    28   HIGHEST GUST DIRECTION    SW (210)
  AVERAGE WIND SPEED     8.8


SKY COVER
  AVERAGE SKY COVER 0.7


WEATHER CONDITIONS
 THE FOLLOWING WEATHER WAS RECORDED YESTERDAY.
  HEAVY RAIN
  RAIN
  LIGHT RAIN
  FOG
  HAZE


RELATIVE HUMIDITY (PERCENT)
 HIGHEST    93           900 PM
 LOWEST     64           600 AM
 AVERAGE    79

..........................................................


THE ROCHESTER NY CLIMATE NORMALS FOR TODAY
                         NORMAL    RECORD    YEAR
 MAXIMUM TEMPERATURE (F)   81        97      1952
 MINIMUM TEMPERATURE (F)   61        48      2009
                                             1926
                                             1888


SUNRISE AND SUNSET
JULY 14 2014..........SUNRISE   544 AM EDT   SUNSET   849 PM EDT
JULY 15 2014..........SUNRISE   545 AM EDT   SUNSET   848 PM EDT


-  INDICATES NEGATIVE NUMBERS.
R  INDICATES RECORD WAS SET OR TIED.
MM INDICATES DATA IS MISSING.
T  INDICATES TRACE AMOUNT.




$$
