000
CDUS41 KBUF 061019
CLIROC


CLIMATE REPORT
NATIONAL WEATHER SERVICE BUFFALO NY
518 AM EST SAT FEB 6 2016


...................................

...THE ROCHESTER NY CLIMATE SUMMARY FOR FEBRUARY 5 2016...

CLIMATE NORMAL PERIOD 1981 TO 2010
CLIMATE RECORD PERIOD 1871 TO 2016


WEATHER ITEM   OBSERVED TIME   RECORD YEAR NORMAL DEPARTURE LAST
                VALUE   (LST)  VALUE       VALUE  FROM      YEAR
                                                  NORMAL
..................................................................
TEMPERATURE (F)
 YESTERDAY
  MAXIMUM         35    202 PM  65    1890  32      3       22
  MINIMUM         26   1051 PM -11    1978  17      9        2
                                      1918
  AVERAGE         31                        25      6       12

PRECIPITATION (IN)
  YESTERDAY        0.04          0.74 1921   0.07  -0.03     0.02
  MONTH TO DATE    0.80                      0.34   0.46     0.70
  SINCE DEC 1      5.05                      5.38  -0.33     4.75
  SINCE JAN 1      2.32                      2.75  -0.43     2.44

SNOWFALL (IN)
  YESTERDAY        1.0          12.7  2014   0.8    0.2      0.4
  MONTH TO DATE    1.0                       4.1   -3.1     11.2
  SINCE DEC 1     23.5                      54.1  -30.6     45.5
  SINCE JUL 1     24.7                      61.5  -36.8     54.6
  SNOW DEPTH       1

DEGREE DAYS
 HEATING
  YESTERDAY       34                        40     -6       53
  MONTH TO DATE  124                       201    -77      240
  SINCE DEC 1   1982                      2537   -555     2582
  SINCE JUL 1   3022                      3905   -883     3862

 COOLING
  YESTERDAY        0                         0      0        0
  MONTH TO DATE    0                         0      0        0
  SINCE DEC 1      0                         0      0        0
  SINCE JAN 1      0                         0      0        0
..................................................................


WIND (MPH)
  HIGHEST WIND SPEED    16   HIGHEST WIND DIRECTION     N (10)
  HIGHEST GUST SPEED    20   HIGHEST GUST DIRECTION     W (250)
  AVERAGE WIND SPEED     8.1


SKY COVER
  AVERAGE SKY COVER 0.9


WEATHER CONDITIONS
 THE FOLLOWING WEATHER WAS RECORDED YESTERDAY.
  SNOW
  LIGHT SNOW
  FOG


RELATIVE HUMIDITY (PERCENT)
 HIGHEST    92           700 AM
 LOWEST     52           200 PM
 AVERAGE    72

..........................................................


THE ROCHESTER NY CLIMATE NORMALS FOR TODAY
                         NORMAL    RECORD    YEAR
 MAXIMUM TEMPERATURE (F)   32        55      1938
 MINIMUM TEMPERATURE (F)   17        -9      1948


SUNRISE AND SUNSET
FEBRUARY  6 2016......SUNRISE   721 AM EST   SUNSET   529 PM EST
FEBRUARY  7 2016......SUNRISE   720 AM EST   SUNSET   530 PM EST


-  INDICATES NEGATIVE NUMBERS.
R  INDICATES RECORD WAS SET OR TIED.
MM INDICATES DATA IS MISSING.
T  INDICATES TRACE AMOUNT.

$$
