110
CDUS41 KBUF 160705
CLIROC


CLIMATE REPORT
NATIONAL WEATHER SERVICE BUFFALO NY
305 AM EDT MON OCT 16 2017


...................................

...THE ROCHESTER NY CLIMATE SUMMARY FOR OCTOBER 15 2017...

CLIMATE NORMAL PERIOD 1981 TO 2010
CLIMATE RECORD PERIOD 1871 TO 2017


WEATHER ITEM   OBSERVED TIME   RECORD YEAR NORMAL DEPARTURE LAST
                VALUE   (LST)  VALUE       VALUE  FROM      YEAR
                                                  NORMAL
..................................................................
TEMPERATURE (F)
 YESTERDAY
  MAXIMUM         80    333 PM  86    1897  60     20       73
  MINIMUM         50   1159 PM  26    1876  42      8       34
  AVERAGE         65                        51     14       54

PRECIPITATION (IN)
  YESTERDAY        0.25          1.03 1943   0.09   0.16     0.00
  MONTH TO DATE    3.73                      1.37   2.36     0.68
  SINCE SEP 1      5.01                      4.75   0.26     2.98
  SINCE JAN 1     36.02                     27.35   8.67    20.63

SNOWFALL (IN)
  YESTERDAY        0.0           0.2  1937   0.0    0.0      0.0
  MONTH TO DATE    0.0                       0.0    0.0      0.0
  SINCE SEP 1      0.0                       0.0    0.0      0.0
  SINCE JUL 1      0.0                       0.0    0.0      0.0
  SNOW DEPTH       0

DEGREE DAYS
 HEATING
  YESTERDAY        0                        14    -14       11
  MONTH TO DATE   49                       180   -131      113
  SINCE SEP 1    141                       327   -186      164
  SINCE JUL 1    168                       361   -193      164

 COOLING
  YESTERDAY        0                         0      0        0
  MONTH TO DATE   21                         0     21        1
  SINCE SEP 1    138                        50     88      113
  SINCE JAN 1    654                       534    120      964
..................................................................


WIND (MPH)
  HIGHEST WIND SPEED    46   HIGHEST WIND DIRECTION     W (270)
  HIGHEST GUST SPEED    62   HIGHEST GUST DIRECTION    NW (300)
  AVERAGE WIND SPEED    16.5


SKY COVER
  AVERAGE SKY COVER 0.9


WEATHER CONDITIONS
 THE FOLLOWING WEATHER WAS RECORDED YESTERDAY.
  HEAVY RAIN
  RAIN
  LIGHT RAIN
  FOG


RELATIVE HUMIDITY (PERCENT)
 HIGHEST    97           500 PM
 LOWEST     58           100 PM
 AVERAGE    78

..........................................................


THE ROCHESTER NY CLIMATE NORMALS FOR TODAY
                         NORMAL    RECORD    YEAR
 MAXIMUM TEMPERATURE (F)   60        85      1947
 MINIMUM TEMPERATURE (F)   41        29      1978
                                             1886


SUNRISE AND SUNSET
OCTOBER 16 2017.......SUNRISE   726 AM EDT   SUNSET   626 PM EDT
OCTOBER 17 2017.......SUNRISE   727 AM EDT   SUNSET   624 PM EDT


-  INDICATES NEGATIVE NUMBERS.
R  INDICATES RECORD WAS SET OR TIED.
MM INDICATES DATA IS MISSING.
T  INDICATES TRACE AMOUNT.




$$
