000
CDUS41 KBUF 231209
CLIROC


CLIMATE REPORT
NATIONAL WEATHER SERVICE BUFFALO NY
809 AM EDT THU JUL 23 2015


...................................

...THE ROCHESTER NY CLIMATE SUMMARY FOR JULY 22 2015...

CLIMATE NORMAL PERIOD 1981 TO 2010
CLIMATE RECORD PERIOD 1871 TO 2015


WEATHER ITEM   OBSERVED TIME   RECORD YEAR NORMAL DEPARTURE LAST
                VALUE   (LST)  VALUE       VALUE  FROM      YEAR
                                                  NORMAL
..................................................................
TEMPERATURE (F)
 YESTERDAY
  MAXIMUM         76    511 PM  97    1955  81     -5       88
  MINIMUM         59   1152 PM  46    1970  61     -2       63
  AVERAGE         68                        71     -3       76

PRECIPITATION (IN)
  YESTERDAY        0.00          2.15 1947   0.11  -0.11     0.00
  MONTH TO DATE    2.40                      2.32   0.08     3.67
  SINCE JUN 1      8.60                      5.66   2.94     5.73
  SINCE JAN 1     20.30                     18.12   2.18    18.73

SNOWFALL (IN)
  YESTERDAY        0.0           0.0    MM   0.0    0.0      0.0
  MONTH TO DATE    0.0                       0.0    0.0      0.0
  SINCE JUN 1      0.0                       0.0    0.0      0.0
  SINCE JUL 1      0.0                       0.0    0.0      0.0
  SNOW DEPTH       0

DEGREE DAYS
 HEATING
  YESTERDAY        0                         0      0        0
  MONTH TO DATE   11                         6      5        1
  SINCE JUN 1     68                        74     -6       30
  SINCE JUL 1     11                         6      5        1

 COOLING
  YESTERDAY        3                         6     -3       11
  MONTH TO DATE  118                       132    -14      122
  SINCE JUN 1    212                       238    -26      272
  SINCE JAN 1    315                       268     47      311
..................................................................


WIND (MPH)
  HIGHEST WIND SPEED    18   HIGHEST WIND DIRECTION     W (260)
  HIGHEST GUST SPEED    25   HIGHEST GUST DIRECTION     W (270)
  AVERAGE WIND SPEED    10.3


SKY COVER
  AVERAGE SKY COVER 0.4


WEATHER CONDITIONS
 THE FOLLOWING WEATHER WAS RECORDED YESTERDAY.
  NO SIGNIFICANT WEATHER WAS OBSERVED.


RELATIVE HUMIDITY (PERCENT)
 HIGHEST    84           100 AM
 LOWEST     38           400 PM
 AVERAGE    61

..........................................................


THE ROCHESTER NY CLIMATE NORMALS FOR TODAY
                         NORMAL    RECORD    YEAR
 MAXIMUM TEMPERATURE (F)   81        99      1933
 MINIMUM TEMPERATURE (F)   61        48      1985


SUNRISE AND SUNSET
JULY 23 2015..........SUNRISE   552 AM EDT   SUNSET   842 PM EDT
JULY 24 2015..........SUNRISE   553 AM EDT   SUNSET   841 PM EDT


-  INDICATES NEGATIVE NUMBERS.
R  INDICATES RECORD WAS SET OR TIED.
MM INDICATES DATA IS MISSING.
T  INDICATES TRACE AMOUNT.




$$
