000
CDUS41 KBUF 201036
CLIROC


CLIMATE REPORT
NATIONAL WEATHER SERVICE BUFFALO NY
534 AM EST SUN NOV 20 2016


...................................

...THE ROCHESTER NY CLIMATE SUMMARY FOR NOVEMBER 19 2016...

CLIMATE NORMAL PERIOD 1981 TO 2010
CLIMATE RECORD PERIOD 1871 TO 2016


WEATHER ITEM   OBSERVED TIME   RECORD YEAR NORMAL DEPARTURE LAST
                VALUE   (LST)  VALUE       VALUE  FROM      YEAR
                                                  NORMAL
..................................................................
TEMPERATURE (F)
 YESTERDAY
  MAXIMUM         66   1043 AM  73    1941  47     19       68
                                      1921
  MINIMUM         37   1159 PM  11    1894  32      5       50
  AVERAGE         52                        39     13       59

PRECIPITATION (IN)
  YESTERDAY        0.16          1.37 1889   0.10   0.06     0.02
  MONTH TO DATE    1.21                      1.84  -0.63     0.65
  SINCE SEP 1      8.77                      7.94   0.83     7.50
  SINCE JAN 1     26.42                     30.54  -4.12    33.63

SNOWFALL (IN)
  YESTERDAY        0.0           5.0  1955   0.2   -0.2      0.0
  MONTH TO DATE    0.0                       3.2   -3.2       T
  SINCE SEP 1      0.9                       3.3   -2.4       T
  SINCE JUL 1      0.9                       3.3   -2.4       T
  SNOW DEPTH       0

DEGREE DAYS
 HEATING
  YESTERDAY       13                        26    -13        6
  MONTH TO DATE  306                       428   -122      265
  SINCE SEP 1    699                      1027   -328      741
  SINCE JUL 1    699                      1061   -362      760

 COOLING
  YESTERDAY        0                         0      0        0
  MONTH TO DATE    0                         0      0        0
  SINCE SEP 1    127                        55     72      144
  SINCE JAN 1    978                       539    439      698
..................................................................


WIND (MPH)
  HIGHEST WIND SPEED    29   HIGHEST WIND DIRECTION     W (270)
  HIGHEST GUST SPEED    38   HIGHEST GUST DIRECTION     W (270)
  AVERAGE WIND SPEED     9.0


SKY COVER
  AVERAGE SKY COVER 0.6


WEATHER CONDITIONS
 THE FOLLOWING WEATHER WAS RECORDED YESTERDAY.
  RAIN
  LIGHT RAIN
  SLEET
  FOG


RELATIVE HUMIDITY (PERCENT)
 HIGHEST    92           700 PM
 LOWEST     48          1000 AM
 AVERAGE    70

..........................................................


THE ROCHESTER NY CLIMATE NORMALS FOR TODAY
                         NORMAL    RECORD    YEAR
 MAXIMUM TEMPERATURE (F)   46        72      1991
 MINIMUM TEMPERATURE (F)   32        14      1879


SUNRISE AND SUNSET
NOVEMBER 20 2016......SUNRISE   710 AM EST   SUNSET   442 PM EST
NOVEMBER 21 2016......SUNRISE   711 AM EST   SUNSET   442 PM EST


-  INDICATES NEGATIVE NUMBERS.
R  INDICATES RECORD WAS SET OR TIED.
MM INDICATES DATA IS MISSING.
T  INDICATES TRACE AMOUNT.




$$
