000
CDUS41 KBUF 112026
CLIROC


CLIMATE REPORT
NATIONAL WEATHER SERVICE BUFFALO NY
424 PM EDT MON JUL 11 2016


...................................

...THE ROCHESTER NY CLIMATE SUMMARY FOR JULY 11 2016...
VALID TODAY AS OF 0400 PM LOCAL TIME.

CLIMATE NORMAL PERIOD 1981 TO 2010
CLIMATE RECORD PERIOD 1871 TO 2016


WEATHER ITEM   OBSERVED TIME   RECORD YEAR NORMAL DEPARTURE LAST
                VALUE   (LST)  VALUE       VALUE  FROM      YEAR
                                                  NORMAL
..................................................................
TEMPERATURE (F)
 TODAY
  MAXIMUM         81    202 PM  96    1936  81      0       83
  MINIMUM         58    445 AM  44    1945  61     -3       57
  AVERAGE         70                        71     -1       70

PRECIPITATION (IN)
  TODAY            0.00          3.26 1897   0.10  -0.10     0.00
  MONTH TO DATE    0.82                      1.16  -0.34     0.68
  SINCE JUN 1      1.73                      4.50  -2.77     6.88
  SINCE JAN 1     13.34                     16.96  -3.62    18.58

SNOWFALL (IN)
  TODAY            0.0           0.0    MM   0.0    0.0      0.0
  MONTH TO DATE    0.0                       0.0    0.0      0.0
  SINCE JUN 1      0.0                       0.0    0.0      0.0
  SINCE JUL 1      0.0                       0.0    0.0      0.0
  SNOW DEPTH       0

DEGREE DAYS
 HEATING
  TODAY            0                         0      0        0
  MONTH TO DATE    0                         6     -6        6
  SINCE JUN 1     47                        74    -27       63
  SINCE JUL 1      0                         6     -6        6

 COOLING
  TODAY            5                         6     -1        5
  MONTH TO DATE   95                        66     29       40
  SINCE JUN 1    224                       172     52      134
  SINCE JAN 1    286                       202     84      237
..................................................................


WIND (MPH)
  HIGHEST WIND SPEED    13   HIGHEST WIND DIRECTION    NE (40)
  HIGHEST GUST SPEED    17   HIGHEST GUST DIRECTION    NE (40)
  AVERAGE WIND SPEED     4.0


SKY COVER
  AVERAGE SKY COVER 0.6


WEATHER CONDITIONS
 THE FOLLOWING WEATHER WAS RECORDED TODAY.
  NO SIGNIFICANT WEATHER WAS OBSERVED.


RELATIVE HUMIDITY (PERCENT)
 HIGHEST    93           500 AM
 LOWEST     42          1200 PM
 AVERAGE    68

..........................................................


THE ROCHESTER NY CLIMATE NORMALS FOR TOMORROW
                         NORMAL    RECORD    YEAR
 MAXIMUM TEMPERATURE (F)   81        94      1966
 MINIMUM TEMPERATURE (F)   61        45      1898


SUNRISE AND SUNSET
JULY 11 2016..........SUNRISE   542 AM EDT   SUNSET   850 PM EDT
JULY 12 2016..........SUNRISE   543 AM EDT   SUNSET   850 PM EDT


-  INDICATES NEGATIVE NUMBERS.
R  INDICATES RECORD WAS SET OR TIED.
MM INDICATES DATA IS MISSING.
T  INDICATES TRACE AMOUNT.

$$
