000
CDUS41 KBUF 102024
CLIROC


CLIMATE REPORT
NATIONAL WEATHER SERVICE BUFFALO NY
423 PM EDT WED MAY 10 2017


...................................

...THE ROCHESTER NY CLIMATE SUMMARY FOR MAY 10 2017...
VALID TODAY AS OF 0400 PM LOCAL TIME.

CLIMATE NORMAL PERIOD 1981 TO 2010
CLIMATE RECORD PERIOD 1871 TO 2017


WEATHER ITEM   OBSERVED TIME   RECORD YEAR NORMAL DEPARTURE LAST
                VALUE   (LST)  VALUE       VALUE  FROM      YEAR
                                                  NORMAL
..................................................................
TEMPERATURE (F)
 TODAY
  MAXIMUM         52    259 PM  89    1896  66    -14       62
  MINIMUM         37    455 AM  28    1966  44     -7       35
  AVERAGE         45                        55    -10       49

PRECIPITATION (IN)
  TODAY            0.00          1.54 1919   0.08  -0.08     0.00
  MONTH TO DATE    3.17                      0.89   2.28     0.90
  SINCE MAR 1     12.78                      6.12   6.66     4.28
  SINCE JAN 1     17.86                     10.48   7.38     9.58

SNOWFALL (IN)
  TODAY            0.0           2.0  1945   0.0    0.0      0.0
  MONTH TO DATE    0.0                       0.2   -0.2      0.0
  SINCE MAR 1     35.5                      20.4   15.1     12.0
  SINCE JUL 1    107.1                      99.3    7.8     63.7
  SNOW DEPTH       0

DEGREE DAYS
 HEATING
  TODAY           20                        10     10       16
  MONTH TO DATE  165                       118     47      139
  SINCE MAR 1   1564                      1635    -71     1575
  SINCE JUL 1   5432                      6421   -989     5492

 COOLING
  TODAY            0                         1     -1        0
  MONTH TO DATE    0                         1     -1        0
  SINCE MAR 1     14                         5      9        0
  SINCE JAN 1     14                         5      9        0
..................................................................


WIND (MPH)
  HIGHEST WIND SPEED    15   HIGHEST WIND DIRECTION    NE (30)
  HIGHEST GUST SPEED    19   HIGHEST GUST DIRECTION    NE (30)
  AVERAGE WIND SPEED     5.8


SKY COVER
  AVERAGE SKY COVER 0.6


WEATHER CONDITIONS
 THE FOLLOWING WEATHER WAS RECORDED TODAY.
  NO SIGNIFICANT WEATHER WAS OBSERVED.


RELATIVE HUMIDITY (PERCENT)
 HIGHEST    82           500 AM
 LOWEST     41           300 PM
 AVERAGE    62

..........................................................


THE ROCHESTER NY CLIMATE NORMALS FOR TOMORROW
                         NORMAL    RECORD    YEAR
 MAXIMUM TEMPERATURE (F)   66        89      1979
                                             1953
                                             1911
 MINIMUM TEMPERATURE (F)   45        29      1966


SUNRISE AND SUNSET
MAY 10 2017...........SUNRISE   552 AM EDT   SUNSET   822 PM EDT
MAY 11 2017...........SUNRISE   551 AM EDT   SUNSET   823 PM EDT


-  INDICATES NEGATIVE NUMBERS.
R  INDICATES RECORD WAS SET OR TIED.
MM INDICATES DATA IS MISSING.
T  INDICATES TRACE AMOUNT.




$$
