000
CDUS41 KBUF 132051
CLIROC


CLIMATE REPORT
NATIONAL WEATHER SERVICE BUFFALO NY
451 PM EDT MON MAR 13 2017


...................................

...THE ROCHESTER NY CLIMATE SUMMARY FOR MARCH 13 2017...
VALID TODAY AS OF 0400 PM LOCAL TIME.

CLIMATE NORMAL PERIOD 1981 TO 2010
CLIMATE RECORD PERIOD 1871 TO 2017


WEATHER ITEM   OBSERVED TIME   RECORD YEAR NORMAL DEPARTURE LAST
                VALUE   (LST)  VALUE       VALUE  FROM      YEAR
                                                  NORMAL
..................................................................
TEMPERATURE (F)
 TODAY
  MAXIMUM         21    129 PM  71    1995  42    -21       47
  MINIMUM         13    446 AM  -7    1885  25    -12       36
  AVERAGE         17                        33    -16       42

PRECIPITATION (IN)
  TODAY            T             1.56 1878   0.08  -0.08     0.03
  MONTH TO DATE    0.71                      1.02  -0.31     0.47
  SINCE MAR 1      0.71                      1.02  -0.31     0.47
  SINCE JAN 1      5.79                      5.38   0.41     5.77

SNOWFALL (IN)
  TODAY            T            15.0  1993   0.5   -0.5      0.0
  MONTH TO DATE    4.8                       8.8   -4.0      2.2
  SINCE MAR 1      4.8                       8.8   -4.0      2.2
  SINCE JUL 1     76.4                      87.7  -11.3     53.9
  SNOW DEPTH       T

DEGREE DAYS
 HEATING
  TODAY           48                        32     16       23
  MONTH TO DATE  454                       441     13      351
  SINCE MAR 1    454                       441     13      351
  SINCE JUL 1   4322                      5227   -905     4268

 COOLING
  TODAY            0                         0      0        0
  MONTH TO DATE    0                         0      0        0
  SINCE MAR 1      0                         0      0        0
  SINCE JAN 1      0                         0      0        0
..................................................................


WIND (MPH)
  HIGHEST WIND SPEED    15   HIGHEST WIND DIRECTION     N (10)
  HIGHEST GUST SPEED    18   HIGHEST GUST DIRECTION     N (10)
  AVERAGE WIND SPEED     7.2


SKY COVER
  AVERAGE SKY COVER 0.9


WEATHER CONDITIONS
 THE FOLLOWING WEATHER WAS RECORDED TODAY.
  LIGHT SNOW


RELATIVE HUMIDITY (PERCENT)
 HIGHEST    73           500 AM
 LOWEST     51          1200 PM
 AVERAGE    62

..........................................................


THE ROCHESTER NY CLIMATE NORMALS FOR TOMORROW
                         NORMAL    RECORD    YEAR
 MAXIMUM TEMPERATURE (F)   42        80      1990
 MINIMUM TEMPERATURE (F)   25         4      1895


SUNRISE AND SUNSET
MARCH 13 2017.........SUNRISE   726 AM EDT   SUNSET   715 PM EDT
MARCH 14 2017.........SUNRISE   724 AM EDT   SUNSET   716 PM EDT


-  INDICATES NEGATIVE NUMBERS.
R  INDICATES RECORD WAS SET OR TIED.
MM INDICATES DATA IS MISSING.
T  INDICATES TRACE AMOUNT.




$$
