000
CDUS41 KBUF 250705
CLIROC


CLIMATE REPORT
NATIONAL WEATHER SERVICE BUFFALO NY
205 AM EST FRI NOV 25 2016


...................................

...THE ROCHESTER NY CLIMATE SUMMARY FOR NOVEMBER 24 2016...

CLIMATE NORMAL PERIOD 1981 TO 2010
CLIMATE RECORD PERIOD 1871 TO 2016


WEATHER ITEM   OBSERVED TIME   RECORD YEAR NORMAL DEPARTURE LAST
                VALUE   (LST)  VALUE       VALUE  FROM      YEAR
                                                  NORMAL
..................................................................
TEMPERATURE (F)
 YESTERDAY
  MAXIMUM         42    924 PM  71    1931  44     -2       42
  MINIMUM         32    158 AM   6    1880  31      1       29
  AVERAGE         37                        38     -1       36

PRECIPITATION (IN)
  YESTERDAY        0.16          1.02 1912   0.10   0.06     0.03
  MONTH TO DATE    2.14                      2.35  -0.21     0.74
  SINCE SEP 1      9.70                      8.45   1.25     7.59
  SINCE JAN 1     27.35                     31.05  -3.70    33.72

SNOWFALL (IN)
  YESTERDAY       MM             5.0  1894   0.3   MM        0.3
  MONTH TO DATE   15.0                       4.8   10.2      1.2
  SINCE SEP 1     15.9                       4.9   11.0      1.2
  SINCE JUL 1     15.9                       4.9   11.0      1.2
  SNOW DEPTH       0

DEGREE DAYS
 HEATING
  YESTERDAY       28                        28      0       29
  MONTH TO DATE  462                       562   -100      406
  SINCE SEP 1    855                      1161   -306      882
  SINCE JUL 1    855                      1195   -340      901

 COOLING
  YESTERDAY        0                         0      0        0
  MONTH TO DATE    0                         0      0        0
  SINCE SEP 1    127                        55     72      144
  SINCE JAN 1    978                       539    439      698
..................................................................


WIND (MPH)
  HIGHEST WIND SPEED    14   HIGHEST WIND DIRECTION    SE (130)
  HIGHEST GUST SPEED    18   HIGHEST GUST DIRECTION    SE (120)
  AVERAGE WIND SPEED     5.3


SKY COVER
  AVERAGE SKY COVER 1.0


WEATHER CONDITIONS
 THE FOLLOWING WEATHER WAS RECORDED YESTERDAY.
  LIGHT RAIN
  LT FREEZING RAIN
  SNOW
  LIGHT SNOW
  SLEET
  FOG


RELATIVE HUMIDITY (PERCENT)
 HIGHEST   100           200 PM
 LOWEST     75           600 AM
 AVERAGE    88

..........................................................


THE ROCHESTER NY CLIMATE NORMALS FOR TODAY
                         NORMAL    RECORD    YEAR
 MAXIMUM TEMPERATURE (F)   44        67      1908
 MINIMUM TEMPERATURE (F)   30        11      1938
                                             1917


SUNRISE AND SUNSET
NOVEMBER 25 2016......SUNRISE   716 AM EST   SUNSET   439 PM EST
NOVEMBER 26 2016......SUNRISE   717 AM EST   SUNSET   439 PM EST


-  INDICATES NEGATIVE NUMBERS.
R  INDICATES RECORD WAS SET OR TIED.
MM INDICATES DATA IS MISSING.
T  INDICATES TRACE AMOUNT.




$$
