000
CDUS41 KBUF 102034
CLIROC


CLIMATE REPORT
NATIONAL WEATHER SERVICE BUFFALO NY
433 PM EDT SAT SEP 10 2016


...................................

...THE ROCHESTER NY CLIMATE SUMMARY FOR SEPTEMBER 10 2016...
VALID TODAY AS OF 0400 PM LOCAL TIME.

CLIMATE NORMAL PERIOD 1981 TO 2010
CLIMATE RECORD PERIOD 1871 TO 2016


WEATHER ITEM   OBSERVED TIME   RECORD YEAR NORMAL DEPARTURE LAST
                VALUE   (LST)  VALUE       VALUE  FROM      YEAR
                                                  NORMAL
..................................................................
TEMPERATURE (F)
 TODAY
  MAXIMUM         90    240 PM  94    1897  74     16       74
  MINIMUM         62    234 AM  37    1975  54      8       56
  AVERAGE         76                        64     12       65

PRECIPITATION (IN)
  TODAY            T             0.77 1946   0.11  -0.11     0.00
  MONTH TO DATE    0.01                      1.09  -1.08     0.55
  SINCE SEP 1      0.01                      1.09  -1.08     0.55
  SINCE JAN 1     17.66                     23.69  -6.03    26.68

SNOWFALL (IN)
  TODAY            0.0           0.0    MM   0.0    0.0      0.0
  MONTH TO DATE    0.0                       0.0    0.0      0.0
  SINCE SEP 1      0.0                       0.0    0.0      0.0
  SINCE JUL 1      0.0                       0.0    0.0      0.0
  SNOW DEPTH       0

DEGREE DAYS
 HEATING
  TODAY            0                         3     -3        0
  MONTH TO DATE    3                        24    -21        0
  SINCE SEP 1      3                        24    -21        0
  SINCE JUL 1      3                        58    -55       19

 COOLING
  TODAY           11                         2      9        0
  MONTH TO DATE   70                        27     43      111
  SINCE SEP 1     70                        27     43      111
  SINCE JAN 1    921                       511    410      665
..................................................................


WIND (MPH)
  HIGHEST WIND SPEED    25   HIGHEST WIND DIRECTION    SW (210)
  HIGHEST GUST SPEED    33   HIGHEST GUST DIRECTION    SW (230)
  AVERAGE WIND SPEED     7.4


SKY COVER
  AVERAGE SKY COVER 0.4


WEATHER CONDITIONS
 THE FOLLOWING WEATHER WAS RECORDED TODAY.
  NO SIGNIFICANT WEATHER WAS OBSERVED.


RELATIVE HUMIDITY (PERCENT)
 HIGHEST    93           200 AM
 LOWEST     50           300 PM
 AVERAGE    72

..........................................................


THE ROCHESTER NY CLIMATE NORMALS FOR TOMORROW
                         NORMAL    RECORD    YEAR
 MAXIMUM TEMPERATURE (F)   74        94      1931
 MINIMUM TEMPERATURE (F)   54        37      1879


SUNRISE AND SUNSET
SEPTEMBER 10 2016.....SUNRISE   645 AM EDT   SUNSET   729 PM EDT
SEPTEMBER 11 2016.....SUNRISE   646 AM EDT   SUNSET   727 PM EDT


-  INDICATES NEGATIVE NUMBERS.
R  INDICATES RECORD WAS SET OR TIED.
MM INDICATES DATA IS MISSING.
T  INDICATES TRACE AMOUNT.




$$
