000
CDUS41 KBUF 050705
CLIROC


CLIMATE REPORT
NATIONAL WEATHER SERVICE BUFFALO NY
205 AM EST SUN FEB 5 2017


...................................

...THE ROCHESTER NY CLIMATE SUMMARY FOR FEBRUARY 4 2017...

CLIMATE NORMAL PERIOD 1981 TO 2010
CLIMATE RECORD PERIOD 1871 TO 2017


WEATHER ITEM   OBSERVED TIME   RECORD YEAR NORMAL DEPARTURE LAST
                VALUE   (LST)  VALUE       VALUE  FROM      YEAR
                                                  NORMAL
..................................................................
TEMPERATURE (F)
 YESTERDAY
  MAXIMUM         29    423 PM  58    1991  32     -3       42
                                      1890
  MINIMUM         16    841 AM  -8    1970  17     -1       33
                                      1918
  AVERAGE         23                        25     -2       38

PRECIPITATION (IN)
  YESTERDAY        T             1.03 1901   0.06  -0.06      T
  MONTH TO DATE    0.17                      0.27  -0.10     0.76
  SINCE DEC 1      5.83                      5.31   0.52     5.01
  SINCE JAN 1      2.92                      2.68   0.24     2.28

SNOWFALL (IN)
  YESTERDAY       MM            10.3  1901   0.8   MM         T
  MONTH TO DATE    3.4                       3.3    0.1       T
  SINCE DEC 1     44.5                      53.3   -8.8     22.5
  SINCE JUL 1     60.4                      60.7   -0.3     23.7
  SNOW DEPTH       0

DEGREE DAYS
 HEATING
  YESTERDAY       42                        40      2       27
  MONTH TO DATE  163                       161      2       90
  SINCE DEC 1   2234                      2497   -263     1948
  SINCE JUL 1   3212                      3865   -653     2988

 COOLING
  YESTERDAY        0                         0      0        0
  MONTH TO DATE    0                         0      0        0
  SINCE DEC 1      0                         0      0        0
  SINCE JAN 1      0                         0      0        0
..................................................................


WIND (MPH)
  HIGHEST WIND SPEED    26   HIGHEST WIND DIRECTION     W (260)
  HIGHEST GUST SPEED    35   HIGHEST GUST DIRECTION     W (250)
  AVERAGE WIND SPEED    14.1


SKY COVER
  AVERAGE SKY COVER 0.6


WEATHER CONDITIONS
 THE FOLLOWING WEATHER WAS RECORDED YESTERDAY.
  LIGHT SNOW


RELATIVE HUMIDITY (PERCENT)
 HIGHEST    68           200 PM
 LOWEST     55          1200 PM
 AVERAGE    62

..........................................................


THE ROCHESTER NY CLIMATE NORMALS FOR TODAY
                         NORMAL    RECORD    YEAR
 MAXIMUM TEMPERATURE (F)   32        65      1890
 MINIMUM TEMPERATURE (F)   17       -11      1978
                                             1918


SUNRISE AND SUNSET
FEBRUARY  5 2017......SUNRISE   721 AM EST   SUNSET   529 PM EST
FEBRUARY  6 2017......SUNRISE   720 AM EST   SUNSET   530 PM EST


-  INDICATES NEGATIVE NUMBERS.
R  INDICATES RECORD WAS SET OR TIED.
MM INDICATES DATA IS MISSING.
T  INDICATES TRACE AMOUNT.




$$
