000
CDUS41 KBUF 082115
CLIROC


CLIMATE REPORT
NATIONAL WEATHER SERVICE BUFFALO NY
415 PM EST WED FEB 8 2017


...................................

...THE ROCHESTER NY CLIMATE SUMMARY FOR FEBRUARY 8 2017...
VALID TODAY AS OF 0400 PM LOCAL TIME.

CLIMATE NORMAL PERIOD 1981 TO 2010
CLIMATE RECORD PERIOD 1871 TO 2017


WEATHER ITEM   OBSERVED TIME   RECORD YEAR NORMAL DEPARTURE LAST
                VALUE   (LST)  VALUE       VALUE  FROM      YEAR
                                                  NORMAL
..................................................................
TEMPERATURE (F)
 TODAY
  MAXIMUM         56    121 AM  63    1925  33     23       43
  MINIMUM         33    259 PM -16    1934  18     15       33
  AVERAGE         45                        25     20       38

PRECIPITATION (IN)
  TODAY            T             1.34 1878   0.06  -0.06     0.03
  MONTH TO DATE    0.70                      0.53   0.17     0.83
  SINCE DEC 1      6.36                      5.57   0.79     5.08
  SINCE JAN 1      3.45                      2.94   0.51     2.35

SNOWFALL (IN)
  TODAY            0.0          10.1  2013   0.7   -0.7      0.2
  MONTH TO DATE    3.5                       6.3   -2.8      1.2
  SINCE DEC 1     44.6                      56.3  -11.7     23.7
  SINCE JUL 1     60.5                      63.7   -3.2     24.9
  SNOW DEPTH       0

DEGREE DAYS
 HEATING
  TODAY           20                        40    -20       27
  MONTH TO DATE  274                       321    -47      211
  SINCE DEC 1   2345                      2657   -312     2069
  SINCE JUL 1   3323                      4025   -702     3109

 COOLING
  TODAY            0                         0      0        0
  MONTH TO DATE    0                         0      0        0
  SINCE DEC 1      0                         0      0        0
  SINCE JAN 1      0                         0      0        0
..................................................................


WIND (MPH)
  HIGHEST WIND SPEED    33   HIGHEST WIND DIRECTION     W (260)
  HIGHEST GUST SPEED    45   HIGHEST GUST DIRECTION     W (260)
  AVERAGE WIND SPEED    16.0


SKY COVER
  AVERAGE SKY COVER 1.0


WEATHER CONDITIONS
 THE FOLLOWING WEATHER WAS RECORDED TODAY.
  LIGHT RAIN
  FOG


RELATIVE HUMIDITY (PERCENT)
 HIGHEST    89          1200 AM
 LOWEST     56           200 PM
 AVERAGE    73

..........................................................


THE ROCHESTER NY CLIMATE NORMALS FOR TOMORROW
                         NORMAL    RECORD    YEAR
 MAXIMUM TEMPERATURE (F)   33        62      2001
 MINIMUM TEMPERATURE (F)   18       -22      1934


SUNRISE AND SUNSET
FEBRUARY  8 2017......SUNRISE   717 AM EST   SUNSET   533 PM EST
FEBRUARY  9 2017......SUNRISE   716 AM EST   SUNSET   534 PM EST


-  INDICATES NEGATIVE NUMBERS.
R  INDICATES RECORD WAS SET OR TIED.
MM INDICATES DATA IS MISSING.
T  INDICATES TRACE AMOUNT.




$$
