000
CDUS41 KBUF 200705
CLIROC


CLIMATE REPORT
NATIONAL WEATHER SERVICE BUFFALO NY
205 AM EST FRI FEB 20 2015


...................................

...THE ROCHESTER NY CLIMATE SUMMARY FOR FEBRUARY 19 2015...

CLIMATE NORMAL PERIOD 1981 TO 2010
CLIMATE RECORD PERIOD 1871 TO 2015


WEATHER ITEM   OBSERVED TIME   RECORD YEAR NORMAL DEPARTURE LAST
                VALUE   (LST)  VALUE       VALUE  FROM      YEAR
                                                  NORMAL
..................................................................
TEMPERATURE (F)
 YESTERDAY
  MAXIMUM         14    146 AM  61    1994  35    -21       50
  MINIMUM         -1   1153 PM  -7    1944  19    -20       23
  AVERAGE          7                        27    -20       37

PRECIPITATION (IN)
  YESTERDAY        0.05          1.50 1960   0.07  -0.02      T
  MONTH TO DATE    2.13                      1.27   0.86     1.37
  SINCE DEC 1      6.18                      6.31  -0.13     5.59
  SINCE JAN 1      3.87                      3.68   0.19     2.60

SNOWFALL (IN)
  YESTERDAY       MM            14.7  1960   0.7   MM        0.0
  MONTH TO DATE   36.8                      14.6   22.2     21.8
  SINCE DEC 1     71.1                      64.6    6.5     65.1
  SINCE JUL 1     80.2                      72.0    8.2     78.6
  SNOW DEPTH       0

DEGREE DAYS
 HEATING
  YESTERDAY       58                        38     20       28
  MONTH TO DATE  969                       749    220      862
  SINCE DEC 1   3311                      3085    226     3358
  SINCE JUL 1   4591                      4453    138     4730

 COOLING
  YESTERDAY        0                         0      0        0
  MONTH TO DATE    0                         0      0        0
  SINCE DEC 1      0                         0      0        0
  SINCE JAN 1      0                         0      0        0
..................................................................


WIND (MPH)
  HIGHEST WIND SPEED    25   HIGHEST WIND DIRECTION     W (280)
  HIGHEST GUST SPEED    36   HIGHEST GUST DIRECTION     W (290)
  AVERAGE WIND SPEED    15.1


SKY COVER
  AVERAGE SKY COVER 0.9


WEATHER CONDITIONS
 THE FOLLOWING WEATHER WAS RECORDED YESTERDAY.
  SNOW
  LIGHT SNOW
  FOG
  HAZE
  BLOWING SNOW


RELATIVE HUMIDITY (PERCENT)
 HIGHEST    88           100 AM
 LOWEST     60           400 PM
 AVERAGE    74

..........................................................


THE ROCHESTER NY CLIMATE NORMALS FOR TODAY
                         NORMAL    RECORD    YEAR
 MAXIMUM TEMPERATURE (F)   35        62      1994
                                             1913
 MINIMUM TEMPERATURE (F)   19        -4      1934


SUNRISE AND SUNSET
FEBRUARY 20 2015......SUNRISE   701 AM EST   SUNSET   548 PM EST
FEBRUARY 21 2015......SUNRISE   700 AM EST   SUNSET   549 PM EST


-  INDICATES NEGATIVE NUMBERS.
R  INDICATES RECORD WAS SET OR TIED.
MM INDICATES DATA IS MISSING.
T  INDICATES TRACE AMOUNT.




$$
