000
CDUS41 KBUF 112031
CLIROC


CLIMATE REPORT
NATIONAL WEATHER SERVICE BUFFALO NY
430 PM EDT TUE JUL 11 2017


...................................

...THE ROCHESTER NY CLIMATE SUMMARY FOR JULY 11 2017...
VALID TODAY AS OF 0400 PM LOCAL TIME.

CLIMATE NORMAL PERIOD 1981 TO 2010
CLIMATE RECORD PERIOD 1871 TO 2017


WEATHER ITEM   OBSERVED TIME   RECORD YEAR NORMAL DEPARTURE LAST
                VALUE   (LST)  VALUE       VALUE  FROM      YEAR
                                                  NORMAL
..................................................................
TEMPERATURE (F)
 TODAY
  MAXIMUM         83    259 PM  96    1936  81      2       82
  MINIMUM         64    303 AM  44    1945  61      3       58
  AVERAGE         74                        71      3       70

PRECIPITATION (IN)
  TODAY            0.00          3.26 1897   0.10  -0.10     0.00
  MONTH TO DATE    0.90                      1.16  -0.26     0.82
  SINCE JUN 1      4.44                      4.50  -0.06     1.73
  SINCE JAN 1     24.42                     16.96   7.46    13.34

SNOWFALL (IN)
  TODAY            0.0           0.0    MM   0.0    0.0      0.0
  MONTH TO DATE    0.0                       0.0    0.0      0.0
  SINCE JUN 1      0.0                       0.0    0.0      0.0
  SINCE JUL 1      0.0                       0.0    0.0      0.0
  SNOW DEPTH       0

DEGREE DAYS
 HEATING
  TODAY            0                         0      0        0
  MONTH TO DATE    0                         6     -6        0
  SINCE JUN 1     45                        74    -29       47
  SINCE JUL 1      0                         6     -6        0

 COOLING
  TODAY            9                         6      3        5
  MONTH TO DATE   66                        66      0       95
  SINCE JUN 1    199                       172     27      224
  SINCE JAN 1    241                       202     39      286
..................................................................


WIND (MPH)
  HIGHEST WIND SPEED     9   HIGHEST WIND DIRECTION    NE (40)
  HIGHEST GUST SPEED    13   HIGHEST GUST DIRECTION    SW (240)
  AVERAGE WIND SPEED     4.5


SKY COVER
  AVERAGE SKY COVER 0.6


WEATHER CONDITIONS
 THE FOLLOWING WEATHER WAS RECORDED TODAY.
  FOG


RELATIVE HUMIDITY (PERCENT)
 HIGHEST   100           200 AM
 LOWEST     58           300 PM
 AVERAGE    79

..........................................................


THE ROCHESTER NY CLIMATE NORMALS FOR TOMORROW
                         NORMAL    RECORD    YEAR
 MAXIMUM TEMPERATURE (F)   81        94      1966
 MINIMUM TEMPERATURE (F)   61        45      1898


SUNRISE AND SUNSET
JULY 11 2017..........SUNRISE   542 AM EDT   SUNSET   850 PM EDT
JULY 12 2017..........SUNRISE   543 AM EDT   SUNSET   850 PM EDT


-  INDICATES NEGATIVE NUMBERS.
R  INDICATES RECORD WAS SET OR TIED.
MM INDICATES DATA IS MISSING.
T  INDICATES TRACE AMOUNT.

$$
