000
CDUS41 KBUF 051013
CLIROC


CLIMATE REPORT
NATIONAL WEATHER SERVICE BUFFALO NY
513 AM EST FRI JAN 5 2018


...................................

...THE ROCHESTER NY CLIMATE SUMMARY FOR JANUARY 4 2018...

CLIMATE NORMAL PERIOD 1981 TO 2010
CLIMATE RECORD PERIOD 1871 TO 2018


WEATHER ITEM   OBSERVED TIME   RECORD YEAR NORMAL DEPARTURE LAST
                VALUE   (LST)  VALUE       VALUE  FROM      YEAR
                                                  NORMAL
..................................................................
TEMPERATURE (F)
 YESTERDAY
  MAXIMUM         22    156 AM  69    1874  32    -10       42
  MINIMUM          5   1159 PM -10    1981  19    -14       20
  AVERAGE         14                        26    -12       31

PRECIPITATION (IN)
  YESTERDAY        0.07          1.71 1879   0.08  -0.01     0.03
  MONTH TO DATE    0.12                      0.33  -0.21     0.55
  SINCE DEC 1      2.36                      2.96  -0.60     3.46
  SINCE JAN 1      0.12                      0.33  -0.21     0.55

SNOWFALL (IN)
  YESTERDAY        2.4          17.1  1879   0.9    1.5       T
  MONTH TO DATE    3.9                       3.5    0.4       T
  SINCE DEC 1     38.6                      25.3   13.3     29.3
  SINCE JUL 1     41.2                      32.7    8.5     45.2
  SNOW DEPTH       5

DEGREE DAYS
 HEATING
  YESTERDAY       51                        39     12       34
  MONTH TO DATE  207                       156     51      125
  SINCE DEC 1   1409                      1241    168     1160
  SINCE JUL 1   2500                      2609   -109     2138

 COOLING
  YESTERDAY        0                         0      0        0
  MONTH TO DATE    0                         0      0        0
  SINCE DEC 1      0                         0      0        0
  SINCE JAN 1      0                         0      0        0
..................................................................


WIND (MPH)
  HIGHEST WIND SPEED    25   HIGHEST WIND DIRECTION    NW (300)
  HIGHEST GUST SPEED    35   HIGHEST GUST DIRECTION    NW (310)
  AVERAGE WIND SPEED    13.5


SKY COVER
  AVERAGE SKY COVER 1.0


WEATHER CONDITIONS
 THE FOLLOWING WEATHER WAS RECORDED YESTERDAY.
  LIGHT SNOW
  FOG
  BLOWING SNOW


RELATIVE HUMIDITY (PERCENT)
 HIGHEST    88           600 PM
 LOWEST     52          1200 AM
 AVERAGE    70

..........................................................


THE ROCHESTER NY CLIMATE NORMALS FOR TODAY
                         NORMAL    RECORD    YEAR
 MAXIMUM TEMPERATURE (F)   32        65      1998
 MINIMUM TEMPERATURE (F)   19       -14      1904


SUNRISE AND SUNSET
JANUARY  5 2018.......SUNRISE   742 AM EST   SUNSET   450 PM EST
JANUARY  6 2018.......SUNRISE   742 AM EST   SUNSET   451 PM EST


-  INDICATES NEGATIVE NUMBERS.
R  INDICATES RECORD WAS SET OR TIED.
MM INDICATES DATA IS MISSING.
T  INDICATES TRACE AMOUNT.




$$
