000
CDUS41 KBUF 030705
CLIROC


CLIMATE REPORT
NATIONAL WEATHER SERVICE BUFFALO NY
305 AM EDT FRI NOV 3 2017


...................................

...THE ROCHESTER NY CLIMATE SUMMARY FOR NOVEMBER 2 2017...

CLIMATE NORMAL PERIOD 1981 TO 2010
CLIMATE RECORD PERIOD 1871 TO 2017


WEATHER ITEM   OBSERVED TIME   RECORD YEAR NORMAL DEPARTURE LAST
                VALUE   (LST)  VALUE       VALUE  FROM      YEAR
                                                  NORMAL
..................................................................
TEMPERATURE (F)
 YESTERDAY
  MAXIMUM         66    404 PM  80    1933  54     12       69
  MINIMUM         45   1245 AM  21    1965  37      8       55
  AVERAGE         56                        45     11       62

PRECIPITATION (IN)
  YESTERDAY        0.48          0.77 2003   0.10   0.38     0.29
                                      1969
                                      1897
  MONTH TO DATE    0.54                      0.20   0.34     0.29
  SINCE SEP 1      8.53                      6.30   2.23     7.85
  SINCE JAN 1     39.54                     28.90  10.64    25.50

SNOWFALL (IN)
  YESTERDAY       MM             2.7  1951   0.1   MM        0.0
  MONTH TO DATE    0.0                       0.2   -0.2      0.0
  SINCE SEP 1      0.0                       0.3   -0.3      0.9
  SINCE JUL 1      0.0                       0.3   -0.3      0.9
  SNOW DEPTH       0

DEGREE DAYS
 HEATING
  YESTERDAY        9                        20    -11        3
  MONTH TO DATE   32                        40     -8       17
  SINCE SEP 1    367                       639   -272      410
  SINCE JUL 1    394                       673   -279      410

 COOLING
  YESTERDAY        0                         0      0        0
  MONTH TO DATE    0                         0      0        0
  SINCE SEP 1    139                        55     84      127
  SINCE JAN 1    655                       539    116      978
..................................................................


WIND (MPH)
  HIGHEST WIND SPEED    22   HIGHEST WIND DIRECTION    SW (210)
  HIGHEST GUST SPEED    29   HIGHEST GUST DIRECTION    SW (230)
  AVERAGE WIND SPEED    11.5


SKY COVER
  AVERAGE SKY COVER 0.9


WEATHER CONDITIONS
 THE FOLLOWING WEATHER WAS RECORDED YESTERDAY.
  HEAVY RAIN
  RAIN
  LIGHT RAIN
  FOG


RELATIVE HUMIDITY (PERCENT)
 HIGHEST   100           200 AM
 LOWEST     67           500 PM
 AVERAGE    84

..........................................................


THE ROCHESTER NY CLIMATE NORMALS FOR TODAY
                         NORMAL    RECORD    YEAR
 MAXIMUM TEMPERATURE (F)   53        75      1977
                                             1961
                                             1938
 MINIMUM TEMPERATURE (F)   37        22      1951


SUNRISE AND SUNSET
NOVEMBER  3 2017......SUNRISE   748 AM EDT   SUNSET   600 PM EDT
NOVEMBER  4 2017......SUNRISE   750 AM EDT   SUNSET   558 PM EDT


-  INDICATES NEGATIVE NUMBERS.
R  INDICATES RECORD WAS SET OR TIED.
MM INDICATES DATA IS MISSING.
T  INDICATES TRACE AMOUNT.




$$
