000
CDUS41 KBUF 151020
CLIROC


CLIMATE REPORT
NATIONAL WEATHER SERVICE BUFFALO NY
618 AM EDT FRI MAY 15 2015


...................................

...THE ROCHESTER NY CLIMATE SUMMARY FOR MAY 14 2015...

CLIMATE NORMAL PERIOD 1981 TO 2010
CLIMATE RECORD PERIOD 1871 TO 2015


WEATHER ITEM   OBSERVED TIME   RECORD YEAR NORMAL DEPARTURE LAST
                VALUE   (LST)  VALUE       VALUE  FROM      YEAR
                                                  NORMAL
..................................................................
TEMPERATURE (F)
 YESTERDAY
  MAXIMUM         64    214 PM  94    1974  67     -3       81
  MINIMUM         38    518 AM  31    1878  46     -8       61
  AVERAGE         51                        56     -5       71

PRECIPITATION (IN)
  YESTERDAY        0.00          1.10 1904   0.09  -0.09     0.22
  MONTH TO DATE    0.86                      1.25  -0.39     0.65
  SINCE MAR 1      4.90                      6.48  -1.58     6.86
  SINCE JAN 1      9.15                     10.84  -1.69    10.48

SNOWFALL (IN)
  YESTERDAY        0.0           0.0    MM   0.0    0.0      0.0
  MONTH TO DATE    0.0                       0.3   -0.3       T
  SINCE MAR 1     13.3                      20.5   -7.2     29.6
  SINCE JUL 1    101.9                      99.4    2.5    112.7
  SNOW DEPTH       0

DEGREE DAYS
 HEATING
  YESTERDAY       14                         9      5        0
  MONTH TO DATE   57                       157   -100      103
  SINCE MAR 1   1649                      1674    -25     1813
  SINCE JUL 1   6743                      6460    283     6898

 COOLING
  YESTERDAY        0                         1     -1        6
  MONTH TO DATE   41                         5     36       22
  SINCE MAR 1     41                         9     32       23
  SINCE JAN 1     41                         9     32       23
..................................................................


WIND (MPH)
  HIGHEST WIND SPEED    14   HIGHEST WIND DIRECTION    NE (50)
  HIGHEST GUST SPEED    19   HIGHEST GUST DIRECTION    NE (60)
  AVERAGE WIND SPEED     4.6


SKY COVER
  AVERAGE SKY COVER 0.3


WEATHER CONDITIONS
 THE FOLLOWING WEATHER WAS RECORDED YESTERDAY.
  FOG


RELATIVE HUMIDITY (PERCENT)
 HIGHEST    92           300 AM
 LOWEST     31           600 PM
 AVERAGE    62

..........................................................


THE ROCHESTER NY CLIMATE NORMALS FOR TODAY
                         NORMAL    RECORD    YEAR
 MAXIMUM TEMPERATURE (F)   67        88      1962
                                             1961
 MINIMUM TEMPERATURE (F)   46        35      1977
                                             1971
                                             1920


SUNRISE AND SUNSET
MAY 15 2015...........SUNRISE   547 AM EDT   SUNSET   827 PM EDT
MAY 16 2015...........SUNRISE   546 AM EDT   SUNSET   828 PM EDT


-  INDICATES NEGATIVE NUMBERS.
R  INDICATES RECORD WAS SET OR TIED.
MM INDICATES DATA IS MISSING.
T  INDICATES TRACE AMOUNT.




$$
