000
CDUS41 KBUF 032038
CLIROC


CLIMATE REPORT
NATIONAL WEATHER SERVICE BUFFALO NY
437 PM EDT FRI NOV 3 2017


...................................

...THE ROCHESTER NY CLIMATE SUMMARY FOR NOVEMBER 3 2017...
VALID TODAY AS OF 0400 PM LOCAL TIME.

CLIMATE NORMAL PERIOD 1981 TO 2010
CLIMATE RECORD PERIOD 1871 TO 2017


WEATHER ITEM   OBSERVED TIME   RECORD YEAR NORMAL DEPARTURE LAST
                VALUE   (LST)  VALUE       VALUE  FROM      YEAR
                                                  NORMAL
..................................................................
TEMPERATURE (F)
 TODAY
  MAXIMUM         64   1219 AM  75    1977  53     11       57
                                      1961
                                      1938
  MINIMUM         50    923 AM  22    1951  37     13       50
  AVERAGE         57                        45     12       54

PRECIPITATION (IN)
  TODAY            0.45          0.71 1954   0.10   0.35     0.62
  MONTH TO DATE    0.99                      0.30   0.69     0.91
  SINCE SEP 1      8.98                      6.40   2.58     8.47
  SINCE JAN 1     39.99                     29.00  10.99    26.12

SNOWFALL (IN)
  TODAY            0.0           4.0  1951   0.1   -0.1      0.0
  MONTH TO DATE    0.0                       0.3   -0.3      0.0
  SINCE SEP 1      0.0                       0.4   -0.4      0.9
  SINCE JUL 1      0.0                       0.4   -0.4      0.9
  SNOW DEPTH       0

DEGREE DAYS
 HEATING
  TODAY            8                        20    -12       11
  MONTH TO DATE   40                        60    -20       28
  SINCE SEP 1    375                       659   -284      421
  SINCE JUL 1    402                       693   -291      421

 COOLING
  TODAY            0                         0      0        0
  MONTH TO DATE    0                         0      0        0
  SINCE SEP 1    139                        55     84      127
  SINCE JAN 1    655                       539    116      978
..................................................................


WIND (MPH)
  HIGHEST WIND SPEED    18   HIGHEST WIND DIRECTION    NW (330)
  HIGHEST GUST SPEED    26   HIGHEST GUST DIRECTION    NW (320)
  AVERAGE WIND SPEED    10.0


SKY COVER
  AVERAGE SKY COVER 0.9


WEATHER CONDITIONS
 THE FOLLOWING WEATHER WAS RECORDED TODAY.
  THUNDERSTORM
  RAIN
  LIGHT RAIN
  FOG


RELATIVE HUMIDITY (PERCENT)
 HIGHEST   100           400 AM
 LOWEST     63           300 PM
 AVERAGE    82

..........................................................


THE ROCHESTER NY CLIMATE NORMALS FOR TOMORROW
                         NORMAL    RECORD    YEAR
 MAXIMUM TEMPERATURE (F)   53        78      2015
 MINIMUM TEMPERATURE (F)   36        20      1879


SUNRISE AND SUNSET
NOVEMBER  3 2017......SUNRISE   748 AM EDT   SUNSET   600 PM EDT
NOVEMBER  4 2017......SUNRISE   750 AM EDT   SUNSET   558 PM EDT


-  INDICATES NEGATIVE NUMBERS.
R  INDICATES RECORD WAS SET OR TIED.
MM INDICATES DATA IS MISSING.
T  INDICATES TRACE AMOUNT.

$$
