000
CDUS41 KBUF 070705
CLIROC


CLIMATE REPORT
NATIONAL WEATHER SERVICE BUFFALO NY
305 AM EDT SUN MAY 7 2017


...................................

...THE ROCHESTER NY CLIMATE SUMMARY FOR MAY 6 2017...

CLIMATE NORMAL PERIOD 1981 TO 2010
CLIMATE RECORD PERIOD 1871 TO 2017


WEATHER ITEM   OBSERVED TIME   RECORD YEAR NORMAL DEPARTURE LAST
                VALUE   (LST)  VALUE       VALUE  FROM      YEAR
                                                  NORMAL
..................................................................
TEMPERATURE (F)
 YESTERDAY
  MAXIMUM         49   1208 AM  92    1895  65    -16       64
  MINIMUM         42   1159 PM  28    1968  43     -1       47
  AVERAGE         46                        54     -8       56

PRECIPITATION (IN)
  YESTERDAY        0.69          0.74 1944   0.09   0.60     0.02
  MONTH TO DATE    3.09                      0.55   2.54     0.78
  SINCE MAR 1     12.70                      5.78   6.92     4.16
  SINCE JAN 1     17.78                     10.14   7.64     9.46

SNOWFALL (IN)
  YESTERDAY       MM             T    1974   0.1   MM        0.0
  MONTH TO DATE    0.0                       0.2   -0.2      0.0
  SINCE MAR 1     35.5                      20.4   15.1     12.0
  SINCE JUL 1    107.1                      99.3    7.8     63.7
  SNOW DEPTH       0

DEGREE DAYS
 HEATING
  YESTERDAY       19                        12      7        9
  MONTH TO DATE   82                        75      7       86
  SINCE MAR 1   1481                      1592   -111     1522
  SINCE JUL 1   5349                      6378  -1029     5439

 COOLING
  YESTERDAY        0                         0      0        0
  MONTH TO DATE    0                         0      0        0
  SINCE MAR 1     14                         4     10        0
  SINCE JAN 1     14                         4     10        0
..................................................................


WIND (MPH)
  HIGHEST WIND SPEED    21   HIGHEST WIND DIRECTION     W (270)
  HIGHEST GUST SPEED    24   HIGHEST GUST DIRECTION     W (260)
  AVERAGE WIND SPEED    10.7


SKY COVER
  AVERAGE SKY COVER 1.0


WEATHER CONDITIONS
 THE FOLLOWING WEATHER WAS RECORDED YESTERDAY.
  HEAVY RAIN
  RAIN
  LIGHT RAIN
  FOG


RELATIVE HUMIDITY (PERCENT)
 HIGHEST   100           100 AM
 LOWEST     86           200 PM
 AVERAGE    93

..........................................................


THE ROCHESTER NY CLIMATE NORMALS FOR TODAY
                         NORMAL    RECORD    YEAR
 MAXIMUM TEMPERATURE (F)   65        88      1930
 MINIMUM TEMPERATURE (F)   44        26      1970


SUNRISE AND SUNSET
MAY  7 2017...........SUNRISE   556 AM EDT   SUNSET   819 PM EDT
MAY  8 2017...........SUNRISE   555 AM EDT   SUNSET   820 PM EDT


-  INDICATES NEGATIVE NUMBERS.
R  INDICATES RECORD WAS SET OR TIED.
MM INDICATES DATA IS MISSING.
T  INDICATES TRACE AMOUNT.




$$
