000
CDUS41 KBUF 140705
CLIROC


CLIMATE REPORT
NATIONAL WEATHER SERVICE BUFFALO NY
305 AM EDT WED SEP 14 2016


...................................

...THE ROCHESTER NY CLIMATE SUMMARY FOR SEPTEMBER 13 2016...

CLIMATE NORMAL PERIOD 1981 TO 2010
CLIMATE RECORD PERIOD 1871 TO 2016


WEATHER ITEM   OBSERVED TIME   RECORD YEAR NORMAL DEPARTURE LAST
                VALUE   (LST)  VALUE       VALUE  FROM      YEAR
                                                  NORMAL
..................................................................
TEMPERATURE (F)
 YESTERDAY
  MAXIMUM         85    317 PM  94    1952  73     12       58
                                      1951
  MINIMUM         54    533 AM  36    1943  53      1       54
  AVERAGE         70                        63      7       56

PRECIPITATION (IN)
  YESTERDAY        T             2.10 1925   0.12  -0.12     0.30
  MONTH TO DATE    0.15                      1.43  -1.28     2.44
  SINCE SEP 1      0.15                      1.43  -1.28     2.44
  SINCE JAN 1     17.80                     24.03  -6.23    28.57

SNOWFALL (IN)
  YESTERDAY        0.0           0.0    MM   0.0    0.0      0.0
  MONTH TO DATE    0.0                       0.0    0.0      0.0
  SINCE SEP 1      0.0                       0.0    0.0      0.0
  SINCE JUL 1      0.0                       0.0    0.0      0.0
  SNOW DEPTH       0

DEGREE DAYS
 HEATING
  YESTERDAY        0                         4     -4        9
  MONTH TO DATE    3                        35    -32       12
  SINCE SEP 1      3                        35    -32       12
  SINCE JUL 1      3                        69    -66       31

 COOLING
  YESTERDAY        5                         2      3        0
  MONTH TO DATE   76                        33     43      111
  SINCE SEP 1     76                        33     43      111
  SINCE JAN 1    927                       517    410      665
..................................................................


WIND (MPH)
  HIGHEST WIND SPEED    21   HIGHEST WIND DIRECTION     W (250)
  HIGHEST GUST SPEED    26   HIGHEST GUST DIRECTION     W (260)
  AVERAGE WIND SPEED     8.2


SKY COVER
  AVERAGE SKY COVER 0.3


WEATHER CONDITIONS
 THE FOLLOWING WEATHER WAS RECORDED YESTERDAY.
  LIGHT RAIN


RELATIVE HUMIDITY (PERCENT)
 HIGHEST    86          1200 AM
 LOWEST     32           200 PM
 AVERAGE    59

..........................................................


THE ROCHESTER NY CLIMATE NORMALS FOR TODAY
                         NORMAL    RECORD    YEAR
 MAXIMUM TEMPERATURE (F)   72        92      1915
 MINIMUM TEMPERATURE (F)   53        34      1963


SUNRISE AND SUNSET
SEPTEMBER 14 2016.....SUNRISE   650 AM EDT   SUNSET   722 PM EDT
SEPTEMBER 15 2016.....SUNRISE   651 AM EDT   SUNSET   720 PM EDT


-  INDICATES NEGATIVE NUMBERS.
R  INDICATES RECORD WAS SET OR TIED.
MM INDICATES DATA IS MISSING.
T  INDICATES TRACE AMOUNT.




$$
