000
CDUS41 KBUF 090705
CLIROC


CLIMATE REPORT
NATIONAL WEATHER SERVICE BUFFALO NY
305 AM EDT SAT SEP 9 2017


...................................

...THE ROCHESTER NY CLIMATE SUMMARY FOR SEPTEMBER 8 2017...

CLIMATE NORMAL PERIOD 1981 TO 2010
CLIMATE RECORD PERIOD 1871 TO 2017


WEATHER ITEM   OBSERVED TIME   RECORD YEAR NORMAL DEPARTURE LAST
                VALUE   (LST)  VALUE       VALUE  FROM      YEAR
                                                  NORMAL
..................................................................
TEMPERATURE (F)
 YESTERDAY
  MAXIMUM         66    252 PM  94    1959  75     -9       90
  MINIMUM         52    211 AM  37    1986  55     -3       73
  AVERAGE         59                        65     -6       82

PRECIPITATION (IN)
  YESTERDAY        0.02          1.43 2004   0.11  -0.09     0.01
  MONTH TO DATE    0.96                      0.87   0.09     0.01
  SINCE SEP 1      0.96                      0.87   0.09     0.01
  SINCE JAN 1     31.97                     23.47   8.50    17.66

SNOWFALL (IN)
  YESTERDAY        0.0           0.0    MM   0.0    0.0      0.0
  MONTH TO DATE    0.0                       0.0    0.0      0.0
  SINCE SEP 1      0.0                       0.0    0.0      0.0
  SINCE JUL 1      0.0                       0.0    0.0      0.0
  SNOW DEPTH       0

DEGREE DAYS
 HEATING
  YESTERDAY        6                         3      3        0
  MONTH TO DATE   36                        18     18        3
  SINCE SEP 1     36                        18     18        3
  SINCE JUL 1     63                        52     11        3

 COOLING
  YESTERDAY        0                         2     -2       17
  MONTH TO DATE    3                        23    -20       48
  SINCE SEP 1      3                        23    -20       48
  SINCE JAN 1    519                       507     12      899
..................................................................


WIND (MPH)
  HIGHEST WIND SPEED    20   HIGHEST WIND DIRECTION     N (350)
  HIGHEST GUST SPEED    23   HIGHEST GUST DIRECTION     N (350)
  AVERAGE WIND SPEED     8.6


SKY COVER
  AVERAGE SKY COVER 0.7


WEATHER CONDITIONS
 THE FOLLOWING WEATHER WAS RECORDED YESTERDAY.
  LIGHT RAIN


RELATIVE HUMIDITY (PERCENT)
 HIGHEST    93           200 AM
 LOWEST     63           200 PM
 AVERAGE    78

..........................................................


THE ROCHESTER NY CLIMATE NORMALS FOR TODAY
                         NORMAL    RECORD    YEAR
 MAXIMUM TEMPERATURE (F)   74        98      1959
 MINIMUM TEMPERATURE (F)   54        41      1979
                                             1957
                                             1956


SUNRISE AND SUNSET
SEPTEMBER  9 2017.....SUNRISE   644 AM EDT   SUNSET   731 PM EDT
SEPTEMBER 10 2017.....SUNRISE   645 AM EDT   SUNSET   729 PM EDT


-  INDICATES NEGATIVE NUMBERS.
R  INDICATES RECORD WAS SET OR TIED.
MM INDICATES DATA IS MISSING.
T  INDICATES TRACE AMOUNT.




$$
