000
CDUS41 KBUF 211029
CLIROC


CLIMATE REPORT
NATIONAL WEATHER SERVICE BUFFALO NY
628 AM EDT SAT MAR 21 2015


...................................

...THE ROCHESTER NY CLIMATE SUMMARY FOR MARCH 20 2015...

CLIMATE NORMAL PERIOD 1981 TO 2010
CLIMATE RECORD PERIOD 1871 TO 2015


WEATHER ITEM   OBSERVED TIME   RECORD YEAR NORMAL DEPARTURE LAST
                VALUE   (LST)  VALUE       VALUE  FROM      YEAR
                                                  NORMAL
..................................................................
TEMPERATURE (F)
 YESTERDAY
  MAXIMUM         43    540 PM  79    1903  44     -1       43
  MINIMUM         27   1242 AM  -1    1872  27      0       32
  AVERAGE         35                        36     -1       38

PRECIPITATION (IN)
  YESTERDAY        0.04          1.05 1896   0.08  -0.04     0.03
  MONTH TO DATE    0.72                      1.57  -0.85     1.34
  SINCE MAR 1      0.72                      1.57  -0.85     1.34
  SINCE JAN 1      4.97                      5.93  -0.96     4.96

SNOWFALL (IN)
  YESTERDAY        0.1          10.5  1896   0.5   -0.4      0.4
  MONTH TO DATE    8.3                      12.4   -4.1     19.7
  SINCE MAR 1      8.3                      12.4   -4.1     19.7
  SINCE JUL 1     96.9                      91.3    5.6    102.8
  SNOW DEPTH       1

DEGREE DAYS
 HEATING
  YESTERDAY       30                        29      1       27
  MONTH TO DATE  702                       655     47      782
  SINCE MAR 1    702                       655     47      782
  SINCE JUL 1   5796                      5441    355     5867

 COOLING
  YESTERDAY        0                         0      0        0
  MONTH TO DATE    0                         0      0        0
  SINCE MAR 1      0                         0      0        0
  SINCE JAN 1      0                         0      0        0
..................................................................


WIND (MPH)
  HIGHEST WIND SPEED    16   HIGHEST WIND DIRECTION     S (190)
  HIGHEST GUST SPEED    22   HIGHEST GUST DIRECTION    SW (220)
  AVERAGE WIND SPEED     7.8


SKY COVER
  AVERAGE SKY COVER 0.9


WEATHER CONDITIONS
 THE FOLLOWING WEATHER WAS RECORDED YESTERDAY.
  LIGHT RAIN
  LIGHT SNOW
  FOG


RELATIVE HUMIDITY (PERCENT)
 HIGHEST    96          1200 PM
 LOWEST     35           100 AM
 AVERAGE    66

..........................................................


THE ROCHESTER NY CLIMATE NORMALS FOR TODAY
                         NORMAL    RECORD    YEAR
 MAXIMUM TEMPERATURE (F)   45        80      2012
 MINIMUM TEMPERATURE (F)   27        -2      1885


SUNRISE AND SUNSET
MARCH 21 2015.........SUNRISE   713 AM EDT   SUNSET   724 PM EDT
MARCH 22 2015.........SUNRISE   711 AM EDT   SUNSET   725 PM EDT


-  INDICATES NEGATIVE NUMBERS.
R  INDICATES RECORD WAS SET OR TIED.
MM INDICATES DATA IS MISSING.
T  INDICATES TRACE AMOUNT.




$$
