705
CDUS41 KBUF 011024
CLIROC


CLIMATE REPORT
NATIONAL WEATHER SERVICE BUFFALO NY
522 AM EST MON FEB 1 2016


...................................

...THE ROCHESTER NY CLIMATE SUMMARY FOR JANUARY 31 2016...

CLIMATE NORMAL PERIOD 1981 TO 2010
CLIMATE RECORD PERIOD 1871 TO 2016


WEATHER ITEM   OBSERVED TIME   RECORD YEAR NORMAL DEPARTURE LAST
                VALUE   (LST)  VALUE       VALUE  FROM      YEAR
                                                  NORMAL
..................................................................
TEMPERATURE (F)
 YESTERDAY
  MAXIMUM         58   1044 PM  63    1988  32     26       27
  MINIMUM         33    350 AM -10    1994  17     16        0
  AVERAGE         46                        24     22       14

PRECIPITATION (IN)
  YESTERDAY        T             1.77 2002   0.07  -0.07      T
  MONTH TO DATE    1.52                      2.41  -0.89     1.74
  SINCE DEC 1      4.25                      5.04  -0.79     4.05
  SINCE JAN 1      1.52                      2.41  -0.89     1.74

SNOWFALL (IN)
  YESTERDAY        0.0          11.7  1878   0.9   -0.9      0.1
  MONTH TO DATE   20.2                      28.2   -8.0     17.7
  SINCE DEC 1     22.5                      50.0  -27.5     34.3
  SINCE JUL 1     23.7                      57.4  -33.7     43.4
  SNOW DEPTH       0

DEGREE DAYS
 HEATING
  YESTERDAY       19                        41    -22       51
  MONTH TO DATE 1159                      1254    -95     1402
  SINCE DEC 1   1858                      2336   -478     2342
  SINCE JUL 1   2898                      3704   -806     3622

 COOLING
  YESTERDAY        0                         0      0        0
  MONTH TO DATE    0                         0      0        0
  SINCE DEC 1      0                         0      0        0
  SINCE JAN 1      0                         0      0        0
..................................................................


WIND (MPH)
  HIGHEST WIND SPEED    17   HIGHEST WIND DIRECTION    SW (220)
  HIGHEST GUST SPEED    24   HIGHEST GUST DIRECTION    SW (210)
  AVERAGE WIND SPEED     6.3


SKY COVER
  AVERAGE SKY COVER 0.8


WEATHER CONDITIONS
 THE FOLLOWING WEATHER WAS RECORDED YESTERDAY.
  NO SIGNIFICANT WEATHER WAS OBSERVED.


RELATIVE HUMIDITY (PERCENT)
 HIGHEST    82           300 AM
 LOWEST     47           100 PM
 AVERAGE    65

..........................................................


THE ROCHESTER NY CLIMATE NORMALS FOR TODAY
                         NORMAL    RECORD    YEAR
 MAXIMUM TEMPERATURE (F)   32        56      1988
 MINIMUM TEMPERATURE (F)   17       -10      1948


SUNRISE AND SUNSET
FEBRUARY  1 2016......SUNRISE   726 AM EST   SUNSET   522 PM EST
FEBRUARY  2 2016......SUNRISE   725 AM EST   SUNSET   524 PM EST


-  INDICATES NEGATIVE NUMBERS.
R  INDICATES RECORD WAS SET OR TIED.
MM INDICATES DATA IS MISSING.
T  INDICATES TRACE AMOUNT.




$$
