000
CDUS41 KBUF 282023
CLIROC


CLIMATE REPORT
NATIONAL WEATHER SERVICE BUFFALO NY
423 PM EDT THU MAY 28 2015


...................................

...THE ROCHESTER NY CLIMATE SUMMARY FOR MAY 28 2015...
VALID TODAY AS OF 0400 PM LOCAL TIME.

CLIMATE NORMAL PERIOD 1981 TO 2010
CLIMATE RECORD PERIOD 1871 TO 2015


WEATHER ITEM   OBSERVED TIME   RECORD YEAR NORMAL DEPARTURE LAST
                VALUE   (LST)  VALUE       VALUE  FROM      YEAR
                                                  NORMAL
..................................................................
TEMPERATURE (F)
 TODAY
  MAXIMUM         76    259 PM  93    1911  71      5       68
  MINIMUM         62    811 AM  35    1949  50     12       54
  AVERAGE         69                        61      8       61

PRECIPITATION (IN)
  TODAY            0.02          1.73 2009   0.09  -0.07     0.00
  MONTH TO DATE    1.52                      2.59  -1.07     3.17
  SINCE MAR 1      5.56                      7.82  -2.26     9.38
  SINCE JAN 1      9.81                     12.18  -2.37    13.00

SNOWFALL (IN)
  TODAY            0.0           0.0    MM   0.0    0.0      0.0
  MONTH TO DATE    0.0                       0.4   -0.4       T
  SINCE MAR 1     13.3                      20.6   -7.3     29.6
  SINCE JUL 1    101.9                      99.5    2.4    112.7
  SNOW DEPTH       0

DEGREE DAYS
 HEATING
  TODAY            0                         6     -6        4
  MONTH TO DATE  119                       260   -141      176
  SINCE MAR 1   1711                      1777    -66     1886
  SINCE JUL 1   6805                      6563    242     6971

 COOLING
  TODAY            4                         1      3        0
  MONTH TO DATE   88                        19     69       38
  SINCE MAR 1     88                        23     65       39
  SINCE JAN 1     88                        23     65       39
..................................................................


WIND (MPH)
  HIGHEST WIND SPEED    22   HIGHEST WIND DIRECTION    NW (300)
  HIGHEST GUST SPEED    29   HIGHEST GUST DIRECTION     W (250)
  AVERAGE WIND SPEED    12.2


SKY COVER
  AVERAGE SKY COVER 0.7


WEATHER CONDITIONS
 THE FOLLOWING WEATHER WAS RECORDED TODAY.
  LIGHT RAIN


RELATIVE HUMIDITY (PERCENT)
 HIGHEST    87           300 AM
 LOWEST     46           300 PM
 AVERAGE    67

..........................................................


THE ROCHESTER NY CLIMATE NORMALS FOR TOMORROW
                         NORMAL    RECORD    YEAR
 MAXIMUM TEMPERATURE (F)   72        92      2006
 MINIMUM TEMPERATURE (F)   51        31      1889


SUNRISE AND SUNSET
MAY 28 2015...........SUNRISE   536 AM EDT   SUNSET   840 PM EDT
MAY 29 2015...........SUNRISE   536 AM EDT   SUNSET   841 PM EDT


-  INDICATES NEGATIVE NUMBERS.
R  INDICATES RECORD WAS SET OR TIED.
MM INDICATES DATA IS MISSING.
T  INDICATES TRACE AMOUNT.

$$
