000
CDUS41 KBUF 270705
CLIROC


CLIMATE REPORT
NATIONAL WEATHER SERVICE BUFFALO NY
205 AM EST SAT DEC 27 2014


...................................

...THE ROCHESTER NY CLIMATE SUMMARY FOR DECEMBER 26 2014...

CLIMATE NORMAL PERIOD 1981 TO 2010
CLIMATE RECORD PERIOD 1871 TO 2014


WEATHER ITEM   OBSERVED TIME   RECORD YEAR NORMAL DEPARTURE LAST
                VALUE   (LST)  VALUE       VALUE  FROM      YEAR
                                                  NORMAL
..................................................................
TEMPERATURE (F)
 YESTERDAY
  MAXIMUM         47    320 PM  66    1982  34     13       33
  MINIMUM         32   1159 PM  -1    1914  21     11       23
  AVERAGE         40                        27     13       28

PRECIPITATION (IN)
  YESTERDAY        0.00          0.94 1913   0.08  -0.08     0.06
  MONTH TO DATE    2.08                      2.23  -0.15     2.87
  SINCE DEC 1      2.08                      2.23  -0.15     2.87
  SINCE JAN 1     32.74                     33.87  -1.13    36.62

SNOWFALL (IN)
  YESTERDAY        0.0           8.5  2012   0.8   -0.8      0.7
  MONTH TO DATE   12.0                      17.7   -5.7     21.4
  SINCE DEC 1     12.0                      17.7   -5.7     21.4
  SINCE JUL 1     21.1                      25.1   -4.0     34.9
  SNOW DEPTH       0

DEGREE DAYS
 HEATING
  YESTERDAY       25                        38    -13       37
  MONTH TO DATE  772                       893   -121      944
  SINCE DEC 1    772                       893   -121      944
  SINCE JUL 1   2052                      2261   -209     2316

 COOLING
  YESTERDAY        0                         0      0        0
  MONTH TO DATE    0                         0      0        0
  SINCE DEC 1      0                         0      0        0
  SINCE JAN 1    542                       539      3      660
..................................................................


WIND (MPH)
  HIGHEST WIND SPEED    23   HIGHEST WIND DIRECTION     W (270)
  HIGHEST GUST SPEED    30   HIGHEST GUST DIRECTION     W (270)
  AVERAGE WIND SPEED     8.9


SKY COVER
  AVERAGE SKY COVER 0.6


WEATHER CONDITIONS
 THE FOLLOWING WEATHER WAS RECORDED YESTERDAY.
  NO SIGNIFICANT WEATHER WAS OBSERVED.


RELATIVE HUMIDITY (PERCENT)
 HIGHEST    78          1100 PM
 LOWEST     49           300 PM
 AVERAGE    64

..........................................................


THE ROCHESTER NY CLIMATE NORMALS FOR TODAY
                         NORMAL    RECORD    YEAR
 MAXIMUM TEMPERATURE (F)   34        62      1936
 MINIMUM TEMPERATURE (F)   20        -5      1925


SUNRISE AND SUNSET
DECEMBER 27 2014......SUNRISE   741 AM EST   SUNSET   442 PM EST
DECEMBER 28 2014......SUNRISE   742 AM EST   SUNSET   443 PM EST


-  INDICATES NEGATIVE NUMBERS.
R  INDICATES RECORD WAS SET OR TIED.
MM INDICATES DATA IS MISSING.
T  INDICATES TRACE AMOUNT.




$$
