000
CDUS41 KBUF 031035
CLIROC


CLIMATE REPORT
NATIONAL WEATHER SERVICE BUFFALO NY
526 AM EST TUE JAN 3 2017


...................................

...THE ROCHESTER NY CLIMATE SUMMARY FOR JANUARY 2 2017...

CLIMATE NORMAL PERIOD 1981 TO 2010
CLIMATE RECORD PERIOD 1871 TO 2017


WEATHER ITEM   OBSERVED TIME   RECORD YEAR NORMAL DEPARTURE LAST
                VALUE   (LST)  VALUE       VALUE  FROM      YEAR
                                                  NORMAL
..................................................................
TEMPERATURE (F)
 YESTERDAY
  MAXIMUM         41    316 PM  62    1876  33      8       33
  MINIMUM         21    549 AM  -3    1968  19      2       24
  AVERAGE         31                        26      5       29

PRECIPITATION (IN)
  YESTERDAY        T             0.71 1965   0.08  -0.08      T
  MONTH TO DATE    T                         0.16  -0.16     0.03
  SINCE DEC 1      2.91                      2.79   0.12     2.76
  SINCE JAN 1      T                         0.16  -0.16     0.03

SNOWFALL (IN)
  YESTERDAY        0.0           8.2  1965   0.8   -0.8       T
  MONTH TO DATE    0.0                       1.7   -1.7      0.6
  SINCE DEC 1     29.3                      23.5    5.8      2.9
  SINCE JUL 1     45.2                      30.9   14.3      4.1
  SNOW DEPTH       0

DEGREE DAYS
 HEATING
  YESTERDAY       34                        39     -5       36
  MONTH TO DATE   67                        78    -11       73
  SINCE DEC 1   1102                      1163    -61      772
  SINCE JUL 1   2080                      2531   -451     1812

 COOLING
  YESTERDAY        0                         0      0        0
  MONTH TO DATE    0                         0      0        0
  SINCE DEC 1      0                         0      0        0
  SINCE JAN 1      0                         0      0        0
..................................................................


WIND (MPH)
  HIGHEST WIND SPEED    15   HIGHEST WIND DIRECTION    SE (140)
  HIGHEST GUST SPEED    20   HIGHEST GUST DIRECTION    SE (130)
  AVERAGE WIND SPEED     6.8


SKY COVER
  AVERAGE SKY COVER 0.7


WEATHER CONDITIONS
 THE FOLLOWING WEATHER WAS RECORDED YESTERDAY.
  LIGHT RAIN


RELATIVE HUMIDITY (PERCENT)
 HIGHEST    92           600 AM
 LOWEST     64           100 PM
 AVERAGE    78

..........................................................


THE ROCHESTER NY CLIMATE NORMALS FOR TODAY
                         NORMAL    RECORD    YEAR
 MAXIMUM TEMPERATURE (F)   32        61      2004
 MINIMUM TEMPERATURE (F)   19        -6      2014


SUNRISE AND SUNSET
JANUARY  3 2017.......SUNRISE   742 AM EST   SUNSET   448 PM EST
JANUARY  4 2017.......SUNRISE   742 AM EST   SUNSET   449 PM EST


-  INDICATES NEGATIVE NUMBERS.
R  INDICATES RECORD WAS SET OR TIED.
MM INDICATES DATA IS MISSING.
T  INDICATES TRACE AMOUNT.




$$
