000
CDUS41 KBUF 221033
CLIROC


CLIMATE REPORT
NATIONAL WEATHER SERVICE BUFFALO NY
529 AM EST SUN FEB 22 2015


...................................

...THE ROCHESTER NY CLIMATE SUMMARY FOR FEBRUARY 21 2015...

CLIMATE NORMAL PERIOD 1981 TO 2010
CLIMATE RECORD PERIOD 1871 TO 2015


WEATHER ITEM   OBSERVED TIME   RECORD YEAR NORMAL DEPARTURE LAST
                VALUE   (LST)  VALUE       VALUE  FROM      YEAR
                                                  NORMAL
..................................................................
TEMPERATURE (F)
 YESTERDAY
  MAXIMUM         23   1159 PM  73    1997  35    -12       48
  MINIMUM        -11R  1217 AM  -1    1993  20    -31       34
  AVERAGE          6                        27    -21       41

PRECIPITATION (IN)
  YESTERDAY        0.16          1.30 1912   0.08   0.08     0.12
  MONTH TO DATE    2.37                      1.42   0.95     2.18
  SINCE DEC 1      6.42                      6.46  -0.04     6.40
  SINCE JAN 1      4.11                      3.83   0.28     3.41

SNOWFALL (IN)
  YESTERDAY        1.1           5.8  1873   0.8    0.3      0.0
  MONTH TO DATE   41.7                      16.2   25.5     21.8
  SINCE DEC 1     76.0                      66.2    9.8     65.1
  SINCE JUL 1     85.1                      73.6   11.5     78.6
  SNOW DEPTH      18

DEGREE DAYS
 HEATING
  YESTERDAY       59                        38     21       24
  MONTH TO DATE 1095                       825    270      915
  SINCE DEC 1   3437                      3161    276     3411
  SINCE JUL 1   4717                      4529    188     4783

 COOLING
  YESTERDAY        0                         0      0        0
  MONTH TO DATE    0                         0      0        0
  SINCE DEC 1      0                         0      0        0
  SINCE JAN 1      0                         0      0        0
..................................................................


WIND (MPH)
  HIGHEST WIND SPEED    16   HIGHEST WIND DIRECTION     S (190)
  HIGHEST GUST SPEED    21   HIGHEST GUST DIRECTION     S (190)
  AVERAGE WIND SPEED     5.7


SKY COVER
  AVERAGE SKY COVER 1.0


WEATHER CONDITIONS
 THE FOLLOWING WEATHER WAS RECORDED YESTERDAY.
  LIGHT SNOW
  BLOWING SNOW


RELATIVE HUMIDITY (PERCENT)
 HIGHEST    88           600 PM
 LOWEST     43          1000 AM
 AVERAGE    66

..........................................................


THE ROCHESTER NY CLIMATE NORMALS FOR TODAY
                         NORMAL    RECORD    YEAR
 MAXIMUM TEMPERATURE (F)   36        67      1930
 MINIMUM TEMPERATURE (F)   20        -2      1879


SUNRISE AND SUNSET
FEBRUARY 22 2015......SUNRISE   658 AM EST   SUNSET   551 PM EST
FEBRUARY 23 2015......SUNRISE   657 AM EST   SUNSET   552 PM EST


-  INDICATES NEGATIVE NUMBERS.
R  INDICATES RECORD WAS SET OR TIED.
MM INDICATES DATA IS MISSING.
T  INDICATES TRACE AMOUNT.




$$
