000
CDUS41 KBUF 031014
CLIROC


CLIMATE REPORT
NATIONAL WEATHER SERVICE BUFFALO NY
614 AM EDT THU AUG 3 2017


...................................

...THE ROCHESTER NY CLIMATE SUMMARY FOR AUGUST 2 2017...

CLIMATE NORMAL PERIOD 1981 TO 2010
CLIMATE RECORD PERIOD 1871 TO 2017


WEATHER ITEM   OBSERVED TIME   RECORD YEAR NORMAL DEPARTURE LAST
                VALUE   (LST)  VALUE       VALUE  FROM      YEAR
                                                  NORMAL
..................................................................
TEMPERATURE (F)
 YESTERDAY
  MAXIMUM         87    438 PM  96    1944  81      6       83
  MINIMUM         64    304 AM  47    1947  61      3       62
  AVERAGE         76                        71      5       73

PRECIPITATION (IN)
  YESTERDAY        T             1.19 1928   0.13  -0.13     0.00
  MONTH TO DATE    0.15                      0.25  -0.10      T
  SINCE JUN 1      7.98                      6.92   1.06     2.13
  SINCE JAN 1     27.96                     19.38   8.58    13.74

SNOWFALL (IN)
  YESTERDAY        0.0           0.0    MM   0.0    0.0      0.0
  MONTH TO DATE    0.0                       0.0    0.0      0.0
  SINCE JUN 1      0.0                       0.0    0.0      0.0
  SINCE JUL 1      0.0                       0.0    0.0      0.0
  SNOW DEPTH       0

DEGREE DAYS
 HEATING
  YESTERDAY        0                         0      0        0
  MONTH TO DATE    0                         0      0        0
  SINCE JUN 1     47                        80    -33       47
  SINCE JUL 1      2                        12    -10        0

 COOLING
  YESTERDAY       11                         6      5        8
  MONTH TO DATE   21                        12      9       19
  SINCE JUN 1    352                       311     41      461
  SINCE JAN 1    394                       341     53      523
..................................................................


WIND (MPH)
  HIGHEST WIND SPEED    14   HIGHEST WIND DIRECTION    SW (230)
  HIGHEST GUST SPEED    16   HIGHEST GUST DIRECTION    SW (230)
  AVERAGE WIND SPEED     6.9


SKY COVER
  AVERAGE SKY COVER 0.5


WEATHER CONDITIONS
 THE FOLLOWING WEATHER WAS RECORDED YESTERDAY.
  NO SIGNIFICANT WEATHER WAS OBSERVED.


RELATIVE HUMIDITY (PERCENT)
 HIGHEST    93          1200 AM
 LOWEST     39           400 PM
 AVERAGE    66

..........................................................


THE ROCHESTER NY CLIMATE NORMALS FOR TODAY
                         NORMAL    RECORD    YEAR
 MAXIMUM TEMPERATURE (F)   80        95      1988
                                             1890
 MINIMUM TEMPERATURE (F)   61        46      1959
                                             1956


SUNRISE AND SUNSET
AUGUST  3 2017........SUNRISE   604 AM EDT   SUNSET   829 PM EDT
AUGUST  4 2017........SUNRISE   605 AM EDT   SUNSET   828 PM EDT


-  INDICATES NEGATIVE NUMBERS.
R  INDICATES RECORD WAS SET OR TIED.
MM INDICATES DATA IS MISSING.
T  INDICATES TRACE AMOUNT.




$$
