000
CDUS41 KBUF 110705
CLIROC


CLIMATE REPORT
NATIONAL WEATHER SERVICE BUFFALO NY
305 AM EDT SUN JUN 11 2017


...................................

...THE ROCHESTER NY CLIMATE SUMMARY FOR JUNE 10 2017...

CLIMATE NORMAL PERIOD 1981 TO 2010
CLIMATE RECORD PERIOD 1871 TO 2017


WEATHER ITEM   OBSERVED TIME   RECORD YEAR NORMAL DEPARTURE LAST
                VALUE   (LST)  VALUE       VALUE  FROM      YEAR
                                                  NORMAL
..................................................................
TEMPERATURE (F)
 YESTERDAY
  MAXIMUM         83    338 PM  94    1947  75      8       72
  MINIMUM         63    519 AM  37    1988  55      8       44
  AVERAGE         73                        65      8       58

PRECIPITATION (IN)
  YESTERDAY        T             1.76 1917   0.11  -0.11     0.00
  MONTH TO DATE    0.92                      1.04  -0.12     0.74
  SINCE JUN 1      0.92                      1.04  -0.12     0.74
  SINCE JAN 1     20.90                     13.50   7.40    12.35

SNOWFALL (IN)
  YESTERDAY        0.0           0.0    MM   0.0    0.0      0.0
  MONTH TO DATE    0.0                       0.0    0.0      0.0
  SINCE JUN 1      0.0                       0.0    0.0      0.0
  SINCE JUL 1    107.1                      99.5    7.6     63.7
  SNOW DEPTH       0

DEGREE DAYS
 HEATING
  YESTERDAY        0                         3     -3        7
  MONTH TO DATE   41                        38      3       33
  SINCE JUN 1     41                        38      3       33
  SINCE JUL 1   5573                      6616  -1043     5641

 COOLING
  YESTERDAY        8                         3      5        0
  MONTH TO DATE    9                        22    -13       21
  SINCE JUN 1      9                        22    -13       21
  SINCE JAN 1     51                        52     -1       83
..................................................................


WIND (MPH)
  HIGHEST WIND SPEED    21   HIGHEST WIND DIRECTION     W (290)
  HIGHEST GUST SPEED    28   HIGHEST GUST DIRECTION     W (290)
  AVERAGE WIND SPEED     9.3


SKY COVER
  AVERAGE SKY COVER 0.6


WEATHER CONDITIONS
 THE FOLLOWING WEATHER WAS RECORDED YESTERDAY.
  NO SIGNIFICANT WEATHER WAS OBSERVED.


RELATIVE HUMIDITY (PERCENT)
 HIGHEST    73           600 AM
 LOWEST     40           400 PM
 AVERAGE    57

..........................................................


THE ROCHESTER NY CLIMATE NORMALS FOR TODAY
                         NORMAL    RECORD    YEAR
 MAXIMUM TEMPERATURE (F)   76        93      1973
                                             1959
                                             1947
 MINIMUM TEMPERATURE (F)   55        36      1972


SUNRISE AND SUNSET
JUNE 11 2017..........SUNRISE   531 AM EDT   SUNSET   850 PM EDT
JUNE 12 2017..........SUNRISE   531 AM EDT   SUNSET   851 PM EDT


-  INDICATES NEGATIVE NUMBERS.
R  INDICATES RECORD WAS SET OR TIED.
MM INDICATES DATA IS MISSING.
T  INDICATES TRACE AMOUNT.




$$
