004
CDUS41 KBUF 270705
CLIROC


CLIMATE REPORT
NATIONAL WEATHER SERVICE BUFFALO NY
305 AM EDT THU JUL 27 2017


...................................

...THE ROCHESTER NY CLIMATE SUMMARY FOR JULY 26 2017...

CLIMATE NORMAL PERIOD 1981 TO 2010
CLIMATE RECORD PERIOD 1871 TO 2017


WEATHER ITEM   OBSERVED TIME   RECORD YEAR NORMAL DEPARTURE LAST
                VALUE   (LST)  VALUE       VALUE  FROM      YEAR
                                                  NORMAL
..................................................................
TEMPERATURE (F)
 YESTERDAY
  MAXIMUM         77    426 PM  95    1930  81     -4       85
  MINIMUM         56    218 AM  47    1975  61     -5       65
  AVERAGE         67                        71     -4       75

PRECIPITATION (IN)
  YESTERDAY        0.00          1.49 1878   0.12  -0.12     0.00
  MONTH TO DATE    3.85                      2.77   1.08     1.21
  SINCE JUN 1      7.39                      6.11   1.28     2.12
  SINCE JAN 1     27.37                     18.57   8.80    13.73

SNOWFALL (IN)
  YESTERDAY        0.0           0.0    MM   0.0    0.0      0.0
  MONTH TO DATE    0.0                       0.0    0.0      0.0
  SINCE JUN 1      0.0                       0.0    0.0      0.0
  SINCE JUL 1      0.0                       0.0    0.0      0.0
  SNOW DEPTH       0

DEGREE DAYS
 HEATING
  YESTERDAY        0                         0      0        0
  MONTH TO DATE    1                         6     -5        0
  SINCE JUN 1     46                        74    -28       47
  SINCE JUL 1      1                         6     -5        0

 COOLING
  YESTERDAY        2                         6     -4       10
  MONTH TO DATE  173                       156     17      257
  SINCE JUN 1    306                       262     44      386
  SINCE JAN 1    348                       292     56      448
..................................................................


WIND (MPH)
  HIGHEST WIND SPEED    13   HIGHEST WIND DIRECTION    SW (220)
  HIGHEST GUST SPEED    18   HIGHEST GUST DIRECTION    SW (230)
  AVERAGE WIND SPEED     5.1


SKY COVER
  AVERAGE SKY COVER 0.8


WEATHER CONDITIONS
 THE FOLLOWING WEATHER WAS RECORDED YESTERDAY.
  FOG


RELATIVE HUMIDITY (PERCENT)
 HIGHEST   100           400 AM
 LOWEST     57          1200 PM
 AVERAGE    79

..........................................................


THE ROCHESTER NY CLIMATE NORMALS FOR TODAY
                         NORMAL    RECORD    YEAR
 MAXIMUM TEMPERATURE (F)   81        98      1941
                                             1894
 MINIMUM TEMPERATURE (F)   61        45      1977


SUNRISE AND SUNSET
JULY 27 2017..........SUNRISE   556 AM EDT   SUNSET   837 PM EDT
JULY 28 2017..........SUNRISE   557 AM EDT   SUNSET   836 PM EDT


-  INDICATES NEGATIVE NUMBERS.
R  INDICATES RECORD WAS SET OR TIED.
MM INDICATES DATA IS MISSING.
T  INDICATES TRACE AMOUNT.




$$
