000
CDUS41 KBUF 181019
CLIROC


CLIMATE REPORT
NATIONAL WEATHER SERVICE BUFFALO NY
519 AM EST SUN FEB 18 2018


...................................

...THE ROCHESTER NY CLIMATE SUMMARY FOR FEBRUARY 17 2018...

CLIMATE NORMAL PERIOD 1981 TO 2010
CLIMATE RECORD PERIOD 1871 TO 2018


WEATHER ITEM   OBSERVED TIME   RECORD YEAR NORMAL DEPARTURE LAST
                VALUE   (LST)  VALUE       VALUE  FROM      YEAR
                                                  NORMAL
..................................................................
TEMPERATURE (F)
 YESTERDAY
  MAXIMUM         32    723 PM  60    2006  34     -2       35
  MINIMUM         19    314 AM -17    1979  19      0       23
  AVERAGE         26                        27     -1       29

PRECIPITATION (IN)
  YESTERDAY        0.02          0.76 1891   0.06  -0.04      T
  MONTH TO DATE    1.10                      1.13  -0.03     1.60
  SINCE DEC 1      6.45                      6.17   0.28     7.26
  SINCE JAN 1      4.21                      3.54   0.67     4.35

SNOWFALL (IN)
  YESTERDAY        0.5           7.7  1958   0.8   -0.3      0.1
  MONTH TO DATE   15.5                      13.1    2.4     14.4
  SINCE DEC 1     83.1                      63.1   20.0     55.5
  SINCE JUL 1     85.7                      70.5   15.2     71.4
  SNOW DEPTH       0

DEGREE DAYS
 HEATING
  YESTERDAY       39                        38      1       36
  MONTH TO DATE  641                       673    -32      606
  SINCE DEC 1   3076                      3009     67     2677
  SINCE JUL 1   4167                      4377   -210     3655

 COOLING
  YESTERDAY        0                         0      0        0
  MONTH TO DATE    0                         0      0        0
  SINCE DEC 1      0                         0      0        0
  SINCE JAN 1      0                         0      0        0
..................................................................


WIND (MPH)
  HIGHEST WIND SPEED    12   HIGHEST WIND DIRECTION    SW (210)
  HIGHEST GUST SPEED    15   HIGHEST GUST DIRECTION    SW (220)
  AVERAGE WIND SPEED     4.5


SKY COVER
  AVERAGE SKY COVER 0.6


WEATHER CONDITIONS
 THE FOLLOWING WEATHER WAS RECORDED YESTERDAY.
  LIGHT SNOW
  FOG


RELATIVE HUMIDITY (PERCENT)
 HIGHEST    92          1100 PM
 LOWEST     49           300 PM
 AVERAGE    71

..........................................................


THE ROCHESTER NY CLIMATE NORMALS FOR TODAY
                         NORMAL    RECORD    YEAR
 MAXIMUM TEMPERATURE (F)   35        63      2017
 MINIMUM TEMPERATURE (F)   19       -19      1979


SUNRISE AND SUNSET
FEBRUARY 18 2018......SUNRISE   704 AM EST   SUNSET   546 PM EST
FEBRUARY 19 2018......SUNRISE   702 AM EST   SUNSET   547 PM EST


-  INDICATES NEGATIVE NUMBERS.
R  INDICATES RECORD WAS SET OR TIED.
MM INDICATES DATA IS MISSING.
T  INDICATES TRACE AMOUNT.




$$
