000
CDUS41 KBUF 261025
CLIROC


CLIMATE REPORT
NATIONAL WEATHER SERVICE BUFFALO NY
523 AM EST SUN FEB 26 2017


...................................

...THE ROCHESTER NY CLIMATE SUMMARY FOR FEBRUARY 25 2017...

CLIMATE NORMAL PERIOD 1981 TO 2010
CLIMATE RECORD PERIOD 1871 TO 2017


WEATHER ITEM   OBSERVED TIME   RECORD YEAR NORMAL DEPARTURE LAST
                VALUE   (LST)  VALUE       VALUE  FROM      YEAR
                                                  NORMAL
..................................................................
TEMPERATURE (F)
 YESTERDAY
  MAXIMUM         65    209 AM  67    1957  36     29       43
  MINIMUM         31    945 PM  -8    1894  20     11       26
  AVERAGE         48                        28     20       35

PRECIPITATION (IN)
  YESTERDAY        0.34          1.44 1961   0.08   0.26     0.15
  MONTH TO DATE    2.33                      1.72   0.61     3.74
  SINCE DEC 1      7.99                      6.76   1.23     7.99
  SINCE JAN 1      5.08                      4.13   0.95     5.26

SNOWFALL (IN)
  YESTERDAY        0.2           9.5  1916   0.7   -0.5      1.3
  MONTH TO DATE   14.6                      19.2   -4.6     27.5
  SINCE DEC 1     55.7                      69.2  -13.5     50.0
  SINCE JUL 1     71.6                      76.6   -5.0     51.2
  SNOW DEPTH       0

DEGREE DAYS
 HEATING
  YESTERDAY       17                        37    -20       30
  MONTH TO DATE  745                       973   -228      903
  SINCE DEC 1   2816                      3309   -493     2761
  SINCE JUL 1   3794                      4677   -883     3801

 COOLING
  YESTERDAY        0                         0      0        0
  MONTH TO DATE    0                         0      0        0
  SINCE DEC 1      0                         0      0        0
  SINCE JAN 1      0                         0      0        0
..................................................................


WIND (MPH)
  HIGHEST WIND SPEED    32   HIGHEST WIND DIRECTION     W (270)
  HIGHEST GUST SPEED    42   HIGHEST GUST DIRECTION     W (250)
  AVERAGE WIND SPEED    16.8


SKY COVER
  AVERAGE SKY COVER 0.9


WEATHER CONDITIONS
 THE FOLLOWING WEATHER WAS RECORDED YESTERDAY.
  HEAVY RAIN
  RAIN
  LIGHT RAIN
  LIGHT SNOW
  FOG


RELATIVE HUMIDITY (PERCENT)
 HIGHEST    89          1200 AM
 LOWEST     56          1100 PM
 AVERAGE    73

..........................................................


THE ROCHESTER NY CLIMATE NORMALS FOR TODAY
                         NORMAL    RECORD    YEAR
 MAXIMUM TEMPERATURE (F)   37        66      2000
 MINIMUM TEMPERATURE (F)   21        -2      2003
                                             1963


SUNRISE AND SUNSET
FEBRUARY 26 2017......SUNRISE   651 AM EST   SUNSET   556 PM EST
FEBRUARY 27 2017......SUNRISE   650 AM EST   SUNSET   558 PM EST


-  INDICATES NEGATIVE NUMBERS.
R  INDICATES RECORD WAS SET OR TIED.
MM INDICATES DATA IS MISSING.
T  INDICATES TRACE AMOUNT.




$$
