000
CDUS41 KBUF 032043
CLIROC


CLIMATE REPORT
NATIONAL WEATHER SERVICE BUFFALO NY
442 PM EDT THU SEP 3 2015


...................................

...THE ROCHESTER NY CLIMATE SUMMARY FOR SEPTEMBER 3 2015...
VALID TODAY AS OF 0400 PM LOCAL TIME.

CLIMATE NORMAL PERIOD 1981 TO 2010
CLIMATE RECORD PERIOD 1871 TO 2015


WEATHER ITEM   OBSERVED TIME   RECORD YEAR NORMAL DEPARTURE LAST
                VALUE   (LST)  VALUE       VALUE  FROM      YEAR
                                                  NORMAL
..................................................................
TEMPERATURE (F)
 TODAY
  MAXIMUM         86   1245 PM  99    1953  76     10       81
  MINIMUM         67    550 AM  41    1946  56     11       61
  AVERAGE         77                        66     11       71

PRECIPITATION (IN)
  TODAY            0.00          1.14 1974   0.11  -0.11      T
  MONTH TO DATE    0.03                      0.33  -0.30     0.14
  SINCE SEP 1      0.03                      0.33  -0.30     0.14
  SINCE JAN 1     26.16                     22.93   3.23    25.17

SNOWFALL (IN)
  TODAY            0.0           0.0    MM   0.0    0.0      0.0
  MONTH TO DATE    0.0                       0.0    0.0      0.0
  SINCE SEP 1      0.0                       0.0    0.0      0.0
  SINCE JUL 1      0.0                       0.0    0.0      0.0
  SNOW DEPTH       0

DEGREE DAYS
 HEATING
  TODAY            0                         2     -2        0
  MONTH TO DATE    0                         6     -6        0
  SINCE SEP 1      0                         6     -6        0
  SINCE JUL 1     19                        40    -21       25

 COOLING
  TODAY           12                         3      9        6
  MONTH TO DATE   34                         9     25       27
  SINCE SEP 1     34                         9     25       27
  SINCE JAN 1    588                       493     95      491
..................................................................


WIND (MPH)
  HIGHEST WIND SPEED    16   HIGHEST WIND DIRECTION     N (20)
  HIGHEST GUST SPEED    21   HIGHEST GUST DIRECTION     N (20)
  AVERAGE WIND SPEED     5.5


SKY COVER
  AVERAGE SKY COVER 0.8


WEATHER CONDITIONS
 THE FOLLOWING WEATHER WAS RECORDED TODAY.
  FOG
  HAZE


RELATIVE HUMIDITY (PERCENT)
 HIGHEST    97           700 AM
 LOWEST     61          1100 AM
 AVERAGE    79

..........................................................


THE ROCHESTER NY CLIMATE NORMALS FOR TOMORROW
                         NORMAL    RECORD    YEAR
 MAXIMUM TEMPERATURE (F)   76        97      1953
 MINIMUM TEMPERATURE (F)   56        40      1997
                                             1987
                                             1946


SUNRISE AND SUNSET
SEPTEMBER  3 2015.....SUNRISE   637 AM EDT   SUNSET   742 PM EDT
SEPTEMBER  4 2015.....SUNRISE   638 AM EDT   SUNSET   741 PM EDT


-  INDICATES NEGATIVE NUMBERS.
R  INDICATES RECORD WAS SET OR TIED.
MM INDICATES DATA IS MISSING.
T  INDICATES TRACE AMOUNT.




$$
