000
CDUS41 KBUF 252025
CLIROC


CLIMATE REPORT
NATIONAL WEATHER SERVICE BUFFALO NY
423 PM EDT THU MAY 25 2017


...................................

...THE ROCHESTER NY CLIMATE SUMMARY FOR MAY 25 2017...
VALID TODAY AS OF 0400 PM LOCAL TIME.

CLIMATE NORMAL PERIOD 1981 TO 2010
CLIMATE RECORD PERIOD 1871 TO 2017


WEATHER ITEM   OBSERVED TIME   RECORD YEAR NORMAL DEPARTURE LAST
                VALUE   (LST)  VALUE       VALUE  FROM      YEAR
                                                  NORMAL
..................................................................
TEMPERATURE (F)
 TODAY
  MAXIMUM         68   1203 AM  88    2012  70     -2       86
                                      2007
                                      1904
  MINIMUM         56   1118 AM  32    1956  49      7       55
  AVERAGE         62                        60      2       71

PRECIPITATION (IN)
  TODAY            1.59          1.74 1943   0.09   1.50     0.00
  MONTH TO DATE    5.10                      2.31   2.79     1.38
  SINCE MAR 1     14.71                      7.54   7.17     4.76
  SINCE JAN 1     19.79                     11.90   7.89    10.06

SNOWFALL (IN)
  TODAY            0.0           0.0    MM   0.0    0.0      0.0
  MONTH TO DATE    0.0                       0.4   -0.4       T
  SINCE MAR 1     35.5                      20.6   14.9     12.0
  SINCE JUL 1    107.1                      99.5    7.6     63.7
  SNOW DEPTH       0

DEGREE DAYS
 HEATING
  TODAY            3                         7     -4        0
  MONTH TO DATE  255                       242     13      255
  SINCE MAR 1   1654                      1759   -105     1691
  SINCE JUL 1   5522                      6545  -1023     5608

 COOLING
  TODAY            0                         1     -1        6
  MONTH TO DATE   18                        16      2        8
  SINCE MAR 1     32                        20     12        8
  SINCE JAN 1     32                        20     12        8
..................................................................


WIND (MPH)
  HIGHEST WIND SPEED    17   HIGHEST WIND DIRECTION    SE (150)
  HIGHEST GUST SPEED    22   HIGHEST GUST DIRECTION     S (160)
  AVERAGE WIND SPEED    11.0


SKY COVER
  AVERAGE SKY COVER 1.0


WEATHER CONDITIONS
 THE FOLLOWING WEATHER WAS RECORDED TODAY.
  HEAVY RAIN
  RAIN
  LIGHT RAIN
  FOG


RELATIVE HUMIDITY (PERCENT)
 HIGHEST    93           500 AM
 LOWEST     52          1200 AM
 AVERAGE    73

..........................................................


THE ROCHESTER NY CLIMATE NORMALS FOR TOMORROW
                         NORMAL    RECORD    YEAR
 MAXIMUM TEMPERATURE (F)   71        90      1944
 MINIMUM TEMPERATURE (F)   50        36      1879


SUNRISE AND SUNSET
MAY 25 2017...........SUNRISE   538 AM EDT   SUNSET   838 PM EDT
MAY 26 2017...........SUNRISE   537 AM EDT   SUNSET   839 PM EDT


-  INDICATES NEGATIVE NUMBERS.
R  INDICATES RECORD WAS SET OR TIED.
MM INDICATES DATA IS MISSING.
T  INDICATES TRACE AMOUNT.




$$
