000
CDUS41 KBUF 192055
CLIROC


CLIMATE REPORT
NATIONAL WEATHER SERVICE BUFFALO NY
454 PM EDT FRI SEP 19 2014


...................................

...THE ROCHESTER NY CLIMATE SUMMARY FOR SEPTEMBER 19 2014...
VALID TODAY AS OF 0400 PM LOCAL TIME.

CLIMATE NORMAL PERIOD 1981 TO 2010
CLIMATE RECORD PERIOD 1871 TO 2014


WEATHER ITEM   OBSERVED TIME   RECORD YEAR NORMAL DEPARTURE LAST
                VALUE   (LST)  VALUE       VALUE  FROM      YEAR
                                                  NORMAL
..................................................................
TEMPERATURE (F)
 TODAY
  MAXIMUM         62    256 PM  90    1955  70     -8       77
  MINIMUM         40    635 AM  36    1993  51    -11       51
  AVERAGE         51                        61    -10       64

PRECIPITATION (IN)
  TODAY            0.00          0.93 1886   0.11  -0.11     0.00
  MONTH TO DATE    0.98                      2.13  -1.15     1.37
  SINCE SEP 1      0.98                      2.13  -1.15     1.37
  SINCE JAN 1     26.01                     24.73   1.28    26.58

SNOWFALL (IN)
  TODAY            0.0           0.0    MM   0.0    0.0      0.0
  MONTH TO DATE    0.0                       0.0    0.0      0.0
  SINCE SEP 1      0.0                       0.0    0.0      0.0
  SINCE JUL 1      0.0                       0.0    0.0      0.0
  SNOW DEPTH       0

DEGREE DAYS
 HEATING
  TODAY           14                         6      8        1
  MONTH TO DATE   93                        64     29       96
  SINCE SEP 1     93                        64     29       96
  SINCE JUL 1    118                        98     20      114

 COOLING
  TODAY            0                         1     -1        0
  MONTH TO DATE   60                        41     19       53
  SINCE SEP 1     60                        41     19       53
  SINCE JAN 1    524                       525     -1      644
..................................................................


WIND (MPH)
  HIGHEST WIND SPEED    14   HIGHEST WIND DIRECTION    SE (140)
  HIGHEST GUST SPEED    20   HIGHEST GUST DIRECTION     E (100)
  AVERAGE WIND SPEED     6.7


SKY COVER
  AVERAGE SKY COVER 0.4


WEATHER CONDITIONS
 THE FOLLOWING WEATHER WAS RECORDED TODAY.
  NO SIGNIFICANT WEATHER WAS OBSERVED.


RELATIVE HUMIDITY (PERCENT)
 HIGHEST    93           100 AM
 LOWEST     46           200 PM
 AVERAGE    70

..........................................................


THE ROCHESTER NY CLIMATE NORMALS FOR TOMORROW
                         NORMAL    RECORD    YEAR
 MAXIMUM TEMPERATURE (F)   70        91      1895
 MINIMUM TEMPERATURE (F)   51        34      1993


SUNRISE AND SUNSET
SEPTEMBER 19 2014.....SUNRISE   655 AM EDT   SUNSET   713 PM EDT
SEPTEMBER 20 2014.....SUNRISE   656 AM EDT   SUNSET   712 PM EDT


-  INDICATES NEGATIVE NUMBERS.
R  INDICATES RECORD WAS SET OR TIED.
MM INDICATES DATA IS MISSING.
T  INDICATES TRACE AMOUNT.




$$
