000
CXUS55 KABQ 011126
CF6ROW
PRELIMINARY LOCAL CLIMATOLOGICAL DATA (WS FORM: F-6)
STATION: ROSWELL NM
MONTH: OCTOBER
YEAR: 2020
LATITUDE: 33 17 N
LONGITUDE: 104 32 W
TEMPERATURE IN F: :PCPN: SNOW: WIND :SUNSHINE: SKY :PK WND
================================================================================
1 2 3 4 5 6A 6B 7 8 9 10 11 12 13 14 15 16 17 18
12Z AVG MX 2MIN
DY MAX MIN AVG DEP HDD CDD WTR SNW DPTH SPD SPD DIR MIN PSBL S-S WX SPD DR
================================================================================
1 87 51 69 3 0 4 0.00 0.0 0 7.9 21 350 M M 0 29 360
2 87 50 69 3 0 4 0.00 0.0 0 10.5 18 170 M M 0 24 190
3 81 52 67 1 0 2 0.00 0.0 0 11.7 30 10 M M 0 38 360
4 80 50 65 0 0 0 0.00 0.0 0 7.1 16 180 M M 0 22 180
5 98 51 75 10 0 10 0.00 0.0 0 4.2 9 190 0 0 0 M M
6 95 54 75 10 0 10 0.00 0.0 0 7.1 18 360 M M 0 24 350
7 92 50 71 7 0 6 0.00 0.0 0 7.3 20 180 M M 0 27 160
8 91 51 71 7 0 6 0.00 0.0 0 6.8 17 170 M M 0 23 160
9 97 53 75 11 0 10 0.00 0.0 0 4.6 13 260 M M 0 15 270
10 95 55 75 12 0 10 0.00 0.0 0 5.2 15 260 M M 0 19 260
11 96 51 74 11 0 9 0.00 0.0 0 8.7 26 250 M M 0 35 260
12 79 53 66 4 0 1 0.00 0.0 0 8.5 24 50 M M 2 8 33 10
13 91 49 70 8 0 5 0.00 0.0 0 4.6 15 30 M M 0 20 40
14 99 49 74 12 0 9 0.00 0.0 0 7.4 21 280 M M 0 28 280
15 72 53 63 1 2 0 0.00 0.0 0 10.1 28 10 M M 0 8 37 10
16 69 43 56 -5 9 0 0.00 0.0 0 10.9 22 170 M M 0 8 32 160
17 94 42 68 7 0 3 0.00 0.0 0 6.3 17 280 M M 0 23 300
18 91 49 70 10 0 5 0.00 0.0 0 5.8 14 120 M M 0 20 110
19 85 42 64 4 1 0 0.00 0.0 0 8.6 17 180 M M 0 23 160
20 89 48 69 9 0 4 0.00 0.0 0 5.2 13 200 M M 0 24 160
21 91 49 70 11 0 5 0.00 0.0 0 5.9 16 170 M M 0 24 180
22 92 53 73 14 0 8 0.00 0.0 0 7.2 15 290 M M 0 21 90
23 70 43 57 -2 8 0 0.00 0.0 0 10.4 24 40 M M 0 8 33 10
24 73 37 55 -3 10 0 0.00 0.0 0 6.8 17 180 M M 0 21 170
25 80 39 60 2 5 0 0.00 0.0 0 13.0 28 360 M M 1 34 360
26 39 24 32 -26 33 0 0.13 0.0 0 13.5 21 30 M M 10 1368 26 80
27 29 21 25 -32 40 0 0.53 4.6 T 11.2 18 360 M M 10 128 24 360
28 46 27 37 -20 28 0 0.03 0.3 5 6.9 17 330 M M 7 18 26 310
29 62 32 47 -9 18 0 0.00 0.0 1 4.2 10 240 M M 0 11 240
30 70 37 54 -2 11 0 0.00 0.0 0 4.5 16 170 M M 0 23 200
31 82 40 61 5 4 0 0.00 0.0 0 3.7 18 320 M M 0 24 310
================================================================================
SM 2502 1398 169 111 0.69 4.9 235.8 0 30
================================================================================
AV 80.7 45.1 7.6 FASTST 0 0 1 MAX(MPH)
MISC ----> # 30 10 # 38 360
================================================================================
NOTES:
# LAST OF SEVERAL OCCURRENCES
COLUMN 17 PEAK WIND IN M.P.H.
PRELIMINARY LOCAL CLIMATOLOGICAL DATA (WS FORM: F-6) , PAGE 2
STATION: ROSWELL NM
MONTH: OCTOBER
YEAR: 2020
LATITUDE: 33 17 N
LONGITUDE: 104 32 W
[TEMPERATURE DATA] [PRECIPITATION DATA] SYMBOLS USED IN COLUMN 16
AVERAGE MONTHLY: 62.9 TOTAL FOR MONTH: 0.69 1 = FOG OR MIST
DPTR FM NORMAL: 1.8 DPTR FM NORMAL: -0.54 2 = FOG REDUCING VISIBILITY
HIGHEST: 99 ON 14 GRTST 24HR 0.53 ON 27-27 TO 1/4 MILE OR LESS
LOWEST: 21 ON 27 3 = THUNDER
SNOW, ICE PELLETS, HAIL 4 = ICE PELLETS
TOTAL MONTH: 4.9 INCHES 5 = HAIL
GRTST 24HR 4.6 ON 27-27 6 = FREEZING RAIN OR DRIZZLE
GRTST DEPTH: 5 ON 28 7 = DUSTSTORM OR SANDSTORM:
VSBY 1/2 MILE OR LESS
8 = SMOKE OR HAZE
[NO. OF DAYS WITH] [WEATHER - DAYS WITH] 9 = BLOWING SNOW
X = TORNADO
MAX 32 OR BELOW: 1 0.01 INCH OR MORE: 3
MAX 90 OR ABOVE: 13 0.10 INCH OR MORE: 2
MIN 32 OR BELOW: 4 0.50 INCH OR MORE: 1
MIN 0 OR BELOW: 0 1.00 INCH OR MORE: 0
[HDD (BASE 65) ]
TOTAL THIS MO. 169 CLEAR (SCALE 0-3) 28
DPTR FM NORMAL 11 PTCLDY (SCALE 4-7) 1
TOTAL FM JUL 1 210 CLOUDY (SCALE 8-10) 2
DPTR FM NORMAL 36
[CDD (BASE 65) ]
TOTAL THIS MO. 111
DPTR FM NORMAL 74 [PRESSURE DATA]
TOTAL FM JAN 1 2653 HIGHEST SLP 30.35 ON 16
DPTR FM NORMAL 865 LOWEST SLP 29.59 ON 11
[REMARKS]
#FINAL-10-20#