000
CXUS54 KFWD 070343
CF6RPH
PRELIMINARY LOCAL CLIMATOLOGICAL DATA (WS FORM: F-6)
STATION: GRAHAM
MONTH: NOVEMBER
YEAR: 2020
LATITUDE: 33 6 N
LONGITUDE: 98 30 W
TEMPERATURE IN F: :PCPN: SNOW: WIND :SUNSHINE: SKY :PK WND
================================================================================
1 2 3 4 5 6A 6B 7 8 9 10 11 12 13 14 15 16 17 18
12Z AVG MX 2MIN
DY MAX MIN AVG DEP HDD CDD WTR SNW DPTH SPD SPD DIR MIN PSBL S-S WX SPD DR
================================================================================
1 71 39 55 -4 10 0 0.00 M M 2.3 10 50 M M 0 1 M M
2 73 32 53 -5 12 0 0.00 M M 1.1 7 210 M M 0 1 M M
3 79 35 57 -1 8 0 0.00 M M 3.9 12 190 M M 0 18 180
4 78 47 63 5 2 0 0.00 M M 5.8 13 160 M M 0 20 160
5 77 51 64 7 1 0 0.00 M M 3.8 9 150 M M 0 M M
6 77 45 61 4 4 0 0.00 M M 3.4 8 120 M M 1 12 9 130
7 76 55 66 9 0 1 0.00 M M 6.0 10 130 M M 0 18 140
8 76 55 66 10 0 1 0.00 M M 8.5 16 150 M M 0 24 140
9 74 60 67 11 0 2 0.00 M M 10.2 17 150 M M 3 23 140
10 68 43 56 1 9 0 0.00 M M 5.9 14 310 M M 2 22 320
11 73 35 54 -1 11 0 0.00 M M 1.8 8 130 M M 0 17 130
12 82 52 67 13 0 2 0.00 M M 5.1 12 10 M M 1 20 10
13 63 46 55 1 10 0 0.00 M M 4.0 10 30 M M 2 17 20
14 83 51 67 13 0 2 0.00 M M 6.8 28 330 M M 4 33 330
15 62 33 48 -5 17 0 0.00 M M 3.2 18 350 M M 0 32 350
16 73 30 52 -1 13 0 0.00 M M 2.0 8 100 M M 0 M M
17 72 32 52 0 13 0 0.00 M M 3.7 8 140 M M 0 M M
18 76 39 58 6 7 0 0.00 M M 6.9 15 160 M M 0 22 150
19 79 56 68 16 0 3 0.00 M M 9.2 15 190 M M 1 24 170
20 76 57 67 16 0 2 0.00 M M 5.7 12 200 M M 1 18 200
21 75 55 65 14 0 0 0.00 M M 2.5 7 190 M M 4 M M
22 58 40 49 -1 16 0 0.00 M M 7.5 16 360 M M 7 1 21 360
23 59 36 48 -2 17 0 0.00 M M 4.7 12 130 M M 6 20 130
24 82 48 65 16 0 0 M M M 12.4 20 330 M M 5 31 250
25 63 37 50 1 15 0 0.00 M M 5.1 15 310 M M 1 25 310
26 79 43 61 12 4 0 0.00 M M 4.8 13 190 M M 1 18 190
27 62 43 53 5 12 0 0.00 M M 7.8 14 20 M M 0 23 20
28 46 40 43 -5 22 0 0.31 M M 4.1 10 50 M M 8 1 20 20
29 52 39 46 -2 19 0 0.01 M M 7.6 17 340 M M 7 1 32 340
30 50 25 38 -9 27 0 0.00 M M 6.1 16 350 M M 0 28 350
================================================================================
SM 2114 1299 249 13 0.32 M 161.9 M 54
================================================================================
AV 70.5 43.3 5.4 FASTST M M 2 MAX(MPH)
MISC ----> 28 330 33 330
================================================================================
NOTES:
# LAST OF SEVERAL OCCURRENCES
COLUMN 17 PEAK WIND IN M.P.H.
PRELIMINARY LOCAL CLIMATOLOGICAL DATA (WS FORM: F-6) , PAGE 2
STATION: GRAHAM
MONTH: NOVEMBER
YEAR: 2020
LATITUDE: 33 6 N
LONGITUDE: 98 30 W
[TEMPERATURE DATA] [PRECIPITATION DATA] SYMBOLS USED IN COLUMN 16
AVERAGE MONTHLY: 56.9 TOTAL FOR MONTH: 0.32 1 = FOG OR MIST
DPTR FM NORMAL: 3.9 DPTR FM NORMAL: -1.57 2 = FOG REDUCING VISIBILITY
HIGHEST: 83 ON 14 GRTST 24HR 0.31 ON 28-28 TO 1/4 MILE OR LESS
LOWEST: 25 ON 30 3 = THUNDER
SNOW, ICE PELLETS, HAIL 4 = ICE PELLETS
TOTAL MONTH: M 5 = HAIL
GRTST 24HR M ON M 6 = FREEZING RAIN OR DRIZZLE
GRTST DEPTH: M ON M 7 = DUSTSTORM OR SANDSTORM:
VSBY 1/2 MILE OR LESS
8 = SMOKE OR HAZE
[NO. OF DAYS WITH] [WEATHER - DAYS WITH] 9 = BLOWING SNOW
X = TORNADO
MAX 32 OR BELOW: 0 0.01 INCH OR MORE: 2
MAX 90 OR ABOVE: 0 0.10 INCH OR MORE: 1
MIN 32 OR BELOW: 4 0.50 INCH OR MORE: 0
MIN 0 OR BELOW: 0 1.00 INCH OR MORE: 0
[HDD (BASE 65) ]
TOTAL THIS MO. 249 CLEAR (SCALE 0-3) 22
DPTR FM NORMAL -122 PTCLDY (SCALE 4-7) 8
TOTAL FM JUL 1 462 CLOUDY (SCALE 8-10) 0
DPTR FM NORMAL -43
[CDD (BASE 65) ]
TOTAL THIS MO. 13
DPTR FM NORMAL 2 [PRESSURE DATA]
TOTAL FM JAN 1 2413 HIGHEST SLP M ON M
DPTR FM NORMAL 114 LOWEST SLP M ON M
[REMARKS]
#FINAL-11-20#