000
CXUS53 KMPX 010910
CF6RWF
PRELIMINARY LOCAL CLIMATOLOGICAL DATA (WS FORM: F-6)
STATION: REDWOOD FALLS MN
MONTH: AUGUST
YEAR: 2021
LATITUDE: 44 32 N
LONGITUDE: 95 5 W
TEMPERATURE IN F: :PCPN: SNOW: WIND :SUNSHINE: SKY :PK WND
================================================================================
1 2 3 4 5 6A 6B 7 8 9 10 11 12 13 14 15 16 17 18
12Z AVG MX 2MIN
DY MAX MIN AVG DEP HDD CDD WTR SNW DPTH SPD SPD DIR MIN PSBL S-S WX SPD DR
================================================================================
1 81 54 68 -4 0 3 0.00 M M 6.8 14 350 M M 1 18 20 360
2 83 54 69 -3 0 4 0.00 M M 4.3 14 210 M M 2 18 21 140
3 84 54 69 -3 0 4 0.00 M M 5.2 13 200 M M 1 18 17 170
4 82 58 70 -2 0 5 T M M 10.4 20 180 M M 1 1 25 180
5 88 65 77 5 0 12 0.00 M M 7.5 15 210 M M 1 21 210
6 87 62 75 4 0 10 0.00 M M 5.1 13 150 M M 2 18 19 100
7 82 67 75 4 0 10 1.29 M M 7.9 23 330 M M 8 138 37 340
8 76 66 71 0 0 6 T M M 6.9 20 160 M M 6 123 26 160
9 86 62 74 3 0 9 0.00 M M 6.6 17 130 M M 2 12 24 140
10 88 68 78 7 0 13 0.00 M M 7.2 17 220 M M 2 1 22 230
11 82 67 75 4 0 10 0.00 M M 11.1 20 300 M M 0 28 310
12 78 60 69 -2 0 4 0.00 M M 9.5 21 330 M M 1 31 330
13 79 54 67 -4 0 2 0.00 M M 8.3 21 300 M M 0 33 290
14 88 51 70 0 0 5 0.00 M M 8.6 17 190 M M 0 23 200
15 86 56 71 1 0 6 T M M 10.8 20 150 M M 0 29 180
16 88 60 74 4 0 9 0.00 M M 12.3 22 160 M M 1 28 140
17 93 65 79 9 0 14 0.00 M M 12.3 22 180 M M 0 29 200
18 91 67 79 9 0 14 0.00 M M 11.9 21 160 M M 1 1 28 170
19 92 66 79 9 0 14 0.00 M M 9.9 20 160 M M 1 1 25 170
20 89 69 79 9 0 14 T M M 14.5 32 160 M M 4 13 43 160
21 73 54 64 -5 1 0 0.00 M M 10.7 24 290 M M 2 35 300
22 80 48 64 -5 1 0 0.31 M M 11.5 28 150 M M 3 13 36 140
23 88 61 75 6 0 10 0.00 M M 5.6 13 160 M M 0 1 19 110
24 84 64 74 5 0 9 2.06 M M 10.3 40 300 M M 4 13 55 360
25 79 61 70 1 0 5 0.00 M M 6.0 15 310 M M 2 22 310
26 74 58 66 -2 0 1 0.60 M M 7.4 25 330 M M 4 13 43 360
27 79 65 72 4 0 7 0.68 M M 7.8 22 160 M M 8 13 27 160
28 83 66 75 7 0 10 0.04 M M 9.4 28 160 M M 7 123 37 150
29 80 61 71 3 0 6 0.00 M M 9.0 21 300 M M 2 29 300
30 82 58 70 2 0 5 0.00 M M 5.4 10 130 M M 0 16 120
31 82 59 71 4 0 6 0.00 M M 5.6 13 70 M M 0 19 100
================================================================================
SM 2587 1880 2 227 4.98 M 265.8 M 66
================================================================================
AV 83.5 60.6 8.6 FASTST M M 2 MAX(MPH)
MISC ----> 40 300 55 360
================================================================================
NOTES:
# LAST OF SEVERAL OCCURRENCES
COLUMN 17 PEAK WIND IN M.P.H.
PRELIMINARY LOCAL CLIMATOLOGICAL DATA (WS FORM: F-6) , PAGE 2
STATION: REDWOOD FALLS MN
MONTH: AUGUST
YEAR: 2021
LATITUDE: 44 32 N
LONGITUDE: 95 5 W
[TEMPERATURE DATA] [PRECIPITATION DATA] SYMBOLS USED IN COLUMN 16
AVERAGE MONTHLY: 72.0 TOTAL FOR MONTH: 4.98 1 = FOG OR MIST
DPTR FM NORMAL: 2.0 DPTR FM NORMAL: 0.98 2 = FOG REDUCING VISIBILITY
HIGHEST: 93 ON 17 GRTST 24HR 2.06 ON 24-24 TO 1/4 MILE OR LESS
LOWEST: 48 ON 22 3 = THUNDER
SNOW, ICE PELLETS, HAIL 4 = ICE PELLETS
TOTAL MONTH: M 5 = HAIL
GRTST 24HR M ON M 6 = FREEZING RAIN OR DRIZZLE
GRTST DEPTH: M ON M 7 = DUSTSTORM OR SANDSTORM:
VSBY 1/2 MILE OR LESS
8 = SMOKE OR HAZE
[NO. OF DAYS WITH] [WEATHER - DAYS WITH] 9 = BLOWING SNOW
X = TORNADO
MAX 32 OR BELOW: 0 0.01 INCH OR MORE: 6
MAX 90 OR ABOVE: 3 0.10 INCH OR MORE: 5
MIN 32 OR BELOW: 0 0.50 INCH OR MORE: 4
MIN 0 OR BELOW: 0 1.00 INCH OR MORE: 2
[HDD (BASE 65) ]
TOTAL THIS MO. 2 CLEAR (SCALE 0-3) 24
DPTR FM NORMAL -17 PTCLDY (SCALE 4-7) 6
TOTAL FM JUL 1 3 CLOUDY (SCALE 8-10) 1
DPTR FM NORMAL -19
[CDD (BASE 65) ]
TOTAL THIS MO. 227
DPTR FM NORMAL 53 [PRESSURE DATA]
TOTAL FM JAN 1 889 HIGHEST SLP 30.26 ON 14
DPTR FM NORMAL 273 LOWEST SLP 29.62 ON 20
[REMARKS]
#FINAL-08-21#