000
CXUS55 KPIH 011404
CF6RXE
PRELIMINARY LOCAL CLIMATOLOGICAL DATA (WS FORM: F-6)
STATION: REXBURG ID
MONTH: MARCH
YEAR: 2020
LATITUDE: 43 49 N
LONGITUDE: 111 48 W
TEMPERATURE IN F: :PCPN: SNOW: WIND :SUNSHINE: SKY :PK WND
================================================================================
1 2 3 4 5 6A 6B 7 8 9 10 11 12 13 14 15 16 17 18
12Z AVG MX 2MIN
DY MAX MIN AVG DEP HDD CDD WTR SNW DPTH SPD SPD DIR MIN PSBL S-S WX SPD DR
================================================================================
1 38 16 27 0 38 0 0.06 M M 6.2 14 360 M M 4 1 18 350
2 30 3 17 -11 48 0 0.00 M M 6.1 18 230 M M 5 23 230
3 37 20 29 1 36 0 0.00 M M 3.8 13 240 M M 7 16 250
4 41 23 32 3 33 0 0.00 M M 4.1 15 230 M M 2 1 18 220
5 44 16 30 1 35 0 0.00 M M 5.0 10 60 M M 0 14 50
6 52 24 38 8 27 0 0.00 M M 5.1 10 190 M M 1 15 200
7 50 25 38 8 27 0 0.03 M M 7.9 17 190 M M 4 25 190
8 43 32 38 7 27 0 0.00 M M 8.8 21 200 M M 7 32 210
9 41 28 35 4 30 0 0.00 M M 7.0 14 200 M M 7 19 220
10 42 28 35 3 30 0 0.00 M M 6.9 14 210 M M 4 19 210
11 47 23 35 3 30 0 0.00 M M 4.6 12 210 M M 0 16 180
12 40 21 31 -2 34 0 0.00 M M 5.2 14 40 M M 2 20 40
13 43 16 30 -3 35 0 0.00 M M 4.2 9 60 M M 0 11 50
14 41 29 35 1 30 0 0.73 M M 6.8 20 190 M M 8 1 27 190
15 44 31 38 4 27 0 0.19 M M 7.8 23 220 M M 8 1 38 240
16 47 30 39 5 26 0 0.12 M M 7.0 10 50 M M 3 16 14 40
17 52 29 41 6 24 0 0.01 M M 5.4 20 240 M M 6 28 250
18 45 29 37 2 28 0 0.01 M M 5.5 14 240 M M 6 17 240
19 50 27 39 3 26 0 0.00 M M 6.0 14 30 M M 0 17 30
20 49 26 38 2 27 0 0.01 M M 5.4 12 50 M M 6 16 50
21 45 34 40 3 25 0 0.05 M M 4.5 9 200 M M 9 1 13 190
22 51 32 42 5 23 0 0.00 M M 8.4 18 200 M M 7 23 190
23 52 26 39 2 26 0 0.01 M M 9.3 23 270 M M 4 30 210
24 50 36 43 5 22 0 0.00 M M 16.1 31 240 M M 6 39 220
25 46 29 38 0 27 0 T M M 14.5 30 240 M M 4 39 220
26 41 25 33 -5 32 0 0.00 M M 7.2 15 250 M M 3 19 230
27 41 18 30 -9 35 0 0.00 M M 4.7 12 200 M M 5 14 180
28 47 32 40 1 25 0 T M M 10.2 17 210 M M 9 23 200
29 48 31 40 1 25 0 0.02 M M 6.9 18 220 M M 9 24 260
30 52 35 44 4 21 0 T M M 14.3 26 240 M M 9 37 240
31 49 37 43 3 22 0 0.07 M M 20.3 30 220 M M 8 13 47 230
================================================================================
SM 1398 811 901 0 1.31 M 235.2 M 153
================================================================================
AV 45.1 26.2 7.6 FASTST M M 5 MAX(MPH)
MISC ----> # 31 240 # 47 230
================================================================================
NOTES:
# LAST OF SEVERAL OCCURRENCES
PRECIPITATION SUSPECT DURING FREEZING/FROZEN EVENTS
COLUMN 17 PEAK WIND IN M.P.H.
PRELIMINARY LOCAL CLIMATOLOGICAL DATA (WS FORM: F-6) , PAGE 2
STATION: REXBURG ID
MONTH: MARCH
YEAR: 2020
LATITUDE: 43 49 N
LONGITUDE: 111 48 W
[TEMPERATURE DATA] [PRECIPITATION DATA] SYMBOLS USED IN COLUMN 16
AVERAGE MONTHLY: 35.6 TOTAL FOR MONTH: 1.31 1 = FOG OR MIST
DPTR FM NORMAL: 1.5 DPTR FM NORMAL: 0.25 2 = FOG REDUCING VISIBILITY
HIGHEST: 52 ON 30,23 GRTST 24HR 0.73 ON 14-14 TO 1/4 MILE OR LESS
LOWEST: 3 ON 2 3 = THUNDER
SNOW, ICE PELLETS, HAIL 4 = ICE PELLETS
TOTAL MONTH: M 5 = HAIL
GRTST 24HR M ON M 6 = FREEZING RAIN OR DRIZZLE
GRTST DEPTH: M ON M 7 = DUSTSTORM OR SANDSTORM:
VSBY 1/2 MILE OR LESS
8 = SMOKE OR HAZE
[NO. OF DAYS WITH] [WEATHER - DAYS WITH] 9 = BLOWING SNOW
X = TORNADO
MAX 32 OR BELOW: 1 0.01 INCH OR MORE: 12
MAX 90 OR ABOVE: 0 0.10 INCH OR MORE: 3
MIN 32 OR BELOW: 27 0.50 INCH OR MORE: 1
MIN 0 OR BELOW: 0 1.00 INCH OR MORE: 0
[HDD (BASE 65) ]
TOTAL THIS MO. 901 CLEAR (SCALE 0-3) 8
DPTR FM NORMAL -55 PTCLDY (SCALE 4-7) 19
TOTAL FM JUL 1 6883 CLOUDY (SCALE 8-10) 4
DPTR FM NORMAL -46
[CDD (BASE 65) ]
TOTAL THIS MO. 0
DPTR FM NORMAL 0 [PRESSURE DATA]
TOTAL FM JAN 1 0 HIGHEST SLP 30.46 ON 5
DPTR FM NORMAL 0 LOWEST SLP 29.67 ON 13
[REMARKS]
#FINAL-03-20#