000
CXUS56 KSTO 011400
CF6SAC
PRELIMINARY LOCAL CLIMATOLOGICAL DATA (WS FORM: F-6)
STATION: SACRAMENTO EXEC AP
MONTH: FEBRUARY
YEAR: 2024
LATITUDE: 38 31 N
LONGITUDE: 121 30 W
TEMPERATURE IN F: :PCPN: SNOW: WIND :SUNSHINE: SKY :PK WND
================================================================================
1 2 3 4 5 6A 6B 7 8 9 10 11 12 13 14 15 16 17 18
12Z AVG MX 2MIN
DY MAX MIN AVG DEP HDD CDD WTR SNW DPTH SPD SPD DIR MIN PSBL S-S WX SPD DR
================================================================================
1 59 48 54 5 11 0 0.55 M M 4.9 17 150 M M 7 1 28 140
2 58 44 51 2 14 0 0.01 M M 7.2 17 220 M M 5 24 210
3 55 42 49 -1 16 0 0.01 M M 3.4 10 90 M M 5 13 90
4 63 47 55 5 10 0 0.97 M M 17.2 38 130 M M 9 1 60 120
5 60 48 54 4 11 0 0.11 M M 7.4 17 160 M M 9 1 26 160
6 58 44 51 1 14 0 0.00 M M 4.7 14 290 M M 7 17 300
7 50 42 46 -4 19 0 0.50 M M 6.5 16 120 M M 7 18 22 120
8 51 39 45 -5 20 0 0.00 M M 2.3 9 50 M M 7 1 11 40
9 55 35 45 -5 20 0 0.00 M M 3.7 12 330 M M 3 12 14 330
10 61 40 51 0 14 0 0.00 M M 8.4 20 340 M M 0 24 330
11 60 36 48 -3 17 0 0.00 M M 1.8 8 290 M M 0 1 10 310
12 61 37 49 -2 16 0 0.00 M M 1.0 9 250 M M 0 1 12 240
13 59 38 49 -2 16 0 0.00 M M 1.9 10 220 M M 0 15 230
14 59 47 53 2 12 0 0.15 M M 6.8 15 140 M M 7 1 23 140
15 63 49 56 4 9 0 0.03 M M 3.5 10 220 M M 4 1 14 150
16 58 48 53 1 12 0 0.00 0.0 M 1.8 7 300 M M 1 7 300
17 58 47 53 1 12 0 0.54 M M 7.9 24 140 M M 6 1 35 150
18 67 50 59 7 6 0 1.14 M M 10.5 30 240 M M 5 1 40 250
19 63 52 58 6 7 0 0.24 M M 9.7 23 160 M M 9 1 36 150
20 64 49 57 5 8 0 0.24 M M 6.3 20 230 M M 5 1 27 230
21 61 47 54 2 11 0 0.01 M M 2.8 9 210 M M 5 12 12 170
22 63 41 52 -1 13 0 0.00 M M 2.7 12 310 M M 3 1 14 310
23 66 43 55 2 10 0 0.00 0.0 M 5.4 14 360 M M 0 1 16 320
24 70 43 57 4 8 0 0.00 0.0 M 2.8 10 310 M M 0 1 13 320
25 68 41 55 2 10 0 0.00 M M 2.9 10 200 M M 0 1 15 210
26 64 47 56 3 9 0 0.00 M M 5.6 15 220 M M 3 20 230
27 61 43 52 -1 13 0 0.00 M M 8.2 21 320 M M 0 25 330
28 66 37 52 -2 13 0 0.00 M M 2.2 9 200 M M 0 12 210
29 60 48 54 0 11 0 0.13 M M 9.6 16 180 M M 7 32 160
================================================================================
SM 1761 1272 362 0 4.63 0.0 159.1 M 114
================================================================================
AV 60.7 43.9 5.5 FASTST M M 4 MAX(MPH)
MISC ----> 38 130 60 120
================================================================================
NOTES:
# LAST OF SEVERAL OCCURRENCES
COLUMN 17 PEAK WIND IN M.P.H.
PRELIMINARY LOCAL CLIMATOLOGICAL DATA (WS FORM: F-6) , PAGE 2
STATION: SACRAMENTO EXEC AP
MONTH: FEBRUARY
YEAR: 2024
LATITUDE: 38 31 N
LONGITUDE: 121 30 W
[TEMPERATURE DATA] [PRECIPITATION DATA] SYMBOLS USED IN COLUMN 16
AVERAGE MONTHLY: 52.3 TOTAL FOR MONTH: 4.63 1 = FOG OR MIST
DPTR FM NORMAL: 0.9 DPTR FM NORMAL: 1.14 2 = FOG REDUCING VISIBILITY
HIGHEST: 70 ON 24 GRTST 24HR 1.38 ON 18-19 TO 1/4 MILE OR LESS
LOWEST: 35 ON 9 3 = THUNDER
SNOW, ICE PELLETS, HAIL 4 = ICE PELLETS
TOTAL MONTH: 0.0 INCH 5 = HAIL
GRTST 24HR 0.0 6 = FREEZING RAIN OR DRIZZLE
GRTST DEPTH: M ON M 7 = DUSTSTORM OR SANDSTORM:
VSBY 1/2 MILE OR LESS
8 = SMOKE OR HAZE
[NO. OF DAYS WITH] [WEATHER - DAYS WITH] 9 = BLOWING SNOW
X = TORNADO
MAX 32 OR BELOW: 0 0.01 INCH OR MORE: 14
MAX 90 OR ABOVE: 0 0.10 INCH OR MORE: 10
MIN 32 OR BELOW: 0 0.50 INCH OR MORE: 5
MIN 0 OR BELOW: 0 1.00 INCH OR MORE: 1
[HDD (BASE 65) ]
TOTAL THIS MO. 362 CLEAR (SCALE 0-3) 13
DPTR FM NORMAL -19 PTCLDY (SCALE 4-7) 13
TOTAL FM JUL 1 1568 CLOUDY (SCALE 8-10) 3
DPTR FM NORMAL -343
[CDD (BASE 65) ]
TOTAL THIS MO. 0
DPTR FM NORMAL 0 [PRESSURE DATA]
TOTAL FM JAN 1 0 HIGHEST SLP 30.32 ON 22
DPTR FM NORMAL 0 LOWEST SLP 29.32 ON 4
[REMARKS]
#FINAL-02-24#