000
CXUS56 KSTO 031009
CLMSAC
CLIMATE REPORT
NATIONAL WEATHER SERVICE SACRAMENTO
209 AM PST SUN DEC 03 2023
...................................
...THE SACRAMENTO EXEC AP CLIMATE SUMMARY FOR THE MONTH OF NOVEMBER 2023...
CLIMATE NORMAL PERIOD: 1991 TO 2020
CLIMATE RECORD PERIOD: 1877 TO 2023
WEATHER OBSERVED NORMAL DEPART LAST YEAR`S
VALUE DATE(S) VALUE FROM VALUE DATE(S)
NORMAL
................................................................
TEMPERATURE (F)
RECORD
HIGH 87 11/01/1960
LOW 26 11/25/1993
11/17/1961
11/21/1941
HIGHEST 81 11/04 MM MM 71 11/15
LOWEST 31 11/27 MM MM 30 11/21
11/28
11/30
AVG. MAXIMUM 68.3 65.0 3.3 63.1
AVG. MINIMUM 42.4 42.7 -0.3 37.5
MEAN 55.3 53.9 1.4 50.3
DAYS MAX >= 90 0 0.0 0.0 0
DAYS MAX >= 105 0 30
DAYS MAX >= 100 0 0
DAYS MAX <= 50 0 0
DAYS MIN <= 32 3 1.6 1.4 3
DAYS MIN >= 70 0 0
DAYS MIN <= 40 1 0
DAYS MIN <= 32 3 0
PRECIPITATION (INCHES)
RECORD
MAXIMUM 7.41 1970
MINIMUM T 1995
TOTALS 0.36 1.66 -1.30 0.95
DAILY AVG. 0.01 0.06 -0.05 0.03
DAYS >= .01 5 6.1 -1.1 4
DAYS >= .10 2 3.9 -1.9 2
DAYS >= .50 0 0.9 -0.9 1
DAYS >= 1.00 0 0.2 -0.2 0
DAYS >= %-5.2F 0 0
DAYS >= %-5.2F 0 0
GREATEST
24 HR. TOTAL 0.22 11/17 TO 11/18 0.71 11/07 TO 11/08
11/08 TO 11/08
STORM TOTAL 0.21 0.71
(MM/DD(HH)) MM
DEGREE DAYS
HEATING TOTAL 285 335 -50 435
SINCE 7/1 353 419 -66 MM
COOLING TOTAL 1 1 0 0
SINCE 1/1 1317 1293 24 MM
FREEZE DATES
RECORD
EARLIEST MM
LATEST MM
EARLIEST 11/26 MM
LATEST 02/22
................................................................
WIND (MPH)
AVERAGE WIND SPEED 4.2
HIGHEST WIND SPEED/DIRECTION 25/330 DATE 11/24
HIGHEST GUST SPEED/DIRECTION 33/320 DATE 11/19
SKY COVER
POSSIBLE SUNSHINE (PERCENT) MM
AVERAGE SKY COVER 0.15
NUMBER OF DAYS FAIR 23
NUMBER OF DAYS PC 6
NUMBER OF DAYS CLOUDY 1
AVERAGE RH (PERCENT) 64
WEATHER CONDITIONS. NUMBER OF DAYS WITH
THUNDERSTORM 0 MIXED PRECIP 0
HEAVY RAIN 1 RAIN 1
LIGHT RAIN 6 FREEZING RAIN 0
LT FREEZING RAIN 0 HAIL 0
HEAVY SNOW 0 SNOW 0
LIGHT SNOW 0 SLEET 0
FOG 9 FOG W/VIS <= 1/4 MILE 1
HAZE 1
- INDICATES NEGATIVE NUMBERS.
R INDICATES RECORD WAS SET OR TIED.
MM INDICATES DATA IS MISSING.
T INDICATES TRACE AMOUNT.
$$