000
CXUS56 KSGX 021452
CLMSAN
CLIMATE REPORT
NATIONAL WEATHER SERVICE SAN DIEGO, CA
752 AM PDT WED AUG 02 2023
...................................
...THE SAN DIEGO INTL AIRPORT CA CLIMATE SUMMARY FOR THE MONTH OF JULY 2023...
CLIMATE NORMAL PERIOD: 1991 TO 2020
CLIMATE RECORD PERIOD: 1874 TO 2023
WEATHER OBSERVED NORMAL DEPART LAST YEAR`S
VALUE DATE(S) VALUE FROM VALUE DATE(S)
NORMAL
................................................................
TEMPERATURE (F)
RECORD
HIGH 100 07/30/1930
LOW 54 07/16/1884
07/04/1880
HIGHEST 82 07/26 76 6 80 07/20
LOWEST 61 07/05 66 -5 63 07/12
07/06
07/13
07/17
AVG. MAXIMUM 75.5 75.3 0.2 73.6
AVG. MINIMUM 65.2 66.1 -0.9 65.4
MEAN 70.4 70.7 -0.3 69.5
DAYS MAX >= 90 0 0.1 -0.1 0
DAYS MAX <= 32 0 0.0 0.0 0
DAYS MAX >= 45 31 31
DAYS MIN <= 32 0 0.0 0.0 0
PRECIPITATION (INCHES)
RECORD
MAXIMUM 1.71 2015
MINIMUM 0.00 2022
TOTALS T 0.08 -0.08 0.00
DAILY AVG. T 0.00 -0.00 0.00
DAYS >= .01 0 0.7 -0.7 0
DAYS >= .10 0 0.1 -0.1 0
DAYS >= .50 0 0.1 -0.1 0
DAYS >= 1.00 0 0.0 0.0 0
DAYS >= %-5.2F 0 0
DAYS >= %-5.2F 0 0
GREATEST
24 HR. TOTAL T 07/31 TO 07/31 0.00 06/30 TO 06/30
07/23 TO 07/23
07/31 TO 07/31
STORM TOTAL 0.00 0.00
(MM/DD(HH)) MM
DEGREE DAYS
HEATING TOTAL 0 1 -1 0
SINCE 7/1 0 0 0 MM
COOLING TOTAL 175 177 -2 147
SINCE 1/1 208 330 -122 MM
FREEZE DATES
RECORD
EARLIEST MM
LATEST MM
EARLIEST MM
LATEST MM
................................................................
WIND (MPH)
AVERAGE WIND SPEED 5.6
RESULTANT WIND SPEED/DIRECTION 3/280
HIGHEST WIND SPEED/DIRECTION 17/290 DATE 07/12
HIGHEST GUST SPEED/DIRECTION 27/200 DATE 07/08
27/200 07/30
SKY COVER
POSSIBLE SUNSHINE (PERCENT) MM
AVERAGE SKY COVER 0.58
NUMBER OF DAYS FAIR 2
NUMBER OF DAYS PC 23
NUMBER OF DAYS CLOUDY 6
AVERAGE RH (PERCENT) 78
WEATHER CONDITIONS. NUMBER OF DAYS WITH
THUNDERSTORM 0 MIXED PRECIP 0
HEAVY RAIN 0 RAIN 0
LIGHT RAIN 2 FREEZING RAIN 0
LT FREEZING RAIN 0 HAIL 0
HEAVY SNOW 0 SNOW 0
LIGHT SNOW 0 SLEET 0
FOG 15 FOG W/VIS <= 1/4 MILE 0
HAZE 16
- INDICATES NEGATIVE NUMBERS.
R INDICATES RECORD WAS SET OR TIED.
MM INDICATES DATA IS MISSING.
T INDICATES TRACE AMOUNT.
$$