000
CXUS54 KEWX 181422
CF6SAT
PRELIMINARY LOCAL CLIMATOLOGICAL DATA (WS FORM: F-6)
STATION: SAN ANTONIO
MONTH: OCTOBER
YEAR: 2021
LATITUDE: 29 31 N
LONGITUDE: 98 28 W
TEMPERATURE IN F: :PCPN: SNOW: WIND :SUNSHINE: SKY :PK WND
================================================================================
1 2 3 4 5 6A 6B 7 8 9 10 11 12 13 14 15 16 17 18
12Z AVG MX 2MIN
DY MAX MIN AVG DEP HDD CDD WTR SNW DPTH SPD SPD DIR MIN PSBL S-S WX SPD DR
================================================================================
1 86 68 77 1 0 12 0.23 0.0 0 8.0 20 360 M M 7 3 27 350
2 87 71 79 3 0 14 0.00 0.0 0 2.2 10 110 M M 8 13 90
3 90 69 80 5 0 15 0.00 0.0 0 3.0 13 10 M M 7 19 40
4 90 66 78 3 0 13 0.00 0.0 0 4.4 18 330 M M 4 29 320
5 91 61 76 1 0 11 0.00 0.0 0 4.6 12 30 M M 2 16 20
6 89 61 75 0 0 10 0.00 0.0 0 4.4 12 150 M M 3 14 120
7 89 66 78 4 0 13 0.00 0.0 0 7.4 15 180 M M 0 21 170
8 89 65 77 3 0 12 0.00 0.0 0 5.4 16 150 M M 4 21 150
9 87 64 76 2 0 11 0.00 0.0 0 7.5 17 130 M M 1 24 120
10 91 67 79 6 0 14 0.05 0.0 0 14.1 25 340 M M 8 3 36 350
11 83 60 72 -1 0 7 1.10 0.0 0 7.4 24 40 M M 6 13 34 40
12 87 74 81 8 0 16 T 0.0 0 13.4 25 150 M M 10 138 37 140
13 87 71 79 7 0 14 2.64 0.0 0 13.3 24 160 M M 10 13 30 160
14 85 69 77 5 0 12 0.85 0.0 0 4.0 16 300 M M 7 13 23 290
15 88 66 77 5 0 12 0.73 0.0 0 7.0 21 10 M M 8 13 31 30
16 74 54 64 -8 1 0 0.00 0.0 0 9.8 21 40 M M 6 31 50
17 73 48 61 -10 4 0 0.00 0.0 0 4.7 12 100 M M 7 16 110
18 77 49 63 -8 2 0 0.00 0.0 0 6.4 14 140 M M 4 19 120
19 81 59 70 0 0 5 0.00 0.0 0 7.9 18 150 M M 7 24 140
20 83 66 75 5 0 10 0.00 0.0 0 2.9 9 160 M M 8 12 160
21 84 63 74 4 0 9 0.00 0.0 0 3.5 10 90 M M 3 14 80
22 84 63 74 5 0 9 0.00 0.0 0 5.1 12 170 M M 3 16 160
23 86 69 78 9 0 13 0.00 0.0 0 8.8 17 120 M M 6 1 23 150
24 84 71 78 9 0 13 T 0.0 0 5.7 14 140 M M 7 1 18 140
25 88 71 80 12 0 15 0.00 0.0 0 5.8 15 130 M M 4 19 130
26 87 72 80 12 0 15 T 0.0 0 12.3 24 150 M M 9 34 140
27 78 57 68 0 0 3 0.98 0.0 0 13.5 33 320 M M 5 13 47 340
28 78 51 65 -2 0 0 0.00 0.0 0 11.2 29 320 M M 0 42 340
29 74 50 62 -5 3 0 0.00 0.0 0 9.7 23 310 M M 0 34 340
30 79 46 63 -3 2 0 0.00 0.0 0 4.6 10 190 M M 0 15 200
31 82 49 66 0 0 1 0.00 0.0 0 6.1 16 110 M M 0 20 110
================================================================================
SM 2611 1936 12 279 6.58 0.0 224.1 M 154
================================================================================
AV 84.2 62.5 7.2 FASTST M M 5 MAX(MPH)
MISC ----> 33 320 47 340
================================================================================
NOTES:
# LAST OF SEVERAL OCCURRENCES
COLUMN 17 PEAK WIND IN M.P.H.
PRELIMINARY LOCAL CLIMATOLOGICAL DATA (WS FORM: F-6) , PAGE 2
STATION: SAN ANTONIO
MONTH: OCTOBER
YEAR: 2021
LATITUDE: 29 31 N
LONGITUDE: 98 28 W
[TEMPERATURE DATA] [PRECIPITATION DATA] SYMBOLS USED IN COLUMN 16
AVERAGE MONTHLY: 73.3 TOTAL FOR MONTH: 6.58 1 = FOG OR MIST
DPTR FM NORMAL: 2.0 DPTR FM NORMAL: 2.83 2 = FOG REDUCING VISIBILITY
HIGHEST: 91 ON 10, 5 GRTST 24HR 3.49 ON 13-14 TO 1/4 MILE OR LESS
LOWEST: 46 ON 30 3 = THUNDER
SNOW, ICE PELLETS, HAIL 4 = ICE PELLETS
TOTAL MONTH: 0.0 INCH 5 = HAIL
GRTST 24HR 0.0 6 = FREEZING RAIN OR DRIZZLE
GRTST DEPTH: 0 7 = DUSTSTORM OR SANDSTORM:
VSBY 1/2 MILE OR LESS
8 = SMOKE OR HAZE
[NO. OF DAYS WITH] [WEATHER - DAYS WITH] 9 = BLOWING SNOW
X = TORNADO
MAX 32 OR BELOW: 0 0.01 INCH OR MORE: 7
MAX 90 OR ABOVE: 4 0.10 INCH OR MORE: 6
MIN 32 OR BELOW: 0 0.50 INCH OR MORE: 5
MIN 0 OR BELOW: 0 1.00 INCH OR MORE: 2
[HDD (BASE 65) ]
TOTAL THIS MO. 12 CLEAR (SCALE 0-3) 10
DPTR FM NORMAL -22 PTCLDY (SCALE 4-7) 18
TOTAL FM JUL 1 12 CLOUDY (SCALE 8-10) 3
DPTR FM NORMAL -22
[CDD (BASE 65) ]
TOTAL THIS MO. 279
DPTR FM NORMAL 50 [PRESSURE DATA]
TOTAL FM JAN 1 3141 HIGHEST SLP 30.34 ON 16
DPTR FM NORMAL 67 LOWEST SLP 29.55 ON 27
[REMARKS]
#FINAL-10-21#