000
CXUS56 KLOX 011256
CF6SBA
PRELIMINARY LOCAL CLIMATOLOGICAL DATA (WS FORM: F-6)
STATION: SANTA BARBARA AIRPORT CA
MONTH: FEBRUARY
YEAR: 2024
LATITUDE: 34 25 N
LONGITUDE: 119 50 W
TEMPERATURE IN F: :PCPN: SNOW: WIND :SUNSHINE: SKY :PK WND
================================================================================
1 2 3 4 5 6A 6B 7 8 9 10 11 12 13 14 15 16 17 18
12Z AVG MX 2MIN
DY MAX MIN AVG DEP HDD CDD WTR SNW DPTH SPD SPD DIR MIN PSBL S-S WX SPD DR
================================================================================
1 62 49 56 3 9 0 2.93 M M 8.7 26 130 M M 9 18 39 120
2 65 48 57 4 8 0 0.01 M M 8.1 20 270 M M 2 34 330
3 60 44 52 -1 13 0 0.05 M M 6.0 20 110 M M 6 27 110
4 60 54 57 4 8 0 2.39 M M 18.0 30 100 M M 10 1 47 90
5 61 50 56 3 9 0 1.11 M M 6.9 21 150 M M 8 1 30 150
6 60 48 54 1 11 0 0.18 M M 4.2 13 280 M M 7 18 18 280
7 62 46 54 1 11 0 0.28 M M 7.7 25 240 M M 6 18 36 230
8 62 44 53 0 12 0 T M M 9.8 22 270 M M 3 8 30 270
9 65 40 53 0 12 0 0.00 M M 4.2 12 340 M M 0 17 320
10 63 40 52 -1 13 0 0.00 M M 3.6 13 320 M M 0 18 330
11 63 40 52 -1 13 0 0.00 M M 2.7 12 260 M M 0 16 260
12 64 41 53 0 12 0 0.00 M M 2.7 10 270 M M 0 15 260
13 63 42 53 -1 12 0 0.00 M M 3.7 12 260 M M 0 15 80
14 63 45 54 0 11 0 0.00 M M 4.0 12 260 M M 5 17 150
15 65 47 56 2 9 0 T M M 4.1 12 260 M M 7 1 15 200
16 64 52 58 4 7 0 0.00 M M 5.1 13 260 M M 6 17 260
17 65 50 58 4 7 0 0.20 M M 4.1 12 190 M M 6 1 16 180
18 62 53 58 4 7 0 2.22 M M 9.9 20 110 M M 9 1 29 110
19 62 59 61 7 4 0 1.35 M M 8.5 18 110 M M 10 1 26 110
20 63 57 60 6 5 0 0.13 M M 5.1 14 120 M M 8 1 19 120
21 69 52 61 7 4 0 0.16 M M 4.9 18 250 M M 4 1 26 250
22 65 48 57 3 8 0 0.00 M M 3.9 13 250 M M 2 17 270
23 74 48 61 7 4 0 0.00 M M 2.1 9 260 M M 0 14 160
24 70 49 60 6 5 0 0.00 M M 3.3 14 260 M M 0 17 260
25 67 51 59 5 6 0 0.00 M M 4.2 15 260 M M 4 12 20 260
26 64 50 57 2 8 0 T M M 3.2 9 180 M M 4 14 220
27 64 48 56 1 9 0 0.00 M M 3.8 12 130 M M 2 16 150
28 67 47 57 2 8 0 0.00 M M 3.5 14 270 M M 0 18 270
29 63 50 57 2 8 0 0.00 M M 4.6 10 250 M M 9 14 250
================================================================================
SM 1857 1392 253 0 11.01 M 160.6 M 127
================================================================================
AV 64.0 48.0 5.5 FASTST M M 4 MAX(MPH)
MISC ----> 30 100 47 90
================================================================================
NOTES:
# LAST OF SEVERAL OCCURRENCES
COLUMN 17 PEAK WIND IN M.P.H.
PRELIMINARY LOCAL CLIMATOLOGICAL DATA (WS FORM: F-6) , PAGE 2
STATION: SANTA BARBARA AIRPORT CA
MONTH: FEBRUARY
YEAR: 2024
LATITUDE: 34 25 N
LONGITUDE: 119 50 W
[TEMPERATURE DATA] [PRECIPITATION DATA] SYMBOLS USED IN COLUMN 16
AVERAGE MONTHLY: 56.0 TOTAL FOR MONTH: 11.01 1 = FOG OR MIST
DPTR FM NORMAL: 2.3 DPTR FM NORMAL: 7.15 2 = FOG REDUCING VISIBILITY
HIGHEST: 74 ON 23 GRTST 24HR 3.55 ON 18-19 TO 1/4 MILE OR LESS
LOWEST: 40 ON 11,10 3 = THUNDER
SNOW, ICE PELLETS, HAIL 4 = ICE PELLETS
TOTAL MONTH: M 5 = HAIL
GRTST 24HR M ON M 6 = FREEZING RAIN OR DRIZZLE
GRTST DEPTH: M ON M 7 = DUSTSTORM OR SANDSTORM:
VSBY 1/2 MILE OR LESS
8 = SMOKE OR HAZE
[NO. OF DAYS WITH] [WEATHER - DAYS WITH] 9 = BLOWING SNOW
X = TORNADO
MAX 32 OR BELOW: 0 0.01 INCH OR MORE: 12
MAX 90 OR ABOVE: 0 0.10 INCH OR MORE: 10
MIN 32 OR BELOW: 0 0.50 INCH OR MORE: 5
MIN 0 OR BELOW: 0 1.00 INCH OR MORE: 5
[HDD (BASE 65) ]
TOTAL THIS MO. 253 CLEAR (SCALE 0-3) 12
DPTR FM NORMAL -63 PTCLDY (SCALE 4-7) 10
TOTAL FM JUL 1 987 CLOUDY (SCALE 8-10) 7
DPTR FM NORMAL -582
[CDD (BASE 65) ]
TOTAL THIS MO. 0
DPTR FM NORMAL 0 [PRESSURE DATA]
TOTAL FM JAN 1 0 HIGHEST SLP 30.25 ON 22
DPTR FM NORMAL 0 LOWEST SLP 29.62 ON 6
[REMARKS]
#FINAL-02-24#