000
CXUS56 KLOX 040558
CF6SBP
PRELIMINARY LOCAL CLIMATOLOGICAL DATA (WS FORM: F-6)
STATION: SAN LUIS OBISPO AIRPORT CA
MONTH: NOVEMBER
YEAR: 2020
LATITUDE: 35 13 N
LONGITUDE: 120 38 W
TEMPERATURE IN F: :PCPN: SNOW: WIND :SUNSHINE: SKY :PK WND
================================================================================
1 2 3 4 5 6A 6B 7 8 9 10 11 12 13 14 15 16 17 18
12Z AVG MX 2MIN
DY MAX MIN AVG DEP HDD CDD WTR SNW DPTH SPD SPD DIR MIN PSBL S-S WX SPD DR
================================================================================
1 87 49 68 8 0 3 0.00 0.0 0 2.1 10 310 M M 0 13 220
2 84 47 66 6 0 1 0.00 0.0 0 3.5 18 300 M M 2 1 21 300
3 75 51 63 3 2 0 0.00 0.0 0 5.1 17 310 M M 5 12 23 320
4 92 46 69 9 0 4 0.00 0.0 0 5.3 20 300 M M 1 12 24 310
5 92 57 75 15 0 10 0.00 0.0 0 3.5 10 300 M M 0 14 40
6 68 49 59 -1 6 0 0.00 0.0 0 10.4 29 300 M M 4 12 43 300
7 61 49 55 -4 10 0 0.17 M 0 8.6 24 300 M M 6 1 30 300
8 60 44 52 -7 13 0 T M 0 13.8 35 300 M M 4 46 320
9 63 37 50 -9 15 0 0.00 0.0 0 5.9 17 300 M M 0 23 320
10 67 38 53 -6 12 0 0.00 0.0 0 6.2 21 300 M M 0 26 310
11 68 36 52 -6 13 0 0.00 0.0 0 6.7 23 320 M M 1 29 320
12 69 37 53 -5 12 0 0.00 0.0 0 5.1 18 310 M M 0 22 320
13 66 38 52 -6 13 0 0.00 0.0 0 6.0 18 320 M M 1 21 310
14 71 46 59 1 6 0 0.00 0.0 0 8.3 22 320 M M 1 27 310
15 82 42 62 5 3 0 0.00 0.0 0 6.5 17 360 M M 0 24 360
16 88 49 69 12 0 4 0.00 0.0 0 3.3 13 320 M M 0 14 320
17 62 47 55 -2 10 0 0.00 0.0 0 4.4 10 170 M M 6 16 140
18 67 52 60 3 5 0 0.04 0.0 0 6.0 14 310 M M 8 12 17 310
19 72 48 60 4 5 0 0.00 0.0 0 6.0 17 30 M M 1 1 25 50
20 73 48 61 5 4 0 0.00 0.0 0 3.6 13 350 M M 0 15 360
21 79 43 61 5 4 0 0.00 0.0 0 4.8 14 310 M M 0 18 310
22 72 40 56 0 9 0 0.00 0.0 0 7.3 24 310 M M 0 30 310
23 67 44 56 1 9 0 0.00 0.0 0 9.3 22 300 M M 0 25 300
24 71 42 57 2 8 0 0.00 0.0 0 4.5 17 320 M M 0 19 310
25 66 36 51 -4 14 0 T M 0 7.8 21 310 M M 0 30 360
26 67 47 57 3 8 0 0.00 M M 8.7 21 340 M M M 27 40
27 72 37 55 1 10 0 0.00 M M 3.6 12 310 M M M 14 300
28 74 33 54 0 11 0 0.00 0.0 M 2.8 17 310 M M 0 20 300
29 75 33 54 0 11 0 0.00 0.0 M 3.6 20 320 M M 0 24 320
30 80 35 58 4 7 0 0.00 0.0 M 4.3 16 300 M M 0 23 310
================================================================================
SM 2190 1300 220 22 0.21 0.0 177.0 M 40
================================================================================
AV 73.0 43.3 5.9 FASTST M M 1 MAX(MPH)
MISC ----> # 35 300 # 46 320
================================================================================
NOTES:
# LAST OF SEVERAL OCCURRENCES
COLUMN 17 PEAK WIND IN M.P.H.
PRELIMINARY LOCAL CLIMATOLOGICAL DATA (WS FORM: F-6) , PAGE 2
STATION: SAN LUIS OBISPO AIRPORT CA
MONTH: NOVEMBER
YEAR: 2020
LATITUDE: 35 13 N
LONGITUDE: 120 38 W
[TEMPERATURE DATA] [PRECIPITATION DATA] SYMBOLS USED IN COLUMN 16
AVERAGE MONTHLY: 58.2 TOTAL FOR MONTH: 0.21 1 = FOG OR MIST
DPTR FM NORMAL: 1.1 DPTR FM NORMAL: -1.54 2 = FOG REDUCING VISIBILITY
HIGHEST: 92 ON 5, 4 GRTST 24HR 0.17 ON 7- 7 TO 1/4 MILE OR LESS
LOWEST: 33 ON 29,28 3 = THUNDER
SNOW, ICE PELLETS, HAIL 4 = ICE PELLETS
TOTAL MONTH: 0.0 INCH 5 = HAIL
GRTST 24HR 0.0 6 = FREEZING RAIN OR DRIZZLE
GRTST DEPTH: 0 7 = DUSTSTORM OR SANDSTORM:
VSBY 1/2 MILE OR LESS
8 = SMOKE OR HAZE
[NO. OF DAYS WITH] [WEATHER - DAYS WITH] 9 = BLOWING SNOW
X = TORNADO
MAX 32 OR BELOW: 0 0.01 INCH OR MORE: 2
MAX 90 OR ABOVE: 2 0.10 INCH OR MORE: 1
MIN 32 OR BELOW: 0 0.50 INCH OR MORE: 0
MIN 0 OR BELOW: 0 1.00 INCH OR MORE: 0
[HDD (BASE 65) ]
TOTAL THIS MO. 220 CLEAR (SCALE 0-3) 22
DPTR FM NORMAL -23 PTCLDY (SCALE 4-7) 6
TOTAL FM JUL 1 292 CLOUDY (SCALE 8-10) 0
DPTR FM NORMAL -134
[CDD (BASE 65) ]
TOTAL THIS MO. 22
DPTR FM NORMAL 14 [PRESSURE DATA]
TOTAL FM JAN 1 645 HIGHEST SLP M ON M
DPTR FM NORMAL 357 LOWEST SLP 29.64 ON 7
[REMARKS]
#FINAL-11-20#