000
CXUS56 KLOX 011155
CF6SDB
PRELIMINARY LOCAL CLIMATOLOGICAL DATA (WS FORM: F-6)
STATION: SANDBERG CA
MONTH: JULY
YEAR: 2023
LATITUDE: 34 45 N
LONGITUDE: 118 44 W
TEMPERATURE IN F: :PCPN: SNOW: WIND :SUNSHINE: SKY :PK WND
================================================================================
1 2 3 4 5 6A 6B 7 8 9 10 11 12 13 14 15 16 17 18
12Z AVG MX 2MIN
DY MAX MIN AVG DEP HDD CDD WTR SNW DPTH SPD SPD DIR MIN PSBL S-S WX SPD DR
================================================================================
1 98 73 86 12 0 21 0.00 M M 13.1 24 330 M M 0 33 320
2 97 75 86 12 0 21 0.00 M M 11.8 24 320 M M 0 32 320
3 94 70 82 8 0 17 0.00 M M 14.4 28 320 M M 0 36 320
4 84 63 74 0 0 9 0.00 M M 12.1 23 320 M M 0 32 310
5 82 66 74 -1 0 9 0.00 M M 10.6 23 310 M M 0 30 310
6 82 62 72 -3 0 7 0.00 M M 9.8 20 320 M M 0 26 330
7 81 62 72 -3 0 7 0.00 M M 18.8 43 320 M M 0 8 61 310
8 81 61 71 -4 0 6 0.00 M M 15.1 25 330 M M 0 38 340
9 80 59 70 -6 0 5 0.00 M M 11.8 24 320 M M 0 34 320
10 86 58 72 -4 0 7 0.00 M M 11.5 25 330 M M 0 36 330
11 87 63 75 -1 0 10 0.00 M M 12.4 23 140 M M 0 37 130
12 86 67 77 1 0 12 0.00 M M 9.8 21 150 M M 0 36 170
13 87 69 78 2 0 13 0.00 M M 16.7 35 320 M M 0 43 310
14 94 67 81 5 0 16 0.00 M M 15.2 31 330 M M 0 43 340
15 102 76 89 12 0 24 0.00 M M 11.1 16 140 M M 0 28 160
16 99 81 90 13 0 25 0.00 M M 11.3 17 310 M M 0 30 170
17 92 71 82 5 0 17 0.00 M M 11.4 22 160 M M 0 35 160
18 90 71 81 4 0 16 0.00 M M 9.8 16 170 M M 0 25 170
19 93 73 83 6 0 18 0.00 M M 9.5 15 320 M M 0 33 320
20 95 73 84 7 0 19 0.00 M M 11.6 18 330 M M 0 36 330
21 94 74 84 7 0 19 0.00 M M 12.9 23 330 M M 0 36 320
22 97 78 88 11 0 23 0.00 M M 10.7 18 320 M M 0 27 190
23 91 75 83 6 0 18 0.00 M M 12.1 25 150 M M 0 35 150
24 95 73 84 7 0 19 0.00 M M 10.5 21 330 M M 0 30 130
25 96 73 85 8 0 20 0.00 M M 9.5 18 160 M M 0 28 170
26 95 74 85 8 0 20 0.00 M M 11.7 22 330 M M 0 29 320
27 93 70 82 5 0 17 0.00 M M 15.1 37 330 M M 0 44 340
28 94 70 82 5 0 17 0.00 M M 15.2 28 320 M M 0 36 320
29 92 71 82 5 0 17 0.00 M M 15.0 29 330 M M 0 42 340
30 92 71 82 5 0 17 0.00 M M 16.1 28 320 M M 0 39 340
31 87 72 80 3 0 15 0.00 M M 12.8 29 320 M M 0 37 340
================================================================================
SM 2816 2161 0 481 0.00 M 389.3 M 0
================================================================================
AV 90.8 69.7 12.6 FASTST M M 0 MAX(MPH)
MISC ----> 43 320 61 310
================================================================================
NOTES:
# LAST OF SEVERAL OCCURRENCES
COLUMN 17 PEAK WIND IN M.P.H.
PRELIMINARY LOCAL CLIMATOLOGICAL DATA (WS FORM: F-6) , PAGE 2
STATION: SANDBERG CA
MONTH: JULY
YEAR: 2023
LATITUDE: 34 45 N
LONGITUDE: 118 44 W
[TEMPERATURE DATA] [PRECIPITATION DATA] SYMBOLS USED IN COLUMN 16
AVERAGE MONTHLY: 80.3 TOTAL FOR MONTH: 0.00 1 = FOG OR MIST
DPTR FM NORMAL: 4.0 DPTR FM NORMAL: -0.09 2 = FOG REDUCING VISIBILITY
HIGHEST: 102 ON 15 GRTST 24HR 0.00 ON 1- 1 TO 1/4 MILE OR LESS
LOWEST: 58 ON 10 3 = THUNDER
SNOW, ICE PELLETS, HAIL 4 = ICE PELLETS
TOTAL MONTH: M 5 = HAIL
GRTST 24HR M ON M 6 = FREEZING RAIN OR DRIZZLE
GRTST DEPTH: M ON M 7 = DUSTSTORM OR SANDSTORM:
VSBY 1/2 MILE OR LESS
8 = SMOKE OR HAZE
[NO. OF DAYS WITH] [WEATHER - DAYS WITH] 9 = BLOWING SNOW
X = TORNADO
MAX 32 OR BELOW: 0 0.01 INCH OR MORE: 0
MAX 90 OR ABOVE: 20 0.10 INCH OR MORE: 0
MIN 32 OR BELOW: 0 0.50 INCH OR MORE: 0
MIN 0 OR BELOW: 0 1.00 INCH OR MORE: 0
[HDD (BASE 65) ]
TOTAL THIS MO. 0 CLEAR (SCALE 0-3) 31
DPTR FM NORMAL -4 PTCLDY (SCALE 4-7) 0
TOTAL FM JUL 1 0 CLOUDY (SCALE 8-10) 0
DPTR FM NORMAL 0
[CDD (BASE 65) ]
TOTAL THIS MO. 481
DPTR FM NORMAL 128 [PRESSURE DATA]
TOTAL FM JAN 1 636 HIGHEST SLP 30.05 ON 24
DPTR FM NORMAL 40 LOWEST SLP 25.49 ON 16
[REMARKS]
#FINAL-07-23#